000
CXUS54 KLZK 011130
CF6BVX
PRELIMINARY LOCAL CLIMATOLOGICAL DATA (WS FORM: F-6)
STATION: Batesville Regional Airport
MONTH: MARCH
YEAR: 2020
LATITUDE: 35 43 N
LONGITUDE: 91 39 W
TEMPERATURE IN F: :PCPN: SNOW: WIND :SUNSHINE: SKY :PK WND
================================================================================
1 2 3 4 5 6A 6B 7 8 9 10 11 12 13 14 15 16 17 18
12Z AVG MX 2MIN
DY MAX MIN AVG DEP HDD CDD WTR SNW DPTH SPD SPD DIR MIN PSBL S-S WX SPD DR
================================================================================
1 66 44 55 10 10 0 M M M 7.6 17 190 M M 6 24 190
2 73 52 63 18 2 0 0.02 M M 7.1 14 200 M M 5 22 210
3 68 50 59 13 6 0 0.00 M M 5.0 9 310 M M 1 16 300
4 60 46 53 7 12 0 0.00 M M 3.0 7 20 M M 0 M M
5 71 43 57 11 8 0 0.00 M M 6.3 14 310 M M 0 23 310
6 60 37 49 2 16 0 0.00 M M 6.1 12 310 M M 0 21 310
7 59 29 44 -3 21 0 0.00 M M 4.8 12 100 M M 0 M M
8 68 39 54 7 11 0 0.00 M M 8.1 16 170 M M 0 23 210
9 63 57 60 12 5 0 0.29 M M 9.5 18 180 M M 8 18 28 170
10 63 46 55 7 10 0 0.00 M M 6.7 10 320 M M 5 8 20 320
11 63 45 54 6 11 0 0.33 M M 4.3 6 130 M M 6 13 M M
12 78 53 66 18 0 1 0.09 M M 7.8 20 230 M M 7 13 36 220
13 M M M M M M 0.08 M M 7.2 14 50 M M 6 21 50
14 45 42 44 -5 21 0 0.39 M M 5.7 9 10 M M 10 13 M M
15 44 39 42 -7 23 0 T M M 7.9 10 70 M M 10 1 M M
16 46 38 42 -8 23 0 0.35 M M 2.9 9 80 M M 10 1 M M
17 52 46 49 -1 16 0 0.30 M M 3.6 8 80 M M 10 1 M M
18 68 49 59 9 6 0 0.24 M M 4.0 9 200 M M 8 13 M M
19 75 64 70 19 0 5 0.08 M M 10.1 15 190 M M 7 13 25 190
20 67 43 55 4 10 0 0.00 M M 7.0 12 320 M M 6 20 330
21 54 39 47 -4 18 0 0.00 M M 6.8 10 100 M M 5 M M
22 46 40 43 -9 22 0 0.39 M M 5.5 12 80 M M 8 13 M M
23 61 45 53 1 12 0 0.07 M M 3.8 9 100 M M 7 1 M M
24 60 49 55 3 10 0 0.57 M M 5.0 10 330 M M 10 13 M M
25 58 48 53 1 12 0 0.00 M M 5.1 10 100 M M 7 1 M M
26 87 48 68 15 0 3 0.00 M M 8.7 16 230 M M 1 1 23 210
27 81 69 75 22 0 10 0.00 M M 7.6 14 180 M M 1 23 220
28 77 57 67 14 0 2 1.00 M M 8.2 13 220 M M 6 138 22 220
29 73 50 62 8 3 0 0.00 M M 8.3 13 270 M M 0 21 260
30 65 51 58 4 7 0 0.44 M M 2.6 7 110 M M 2 M M
31 67 48 58 4 7 0 0.66 M M 5.6 12 290 M M 6 1 18 290
================================================================================
SM 1918 1406 302 21 5.30 M 191.9 M 158
================================================================================
AV 63.9 46.9 6.2 FASTST M M 5 MAX(MPH)
MISC ----> # 20 230 # 36 220
================================================================================
NOTES:
# LAST OF SEVERAL OCCURRENCES
COLUMN 17 PEAK WIND IN M.P.H.
PRELIMINARY LOCAL CLIMATOLOGICAL DATA (WS FORM: F-6) , PAGE 2
STATION: Batesville Regional Airport
MONTH: MARCH
YEAR: 2020
LATITUDE: 35 43 N
LONGITUDE: 91 39 W
[TEMPERATURE DATA] [PRECIPITATION DATA] SYMBOLS USED IN COLUMN 16
AVERAGE MONTHLY: 55.4 TOTAL FOR MONTH: 5.30 1 = FOG OR MIST
DPTR FM NORMAL: 5.7 DPTR FM NORMAL: 1.05 2 = FOG REDUCING VISIBILITY
HIGHEST: 87 ON 26 GRTST 24HR 1.00 ON 28-28 TO 1/4 MILE OR LESS
LOWEST: 29 ON 7 3 = THUNDER
SNOW, ICE PELLETS, HAIL 4 = ICE PELLETS
TOTAL MONTH: M 5 = HAIL
GRTST 24HR M ON M 6 = FREEZING RAIN OR DRIZZLE
GRTST DEPTH: M ON M 7 = DUSTSTORM OR SANDSTORM:
VSBY 1/2 MILE OR LESS
8 = SMOKE OR HAZE
[NO. OF DAYS WITH] [WEATHER - DAYS WITH] 9 = BLOWING SNOW
X = TORNADO
MAX 32 OR BELOW: 0 0.01 INCH OR MORE: 16
MAX 90 OR ABOVE: 0 0.10 INCH OR MORE: 11
MIN 32 OR BELOW: 1 0.50 INCH OR MORE: 3
MIN 0 OR BELOW: 0 1.00 INCH OR MORE: 1
[HDD (BASE 65) ]
TOTAL THIS MO. 302 CLEAR (SCALE 0-3) 10
DPTR FM NORMAL -178 PTCLDY (SCALE 4-7) 15
TOTAL FM JUL 1 2394 CLOUDY (SCALE 8-10) 6
DPTR FM NORMAL -1133
[CDD (BASE 65) ]
TOTAL THIS MO. 21
DPTR FM NORMAL 16 [PRESSURE DATA]
TOTAL FM JAN 1 21 HIGHEST SLP 30.58 ON 7
DPTR FM NORMAL 16 LOWEST SLP 29.65 ON 12
[REMARKS]
#FINAL-03-20#