000
CXUS54 KLZK 221230
CF6BVX
PRELIMINARY LOCAL CLIMATOLOGICAL DATA (WS FORM: F-6)
STATION: BATESVILLE REGIONAL AIRPORT
MONTH: APRIL
YEAR: 2024
LATITUDE: 35 43 N
LONGITUDE: 91 39 W
TEMPERATURE IN F: :PCPN: SNOW: WIND :SUNSHINE: SKY :PK WND
================================================================================
1 2 3 4 5 6A 6B 7 8 9 10 11 12 13 14 15 16 17 18
12Z AVG MX 2MIN
DY MAX MIN AVG DEP HDD CDD WTR SNW DPTH SPD SPD DIR MIN PSBL S-S WX SPD DR
================================================================================
1 74 69 72 18 0 7 0.00 M M 7.6 12 210 M M 9 22 200
2 78 45 62 7 3 0 0.00 M M 11.9 21 250 M M 6 30 260
3 57 42 50 -5 15 0 0.00 M M 9.9 18 300 M M 3 8 32 270
4 66 40 53 -2 12 0 0.00 M M 7.4 14 300 M M 0 23 300
5 68 36 52 -4 13 0 0.00 M M 3.5 8 90 M M 0 M M
6 69 44 57 1 8 0 0.00 M M 9.4 16 110 M M 0 22 120
7 80 56 68 12 0 3 T M M 9.3 20 230 M M 6 32 230
8 82 42 62 5 3 0 0.00 M M 4.7 10 210 M M 1 8 17 160
9 68 60 64 7 1 0 T M M 6.8 16 200 M M 8 18 21 200
10 70 54 62 5 3 0 0.70 M M 4.1 13 50 M M 9 18 21 340
11 70 51 61 3 4 0 0.26 M M 9.6 17 280 M M 3 1 32 300
12 75 44 60 2 5 0 0.00 M M 6.3 16 290 M M 0 23 290
13 85 45 65 7 0 0 0.00 M M 6.6 21 230 M M 0 27 230
14 82 61 72 14 0 7 0.00 M M 9.0 16 210 M M 0 23 210
15 82 62 72 13 0 7 0.01 M M 6.1 13 190 M M 3 17 190
16 78 68 73 14 0 8 0.62 M M 8.5 16 200 M M 7 13 30 210
17 84 68 76 17 0 11 0.00 M M 6.6 12 230 M M 0 17 220
18 79 60 70 10 0 5 0.44 M M 8.3 18 260 M M 7 13 37 270
19 63 54 59 -1 6 0 T M M 5.3 10 30 M M 10 21 99
20 60 47 54 -6 11 0 0.10 M M 4.7 10 50 M M 7 M M
21 65 44 55 -6 10 0 0.00 M M 5.2 9 330 M M 3 M M
================================================================================
SM 1535 1092 94 48 2.13 M 150.8 M 82
================================================================================
AV 73.1 52.0 7.2 FASTST M M 4 MAX(MPH)
MISC ----> # 21 250 37 270
================================================================================
NOTES:
# LAST OF SEVERAL OCCURRENCES
COLUMN 17 PEAK WIND IN M.P.H.
PRELIMINARY LOCAL CLIMATOLOGICAL DATA (WS FORM: F-6) , PAGE 2
STATION: BATESVILLE REGIONAL AIRPORT
MONTH: APRIL
YEAR: 2024
LATITUDE: 35 43 N
LONGITUDE: 91 39 W
[TEMPERATURE DATA] [PRECIPITATION DATA] SYMBOLS USED IN COLUMN 16
AVERAGE MONTHLY: 62.5 TOTAL FOR MONTH: 2.13 1 = FOG OR MIST
DPTR FM NORMAL: 5.0 DPTR FM NORMAL: -0.99 2 = FOG REDUCING VISIBILITY
HIGHEST: 85 ON 13 GRTST 24HR 0.96 ON 10-11 TO 1/4 MILE OR LESS
LOWEST: 36 ON 5 3 = THUNDER
SNOW, ICE PELLETS, HAIL 4 = ICE PELLETS
TOTAL MONTH: M 5 = HAIL
GRTST 24HR M ON M 6 = FREEZING RAIN OR DRIZZLE
GRTST DEPTH: M ON M 7 = DUSTSTORM OR SANDSTORM:
VSBY 1/2 MILE OR LESS
8 = SMOKE OR HAZE
[NO. OF DAYS WITH] [WEATHER - DAYS WITH] 9 = BLOWING SNOW
X = TORNADO
MAX 32 OR BELOW: 0 0.01 INCH OR MORE: 6
MAX 90 OR ABOVE: 0 0.10 INCH OR MORE: 5
MIN 32 OR BELOW: 0 0.50 INCH OR MORE: 2
MIN 0 OR BELOW: 0 1.00 INCH OR MORE: 0
[HDD (BASE 65) ]
TOTAL THIS MO. 94 CLEAR (SCALE 0-3) 11
DPTR FM NORMAL -81 PTCLDY (SCALE 4-7) 6
TOTAL FM JUL 1 2698 CLOUDY (SCALE 8-10) 4
DPTR FM NORMAL -1004
[CDD (BASE 65) ]
TOTAL THIS MO. 48
DPTR FM NORMAL 28 [PRESSURE DATA]
TOTAL FM JAN 1 76 HIGHEST SLP M ON M
DPTR FM NORMAL 51 LOWEST SLP M ON M
[REMARKS]