000
CXUS55 KRIW 012139
CLMBYG
CLIMATE REPORT
NATIONAL WEATHER SERVICE RIVERTON WY
239 PM MST FRI DEC 01 2023
...................................
...THE BUFFALO WY CLIMATE SUMMARY FOR THE MONTH OF NOVEMBER 2023...
CLIMATE NORMAL PERIOD: 1991 TO 2020
CLIMATE RECORD PERIOD: 1998 TO 2023
WEATHER OBSERVED NORMAL DEPART LAST YEAR`S
VALUE DATE(S) VALUE FROM VALUE
NORMAL
..............................................................
TEMPERATURE (F)
RECORD
HIGH 80 11/07/1999
LOW -13 11/13/2014
11/24/2010
01/01/2000
HIGHEST 66 11/05
LOWEST 5 11/24
AVG. MAXIMUM 49.7 45.3 4.4
AVG. MINIMUM 27.3 24.7 2.6
MEAN 38.5 35.0 3.5
DAYS MAX >= 90 0
DAYS MAX <= 32 3
DAYS MIN <= 32 18
DAYS MIN <= 0 0
PRECIPITATION (INCHES)
RECORD
MAXIMUM 0.75 2012
MINIMUM T 2020
TOTALS 0.07 0.36 -0.29 0.08
DAILY AVG. 0.00 0.01 -0.01
DAYS >= .01 3
DAYS >= .10 0
DAYS >= .50 0
DAYS >= 1.00 0
GREATEST
24 HR. TOTAL 0.05 11/22 TO 11/23
STORM TOTAL 0.05
SNOWFALL (INCHES)
TOTALS MM MM MM
SINCE 7/1 MM MM MM
SNOWDEPTH AVG. MM
DAYS >= 1.0 MM
DEGREE DAYS
HEATING TOTAL 786 900 -114
SINCE 7/1 1501 1756 -255
COOLING TOTAL 0 0 0
SINCE 1/1 403 528 -125
..............................................................
WIND (MPH)
AVERAGE WIND SPEED 7.6
RESULTANT WIND SPEED/DIRECTION 2/290
HIGHEST WIND SPEED/DIRECTION 36/320 DATE 11/25
HIGHEST GUST SPEED/DIRECTION 52/340 DATE 11/16
SKY COVER
POSSIBLE SUNSHINE (PERCENT) MM
AVERAGE SKY COVER 0.20
NUMBER OF DAYS FAIR 23
NUMBER OF DAYS PC 5
NUMBER OF DAYS CLOUDY 2
AVERAGE RH (PERCENT) 54
WEATHER CONDITIONS. NUMBER OF DAYS WITH
THUNDERSTORM 0 MIXED PRECIP 0
HEAVY RAIN 0 RAIN 0
LIGHT RAIN 5 FREEZING RAIN 0
LT FREEZING RAIN 0 HAIL 0
HEAVY SNOW 0 SNOW 1
LIGHT SNOW 8 SLEET 0
FOG 7 FOG W/VIS <= 1/4 MILE 3
HAZE 2
- INDICATES NEGATIVE NUMBERS.
R INDICATES RECORD WAS SET OR TIED.
MM INDICATES DATA IS MISSING.
T INDICATES TRACE AMOUNT.
$$