000
CXUS52 KCAE 011400
CF6CAE
PRELIMINARY LOCAL CLIMATOLOGICAL DATA (WS FORM: F-6)
STATION: COLUMBIA METRO AIRPORT SC
MONTH: OCTOBER
YEAR: 2021
LATITUDE: 33 57 N
LONGITUDE: 81 7 W
TEMPERATURE IN F: :PCPN: SNOW: WIND :SUNSHINE: SKY :PK WND
================================================================================
1 2 3 4 5 6A 6B 7 8 9 10 11 12 13 14 15 16 17 18
12Z AVG MX 2MIN
DY MAX MIN AVG DEP HDD CDD WTR SNW DPTH SPD SPD DIR MIN PSBL S-S WX SPD DR
================================================================================
1 83 69 76 5 0 11 0.00 0.0 0 5.8 15 110 M M 6 1 18 120
2 87 61 74 4 0 9 0.00 0.0 0 2.7 10 110 M M 2 15 120
3 85 62 74 4 0 9 0.00 0.0 0 3.3 10 140 M M 5 1 13 180
4 85 68 77 8 0 12 T 0.0 0 3.2 14 200 M M 7 17 200
5 85 68 77 8 0 12 0.29 0.0 0 6.4 14 100 M M 7 1 18 100
6 81 72 77 8 0 12 0.61 0.0 0 5.8 16 110 M M 8 18 23 110
7 77 70 74 6 0 9 T 0.0 0 5.8 12 100 M M 8 18 14 100
8 75 70 73 5 0 8 0.00 0.0 0 5.9 14 100 M M 10 3 17 100
9 82 68 75 8 0 10 T 0.0 0 5.9 14 60 M M 8 3 19 40
10 84 66 75 8 0 10 0.00 0.0 0 5.5 13 20 M M 5 18 360
11 75 63 69 2 0 4 0.00 0.0 0 4.3 10 50 M M 7 1 14 40
12 80 62 71 5 0 6 0.00 0.0 0 2.1 10 20 M M 7 13 20
13 85 57 71 5 0 6 0.00 0.0 0 1.5 9 80 M M 2 18 11 80
14 87 62 75 10 0 10 0.00 0.0 0 2.3 9 290 M M 3 18 13 290
15 88 63 76 11 0 11 0.00 0.0 0 1.7 9 320 M M 2 1 13 310
16 86 60 73 8 0 8 0.00 0.0 0 8.4 24 260 M M 3 1 29 270
17 70 46 58 -6 7 0 0.00 0.0 0 5.4 14 310 M M 0 21 310
18 75 40 58 -6 7 0 0.00 0.0 0 3.2 10 270 M M 1 1 M M
19 80 45 63 0 2 0 0.00 0.0 0 M M M M M M M M
20 81 47 64 1 1 0 0.00 0.0 0 M 14 260 M M M 2 17 260
21 81 51 66 4 0 1 0.00 0.0 M 5.0 16 220 M M 5 8 22 210
22 82 54 68 6 0 3 0.00 0.0 0 7.9 17 250 M M 4 23 250
23 77 49 63 1 2 0 0.00 0.0 0 4.1 13 60 M M 0 19 100
24 80 47 64 3 1 0 0.00 0.0 0 2.7 9 100 M M 5 13 120
25 80 63 72 11 0 7 0.10 0.0 0 5.8 24 270 M M 7 18 30 270
26 73 55 64 3 1 0 0.00 0.0 0 8.9 18 320 M M 1 24 290
27 70 40 55 -5 10 0 0.00 0.0 0 3.1 10 300 M M 2 1 14 30
28 64 44 54 -6 11 0 0.44 0.0 0 6.1 15 80 M M 7 1 22 70
29 65 51 58 -2 7 0 0.04 0.0 0 7.6 21 240 M M 8 1 28 250
30 64 47 56 -3 9 0 T 0.0 M 7.0 18 250 M M 7 1 23 250
31 73 48 61 2 4 0 0.00 0.0 0 5.5 15 290 M M 3 19 300
================================================================================
SM 2440 1768 62 158 1.48 0.0 142.9 M 140
================================================================================
AV 78.7 57.0 4.9 FASTST M M 5 MAX(MPH)
MISC ----> # 24 260 30 270
================================================================================
NOTES:
# LAST OF SEVERAL OCCURRENCES
COLUMN 17 PEAK WIND IN M.P.H.
PRELIMINARY LOCAL CLIMATOLOGICAL DATA (WS FORM: F-6) , PAGE 2
STATION: COLUMBIA METRO AIRPORT SC
MONTH: OCTOBER
YEAR: 2021
LATITUDE: 33 57 N
LONGITUDE: 81 7 W
[TEMPERATURE DATA] [PRECIPITATION DATA] SYMBOLS USED IN COLUMN 16
AVERAGE MONTHLY: 67.9 TOTAL FOR MONTH: 1.48 1 = FOG OR MIST
DPTR FM NORMAL: 3.3 DPTR FM NORMAL: -1.65 2 = FOG REDUCING VISIBILITY
HIGHEST: 88 ON 15 GRTST 24HR 0.61 ON 6- 6 TO 1/4 MILE OR LESS
LOWEST: 40 ON 27,18 3 = THUNDER
SNOW, ICE PELLETS, HAIL 4 = ICE PELLETS
TOTAL MONTH: 0.0 INCH 5 = HAIL
GRTST 24HR 0.0 6 = FREEZING RAIN OR DRIZZLE
GRTST DEPTH: 0 7 = DUSTSTORM OR SANDSTORM:
VSBY 1/2 MILE OR LESS
8 = SMOKE OR HAZE
[NO. OF DAYS WITH] [WEATHER - DAYS WITH] 9 = BLOWING SNOW
X = TORNADO
MAX 32 OR BELOW: 0 0.01 INCH OR MORE: 5
MAX 90 OR ABOVE: 0 0.10 INCH OR MORE: 4
MIN 32 OR BELOW: 0 0.50 INCH OR MORE: 1
MIN 0 OR BELOW: 0 1.00 INCH OR MORE: 0
[HDD (BASE 65) ]
TOTAL THIS MO. 62 CLEAR (SCALE 0-3) 10
DPTR FM NORMAL -42 PTCLDY (SCALE 4-7) 18
TOTAL FM JUL 1 62 CLOUDY (SCALE 8-10) 3
DPTR FM NORMAL -48
[CDD (BASE 65) ]
TOTAL THIS MO. 158
DPTR FM NORMAL 66 [PRESSURE DATA]
TOTAL FM JAN 1 2190 HIGHEST SLP 30.20 ON 21
DPTR FM NORMAL -30 LOWEST SLP 29.48 ON 29
[REMARKS]
#FINAL-10-21#