000
CXUS55 KGJT 010910
CF6CAG
PRELIMINARY LOCAL CLIMATOLOGICAL DATA (WS FORM: F-6)
STATION: CRAIG CO
MONTH: MAY
YEAR: 2022
LATITUDE: 40 30 N
LONGITUDE: 107 32 W
TEMPERATURE IN F: :PCPN: SNOW: WIND :SUNSHINE: SKY :PK WND
================================================================================
1 2 3 4 5 6A 6B 7 8 9 10 11 12 13 14 15 16 17 18
12Z AVG MX 2MIN
DY MAX MIN AVG DEP HDD CDD WTR SNW DPTH SPD SPD DIR MIN PSBL S-S WX SPD DR
================================================================================
1 67 30 49 2 16 0 0.01 M M 6.5 28 190 M M 5 49 190
2 57 37 47 0 18 0 0.19 M M 9.6 17 110 M M 7 1 23 100
3 58 33 46 -1 19 0 0.24 M M 8.1 28 280 M M 6 128 35 280
4 49 32 41 -7 24 0 0.16 M M 6.2 13 240 M M 10 1 17 210
5 67 34 51 3 14 0 T M M 4.3 18 270 M M 4 25 280
6 75 41 58 10 7 0 0.00 M M 8.9 29 260 M M 0 41 260
7 68 41 55 6 10 0 0.05 M M 6.7 26 240 M M 4 46 250
8 62 37 50 1 15 0 T M M 8.3 38 350 M M 7 53 340
9 55 32 44 -5 21 0 0.04 M M 10.1 25 270 M M 6 1 34 290
10 68 23 46 -4 19 0 0.00 M M 7.8 33 230 M M 0 45 240
11 76 31 54 4 11 0 0.00 M M 11.5 38 210 M M 0 51 230
12 62 30 46 -4 19 0 T M M 16.0 38 210 M M 4 54 210
13 66 22 44 -7 21 0 0.00 M M 9.1 30 270 M M 0 41 280
14 74 26 50 -1 15 0 0.00 M M 7.8 26 270 M M 0 34 270
15 77 34 56 4 9 0 0.00 M M 3.4 14 290 M M 0 19 290
16 83 35 59 7 6 0 0.00 M M 5.8 23 250 M M 0 33 250
17 77 35 56 4 9 0 T M M 7.3 33 350 M M 3 43 340
18 75 36 56 3 9 0 0.00 M M 5.0 17 280 M M 1 23 280
19 78 36 57 4 8 0 T M M 13.9 39 240 M M 3 55 230
20 45 28 37 -16 28 0 0.39 M M 4.1 17 320 M M 8 12 23 320
21 56 22 39 -15 26 0 0.00 M M 3.1 16 70 M M 1 20 80
22 62 26 44 -10 21 0 0.00 M M 8.1 20 350 M M 3 29 10
23 56 32 44 -10 21 0 0.05 M M 6.4 17 350 M M 6 1 24 360
24 58 31 45 -9 20 0 0.03 M M 5.9 31 300 M M 3 3 42 310
25 68 25 47 -8 18 0 0.00 M M 3.3 14 290 M M 0 20 230
26 79 30 55 0 10 0 0.00 M M 3.5 15 270 M M 0 22 330
27 83 38 61 6 4 0 0.00 M M 8.5 25 280 M M 1 35 270
28 78 44 61 5 4 0 0.08 M M 11.1 38 230 M M 3 58 240
29 52 39 46 -10 19 0 0.65 M M 8.7 24 160 M M 8 1 31 160
30 57 36 47 -9 18 0 0.09 M M 6.9 23 200 M M 7 3 29 200
31 59 29 44 -13 21 0 T M M 3.9 29 10 M M 3 41 350
================================================================================
SM 2047 1005 480 0 1.98 M 229.8 M 103
================================================================================
AV 66.0 32.4 7.4 FASTST M M 3 MAX(MPH)
MISC ----> 39 240 58 240
================================================================================
NOTES:
# LAST OF SEVERAL OCCURRENCES
COLUMN 17 PEAK WIND IN M.P.H.
PRELIMINARY LOCAL CLIMATOLOGICAL DATA (WS FORM: F-6) , PAGE 2
STATION: CRAIG CO
MONTH: MAY
YEAR: 2022
LATITUDE: 40 30 N
LONGITUDE: 107 32 W
[TEMPERATURE DATA] [PRECIPITATION DATA] SYMBOLS USED IN COLUMN 16
AVERAGE MONTHLY: 49.2 TOTAL FOR MONTH: 1.98 1 = FOG OR MIST
DPTR FM NORMAL: -2.6 DPTR FM NORMAL: 0.35 2 = FOG REDUCING VISIBILITY
HIGHEST: 83 ON 27,16 GRTST 24HR 0.67 ON 28-29 TO 1/4 MILE OR LESS
LOWEST: 22 ON 21,13 3 = THUNDER
SNOW, ICE PELLETS, HAIL 4 = ICE PELLETS
TOTAL MONTH: M 5 = HAIL
GRTST 24HR M ON M 6 = FREEZING RAIN OR DRIZZLE
GRTST DEPTH: M ON M 7 = DUSTSTORM OR SANDSTORM:
VSBY 1/2 MILE OR LESS
8 = SMOKE OR HAZE
[NO. OF DAYS WITH] [WEATHER - DAYS WITH] 9 = BLOWING SNOW
X = TORNADO
MAX 32 OR BELOW: 0 0.01 INCH OR MORE: 12
MAX 90 OR ABOVE: 0 0.10 INCH OR MORE: 5
MIN 32 OR BELOW: 16 0.50 INCH OR MORE: 1
MIN 0 OR BELOW: 0 1.00 INCH OR MORE: 0
[HDD (BASE 65) ]
TOTAL THIS MO. 480 CLEAR (SCALE 0-3) 15
DPTR FM NORMAL 70 PTCLDY (SCALE 4-7) 15
TOTAL FM JUL 1 8234 CLOUDY (SCALE 8-10) 1
DPTR FM NORMAL 142
[CDD (BASE 65) ]
TOTAL THIS MO. 0
DPTR FM NORMAL -1 [PRESSURE DATA]
TOTAL FM JAN 1 0 HIGHEST SLP M ON M
DPTR FM NORMAL -1 LOWEST SLP 29.24 ON 8
[REMARKS]
#FINAL-05-22#