000
CXUS54 KLZK 011130
CF6CCA
PRELIMINARY LOCAL CLIMATOLOGICAL DATA (WS FORM: F-6)
STATION: CLINTON
MONTH: MAY
YEAR: 2022
LATITUDE: 35 32 N
LONGITUDE: 92 22 W
TEMPERATURE IN F: :PCPN: SNOW: WIND :SUNSHINE: SKY :PK WND
================================================================================
1 2 3 4 5 6A 6B 7 8 9 10 11 12 13 14 15 16 17 18
12Z AVG MX 2MIN
DY MAX MIN AVG DEP HDD CDD WTR SNW DPTH SPD SPD DIR MIN PSBL S-S WX SPD DR
================================================================================
1 81 45 63 M 2 0 M M M 1.4 7 99 M M 0 14 99
2 64 50 57 M 8 0 M M M 1.2 7 90 M M 7 13 M M
3 72 57 65 M 0 0 M M M 4.4 12 220 M M 9 21 250
4 63 55 59 M 6 0 M M M 2.2 6 99 M M 10 12 30
5 64 57 61 M 4 0 M M M 2.0 14 290 M M 9 1 22 290
6 73 52 63 M 2 0 M M M 6.2 15 300 M M 6 24 280
7 77 46 62 M 3 0 M M M 2.2 8 360 M M 2 12 12 99
8 77 50 64 M 1 0 M M M 4.4 13 160 M M 6 17 99
9 88 68 78 M 0 13 M M M 4.8 12 170 M M 6 18 170
10 90 64 77 M 0 12 M M M 3.5 9 190 M M 3 1 20 210
11 90 63 77 M 0 12 M M M 2.0 8 150 M M 3 1 13 99
12 91 63 77 M 0 12 M M M 1.4 6 99 M M 3 12 M M
13 93 64 79 M 0 14 M M M 1.7 8 330 M M 3 1 17 0
14 88 64 76 M 0 11 M M M 2.5 10 150 M M 3 3 15 220
15 84 63 74 M 0 9 M M M 1.5 14 340 M M 2 1 28 340
16 81 59 70 M 0 5 M M M 1.1 6 90 M M 3 12 99
17 79 54 67 M 0 2 M M M 1.6 10 150 M M 0 14 160
18 88 61 75 M 0 10 M M M 1.8 7 99 M M 3 1 16 99
19 88 63 76 M 0 11 M M M 5.3 17 210 M M 1 18 25 210
20 86 72 79 M 0 14 M M M 7.5 14 170 M M 5 25 190
21 86 57 72 M 0 7 M M M 4.7 13 360 M M 8 43 360
22 61 55 58 M 7 0 M M M 1.6 6 99 M M 10 17 99
23 70 57 64 M 1 0 M M M 1.2 5 99 M M 10 12 30
24 68 59 64 M 1 0 M M M 2.6 9 110 M M 10 13 14 99
25 79 59 69 M 0 4 M M M 6.4 12 220 M M 7 21 99
26 66 52 59 M 6 0 M M M 4.8 14 240 M M 7 1 21 240
27 81 54 68 M 0 3 M M M 3.5 13 310 M M 2 21 300
28 81 52 67 M 0 2 M M M 2.4 9 140 M M 1 16 160
29 86 57 72 M 0 7 M M M 4.2 10 140 M M 1 18 17 160
30 86 61 74 M 0 9 M M M 5.7 16 160 M M 3 23 210
31 88 63 76 M 0 11 M M M 3.5 10 170 M M 3 12 20 160
================================================================================
SM 2469 1796 41 168 M M 99.2 M 146
================================================================================
AV 79.6 57.9 3.2 FASTST M M 5 MAX(MPH)
MISC ----> 17 210 43 360
================================================================================
NOTES:
# LAST OF SEVERAL OCCURRENCES
COLUMN 17 PEAK WIND IN M.P.H.
PRELIMINARY LOCAL CLIMATOLOGICAL DATA (WS FORM: F-6) , PAGE 2
STATION: CLINTON
MONTH: MAY
YEAR: 2022
LATITUDE: 35 32 N
LONGITUDE: 92 22 W
[TEMPERATURE DATA] [PRECIPITATION DATA] SYMBOLS USED IN COLUMN 16
AVERAGE MONTHLY: 68.8 TOTAL FOR MONTH: M 1 = FOG OR MIST
DPTR FM NORMAL: 0.0 DPTR FM NORMAL: M 2 = FOG REDUCING VISIBILITY
HIGHEST: 93 ON 13 GRTST 24HR M ON M TO 1/4 MILE OR LESS
LOWEST: 45 ON 1 3 = THUNDER
SNOW, ICE PELLETS, HAIL 4 = ICE PELLETS
TOTAL MONTH: M 5 = HAIL
GRTST 24HR M ON M 6 = FREEZING RAIN OR DRIZZLE
GRTST DEPTH: M ON M 7 = DUSTSTORM OR SANDSTORM:
VSBY 1/2 MILE OR LESS
8 = SMOKE OR HAZE
[NO. OF DAYS WITH] [WEATHER - DAYS WITH] 9 = BLOWING SNOW
X = TORNADO
MAX 32 OR BELOW: 0 0.01 INCH OR MORE: 0
MAX 90 OR ABOVE: 4 0.10 INCH OR MORE: 0
MIN 32 OR BELOW: 0 0.50 INCH OR MORE: 0
MIN 0 OR BELOW: 0 1.00 INCH OR MORE: 0
[HDD (BASE 65) ]
TOTAL THIS MO. 41 CLEAR (SCALE 0-3) 13
DPTR FM NORMAL M PTCLDY (SCALE 4-7) 11
TOTAL FM JUL 1 3458 CLOUDY (SCALE 8-10) 7
DPTR FM NORMAL M
[CDD (BASE 65) ]
TOTAL THIS MO. 168
DPTR FM NORMAL M [PRESSURE DATA]
TOTAL FM JAN 1 199 HIGHEST SLP M ON M
DPTR FM NORMAL M LOWEST SLP M ON M
[REMARKS]
#FINAL-05-22#