000
CXUS55 KBOU 011000
CF6CCU
PRELIMINARY LOCAL CLIMATOLOGICAL DATA (WS FORM: F-6)
STATION: COPPER MTN/RED CLIFF
MONTH: DECEMBER
YEAR: 2023
LATITUDE: 39 28 N
LONGITUDE: 106 9 W
TEMPERATURE IN F: :PCPN: SNOW: WIND :SUNSHINE: SKY :PK WND
================================================================================
1 2 3 4 5 6A 6B 7 8 9 10 11 12 13 14 15 16 17 18
12Z AVG MX 2MIN
DY MAX MIN AVG DEP HDD CDD WTR SNW DPTH SPD SPD DIR MIN PSBL S-S WX SPD DR
================================================================================
1 19 12 16 M 49 0 M M M 7.8 14 280 M M 10 8 20 270
2 14 9 12 M 53 0 M M M 22.3 33 270 M M 10 8 55 270
3 23 14 19 M 46 0 M M M 28.3 48 M M M 10 63 280
4 28 23 26 M 39 0 M M M 16.8 31 270 M M 10 8 41 270
5 36 23 30 M 35 0 M M M 10.5 17 280 M M 2 12 24 270
6 41 34 38 M 27 0 M M M 8.5 15 230 M M 0 23 170
7 34 23 29 M 36 0 M M M 19.9 31 250 M M 6 8 43 250
8 23 9 16 M 49 0 M M M 13.5 23 280 M M 8 8 32 230
9 10 5 8 M 57 0 M M M 11.6 24 270 M M 5 35 270
10 25 5 15 M 50 0 M M M 16.1 33 270 M M 8 8 43 270
11 30 21 26 M 39 0 M M M 10.2 28 260 M M 8 18 37 260
12 34 25 30 M 35 0 M M M 12.6 22 170 M M 5 25 170
13 34 25 30 M 35 0 M M M 5.8 17 160 M M 7 17 110
14 28 21 25 M 40 0 M M M 12.7 23 160 M M 5 24 290
15 27 18 23 M 42 0 M M M 11.0 17 270 M M 3 22 260
16 34 23 29 M 36 0 M M M 9.6 18 270 M M 0 28 260
17 34 23 29 M 36 0 M M M 8.9 18 270 M M 0 23 270
18 37 28 33 M 32 0 M M M 8.6 16 240 M M 1 27 240
19 36 28 32 M 33 0 M M M 8.3 14 170 M M 5 23 170
20 36 27 32 M 33 0 M M M 4.6 13 160 M M 6 M M
21 28 23 26 M 39 0 M M M 7.6 15 280 M M 7 8 16 290
22 34 25 30 M 35 0 M M M 7.9 20 170 M M 1 24 170
23 32 21 27 M 38 0 M M M 7.3 20 160 M M 9 2 24 160
24 21 1 11 M 54 0 M M M 10.1 20 290 M M 10 8 24 270
25 5 -2 2 M 63 0 M M M 13.4 22 280 M M 9 8 30 290
26 12 1 7 M 58 0 M M M 12.0 21 280 M M 10 8 25 280
27 21 10 16 M 49 0 M M M 7.2 12 280 M M 3 M M
28 28 14 21 M 44 0 M M M 5.7 13 260 M M 0 10 270
29 32 21 27 M 38 0 M M M 7.0 15 260 M M 0 17 270
30 34 21 28 M 37 0 M M M 5.8 17 260 M M 1 21 260
31 30 23 27 M 38 0 M M M 4.0 12 290 M M 5 M M
================================================================================
SM 860 554 1295 0 M M 335.6 M 164
================================================================================
AV 27.7 17.9 10.8 FASTST M M 5 MAX(MPH)
MISC ----> 48 9999 63 280
================================================================================
NOTES:
# LAST OF SEVERAL OCCURRENCES
COLUMN 17 PEAK WIND IN M.P.H.
PRELIMINARY LOCAL CLIMATOLOGICAL DATA (WS FORM: F-6) , PAGE 2
STATION: COPPER MTN/RED CLIFF
MONTH: DECEMBER
YEAR: 2023
LATITUDE: 39 28 N
LONGITUDE: 106 9 W
[TEMPERATURE DATA] [PRECIPITATION DATA] SYMBOLS USED IN COLUMN 16
AVERAGE MONTHLY: 22.8 TOTAL FOR MONTH: M 1 = FOG OR MIST
DPTR FM NORMAL: 0.0 DPTR FM NORMAL: M 2 = FOG REDUCING VISIBILITY
HIGHEST: 41 ON 6 GRTST 24HR M ON M TO 1/4 MILE OR LESS
LOWEST: -2 ON 25 3 = THUNDER
SNOW, ICE PELLETS, HAIL 4 = ICE PELLETS
TOTAL MONTH: M 5 = HAIL
GRTST 24HR M ON M 6 = FREEZING RAIN OR DRIZZLE
GRTST DEPTH: M ON M 7 = DUSTSTORM OR SANDSTORM:
VSBY 1/2 MILE OR LESS
8 = SMOKE OR HAZE
[NO. OF DAYS WITH] [WEATHER - DAYS WITH] 9 = BLOWING SNOW
X = TORNADO
MAX 32 OR BELOW: 19 0.01 INCH OR MORE: 0
MAX 90 OR ABOVE: 0 0.10 INCH OR MORE: 0
MIN 32 OR BELOW: 30 0.50 INCH OR MORE: 0
MIN 0 OR BELOW: 1 1.00 INCH OR MORE: 0
[HDD (BASE 65) ]
TOTAL THIS MO. 1295 CLEAR (SCALE 0-3) 11
DPTR FM NORMAL M PTCLDY (SCALE 4-7) 9
TOTAL FM JUL 1 4026 CLOUDY (SCALE 8-10) 11
DPTR FM NORMAL M
[CDD (BASE 65) ]
TOTAL THIS MO. 0
DPTR FM NORMAL M [PRESSURE DATA]
TOTAL FM JAN 1 0 HIGHEST SLP M ON M
DPTR FM NORMAL M LOWEST SLP M ON M
[REMARKS]
#FINAL-12-23#