000
CXUS54 KLUB 010730
CF6CDS
PRELIMINARY LOCAL CLIMATOLOGICAL DATA (WS FORM: F-6)
STATION: CHILDRESS
MONTH: AUGUST
YEAR: 2022
LATITUDE: 34 25 N
LONGITUDE: 100 17 W
TEMPERATURE IN F: :PCPN: SNOW: WIND :SUNSHINE: SKY :PK WND
================================================================================
1 2 3 4 5 6A 6B 7 8 9 10 11 12 13 14 15 16 17 18
12Z AVG MX 2MIN
DY MAX MIN AVG DEP HDD CDD WTR SNW DPTH SPD SPD DIR MIN PSBL S-S WX SPD DR
================================================================================
1 96 80 88 4 0 23 T 0.0 0 8.4 17 160 M M 1 23 190
2 103 80 92 8 0 27 0.00 0.0 0 12.5 22 200 M M 0 33 200
3 105 77 91 7 0 26 0.00 0.0 0 11.5 24 210 M M 0 31 200
4 107 77 92 8 0 27 0.46 0.0 0 8.0 26 140 M M 1 3 45 50
5 103 74 89 5 0 24 0.00 0.0 0 7.2 17 140 M M 1 24 140
6 102 76 89 5 0 24 0.00 0.0 0 11.7 20 200 M M 1 26 200
7 100 76 88 4 0 23 0.00 0.0 0 10.4 21 140 M M 1 26 130
8 96 78 87 3 0 22 0.00 0.0 0 7.8 20 250 M M 1 25 250
9 98 74 86 2 0 21 0.01 0.0 0 5.0 20 60 M M 4 3 27 60
10 96 75 86 3 0 21 0.54 0.0 0 6.4 36 30 M M 3 3 57 40
11 96 73 85 2 0 20 0.00 0.0 0 4.9 12 50 M M 0 16 80
12 97 70 84 1 0 19 0.00 0.0 0 5.7 14 130 M M 0 21 140
13 98 73 86 3 0 21 0.00 0.0 0 6.3 14 140 M M 1 19 160
14 99 74 87 4 0 22 0.00 0.0 0 8.9 15 200 M M 1 22 180
15 99 75 87 4 0 22 0.00 0.0 0 10.2 21 160 M M 0 30 180
16 96 74 85 3 0 20 0.00 0.0 0 8.0 16 300 M M 0 22 310
17 95 73 84 2 0 19 0.00 0.0 0 10.1 23 60 M M 1 31 70
18 91 67 79 -3 0 14 0.33 0.0 0 7.0 15 340 M M 3 13 22 360
19 93 67 80 -2 0 15 0.00 0.0 0 6.6 13 140 M M 0 19 210
20 89 70 80 -2 0 15 0.29 0.0 0 7.8 37 200 M M 3 18 48 200
21 73 67 70 -12 0 5 2.05 0.0 M 9.4 16 140 M M 10 1 22 90
22 82 68 75 -6 0 10 0.10 0.0 0 7.0 15 50 M M 9 1 22 50
23 87 65 76 -5 0 11 0.00 0.0 0 6.4 13 60 M M 1 18 60
24 87 67 77 -4 0 12 0.00 0.0 0 3.7 9 130 M M 0 13 90
25 92 69 81 0 0 16 0.00 0.0 0 3.7 9 130 M M 1 13 110
26 91 68 80 0 0 15 0.00 0.0 0 5.8 14 140 M M 1 22 170
27 95 72 84 4 0 19 0.00 0.0 0 10.4 18 200 M M 1 27 200
28 99 73 86 6 0 21 T 0.0 0 12.6 22 190 M M 2 3 40 230
29 96 69 83 3 0 18 0.08 0.0 0 9.0 31 310 M M 1 3 37 310
30 91 69 80 0 0 15 0.04 0.0 0 6.9 23 100 M M 2 13 37 90
31 86 70 78 -1 0 13 T 0.0 0 6.9 21 140 M M 3 3 29 110
================================================================================
SM 2938 2240 0 580 3.90 0.0 246.2 M 53
================================================================================
AV 94.8 72.3 7.9 FASTST M M 2 MAX(MPH)
MISC ----> 37 200 57 40
================================================================================
NOTES:
# LAST OF SEVERAL OCCURRENCES
COLUMN 17 PEAK WIND IN M.P.H.
PRELIMINARY LOCAL CLIMATOLOGICAL DATA (WS FORM: F-6) , PAGE 2
STATION: CHILDRESS
MONTH: AUGUST
YEAR: 2022
LATITUDE: 34 25 N
LONGITUDE: 100 17 W
[TEMPERATURE DATA] [PRECIPITATION DATA] SYMBOLS USED IN COLUMN 16
AVERAGE MONTHLY: 83.5 TOTAL FOR MONTH: 3.90 1 = FOG OR MIST
DPTR FM NORMAL: 1.3 DPTR FM NORMAL: 1.10 2 = FOG REDUCING VISIBILITY
HIGHEST: 107 ON 4 GRTST 24HR 2.15 ON 20-21 TO 1/4 MILE OR LESS
LOWEST: 65 ON 23 3 = THUNDER
SNOW, ICE PELLETS, HAIL 4 = ICE PELLETS
TOTAL MONTH: 0.0 INCH 5 = HAIL
GRTST 24HR 0.0 6 = FREEZING RAIN OR DRIZZLE
GRTST DEPTH: 0 7 = DUSTSTORM OR SANDSTORM:
VSBY 1/2 MILE OR LESS
8 = SMOKE OR HAZE
[NO. OF DAYS WITH] [WEATHER - DAYS WITH] 9 = BLOWING SNOW
X = TORNADO
MAX 32 OR BELOW: 0 0.01 INCH OR MORE: 9
MAX 90 OR ABOVE: 25 0.10 INCH OR MORE: 6
MIN 32 OR BELOW: 0 0.50 INCH OR MORE: 2
MIN 0 OR BELOW: 0 1.00 INCH OR MORE: 1
[HDD (BASE 65) ]
TOTAL THIS MO. 0 CLEAR (SCALE 0-3) 26
DPTR FM NORMAL 0 PTCLDY (SCALE 4-7) 3
TOTAL FM JUL 1 0 CLOUDY (SCALE 8-10) 2
DPTR FM NORMAL 0
[CDD (BASE 65) ]
TOTAL THIS MO. 580
DPTR FM NORMAL 47 [PRESSURE DATA]
TOTAL FM JAN 1 2385 HIGHEST SLP M ON M
DPTR FM NORMAL 503 LOWEST SLP 29.62 ON 28
[REMARKS]
#FINAL-08-22#