000
CXUS55 KGJT 011000
CF6CEZ
PRELIMINARY LOCAL CLIMATOLOGICAL DATA (WS FORM: F-6)
STATION: CORTEZ CO
MONTH: MAY
YEAR: 2020
LATITUDE: 37 17 N
LONGITUDE: 108 38 W
TEMPERATURE IN F: :PCPN: SNOW: WIND :SUNSHINE: SKY :PK WND
================================================================================
1 2 3 4 5 6A 6B 7 8 9 10 11 12 13 14 15 16 17 18
12Z AVG MX 2MIN
DY MAX MIN AVG DEP HDD CDD WTR SNW DPTH SPD SPD DIR MIN PSBL S-S WX SPD DR
================================================================================
1 85 37 61 10 4 0 0.00 M M 9.1 23 210 M M 0 8 36 200
2 81 45 63 11 2 0 0.00 M M 11.4 24 220 M M 1 37 240
3 80 43 62 10 3 0 0.00 M M 10.4 23 210 M M 0 32 210
4 75 36 56 4 9 0 0.00 M M 9.0 22 320 M M 0 8 32 280
5 77 31 54 2 11 0 0.00 M M 6.1 18 290 M M 0 8 25 270
6 82 30 56 3 9 0 0.00 M M 6.9 21 200 M M 0 8 29 190
7 80 34 57 4 8 0 0.00 M M 9.1 25 300 M M 0 37 300
8 75 29 52 -1 13 0 0.00 M M 7.7 20 290 M M 0 28 310
9 79 31 55 1 10 0 0.00 M M 7.0 20 340 M M 0 31 320
10 83 32 58 4 7 0 0.00 M M 7.7 30 190 M M 1 8 42 180
11 76 48 62 8 3 0 0.03 M M 6.6 40 200 M M 6 55 200
12 79 40 60 6 5 0 0.00 M M 11.9 26 190 M M 1 36 250
13 76 40 58 3 7 0 0.00 M M 9.2 26 210 M M 0 8 37 260
14 76 42 59 4 6 0 0.00 M M 8.6 21 190 M M 0 8 29 210
15 76 35 56 1 9 0 0.00 M M 6.5 17 210 M M 1 8 26 240
16 80 37 59 3 6 0 0.00 M M 5.2 15 310 M M 0 21 270
17 87 39 63 7 2 0 0.00 M M 6.8 20 210 M M 0 27 210
18 87 42 65 9 0 0 0.00 M M 10.3 28 190 M M 0 40 210
19 85 41 63 7 2 0 0.00 M M 13.5 37 180 M M 0 8 50 170
20 69 36 53 -4 12 0 0.00 M M 7.6 23 210 M M 0 31 200
21 72 29 51 -6 14 0 0.00 M M 6.2 17 280 M M 0 23 280
22 80 28 54 -3 11 0 0.00 M M 9.6 23 220 M M 0 36 200
23 77 44 61 3 4 0 0.00 M M 10.7 25 210 M M 0 34 210
24 70 37 54 -4 11 0 0.00 M M 8.4 20 320 M M 1 33 10
25 75 34 55 -3 10 0 0.00 M M 7.2 21 320 M M 0 34 330
26 83 34 59 1 6 0 0.00 M M 7.4 21 280 M M 0 30 250
27 89 42 66 7 0 1 0.00 M M 6.9 22 10 M M 1 8 34 320
28 91 44 68 9 0 3 T M M 6.7 31 230 M M 1 8 57 220
29 92 52 72 13 0 7 0.00 M M 5.9 25 20 M M 1 35 10
30 91 62 77 17 0 12 T M M 8.6 28 140 M M 2 38 140
31 87 57 72 12 0 7 0.12 M M 7.9 31 220 M M 3 43 220
================================================================================
SM 2495 1211 184 30 0.15 M 256.1 M 19
================================================================================
AV 80.5 39.1 8.3 FASTST M M 1 MAX(MPH)
MISC ----> # 40 200 # 57 220
================================================================================
NOTES:
# LAST OF SEVERAL OCCURRENCES
COLUMN 17 PEAK WIND IN M.P.H.
PRELIMINARY LOCAL CLIMATOLOGICAL DATA (WS FORM: F-6) , PAGE 2
STATION: CORTEZ CO
MONTH: MAY
YEAR: 2020
LATITUDE: 37 17 N
LONGITUDE: 108 38 W
[TEMPERATURE DATA] [PRECIPITATION DATA] SYMBOLS USED IN COLUMN 16
AVERAGE MONTHLY: 59.8 TOTAL FOR MONTH: 0.15 1 = FOG OR MIST
DPTR FM NORMAL: 4.2 DPTR FM NORMAL: -0.77 2 = FOG REDUCING VISIBILITY
HIGHEST: 92 ON 29 GRTST 24HR 0.12 ON 31-31 TO 1/4 MILE OR LESS
LOWEST: 28 ON 22 3 = THUNDER
SNOW, ICE PELLETS, HAIL 4 = ICE PELLETS
TOTAL MONTH: M 5 = HAIL
GRTST 24HR M ON M 6 = FREEZING RAIN OR DRIZZLE
GRTST DEPTH: M ON M 7 = DUSTSTORM OR SANDSTORM:
VSBY 1/2 MILE OR LESS
8 = SMOKE OR HAZE
[NO. OF DAYS WITH] [WEATHER - DAYS WITH] 9 = BLOWING SNOW
X = TORNADO
MAX 32 OR BELOW: 0 0.01 INCH OR MORE: 2
MAX 90 OR ABOVE: 3 0.10 INCH OR MORE: 1
MIN 32 OR BELOW: 7 0.50 INCH OR MORE: 0
MIN 0 OR BELOW: 0 1.00 INCH OR MORE: 0
[HDD (BASE 65) ]
TOTAL THIS MO. 184 CLEAR (SCALE 0-3) 30
DPTR FM NORMAL -113 PTCLDY (SCALE 4-7) 1
TOTAL FM JUL 1 6137 CLOUDY (SCALE 8-10) 0
DPTR FM NORMAL -230
[CDD (BASE 65) ]
TOTAL THIS MO. 30
DPTR FM NORMAL 25 [PRESSURE DATA]
TOTAL FM JAN 1 30 HIGHEST SLP 30.17 ON 5
DPTR FM NORMAL 25 LOWEST SLP 29.62 ON 19
[REMARKS]
#FINAL-05-20#