000
CXUS53 KPAH 010800
CF6CGI
PRELIMINARY LOCAL CLIMATOLOGICAL DATA (WS FORM: F-6)
STATION: CAPE GIRARDEAU MO
MONTH: FEBRUARY
YEAR: 2022
LATITUDE: 37 13 N
LONGITUDE: 89 35 W
TEMPERATURE IN F: :PCPN: SNOW: WIND :SUNSHINE: SKY :PK WND
================================================================================
1 2 3 4 5 6A 6B 7 8 9 10 11 12 13 14 15 16 17 18
12Z AVG MX 2MIN
DY MAX MIN AVG DEP HDD CDD WTR SNW DPTH SPD SPD DIR MIN PSBL S-S WX SPD DR
================================================================================
1 64 33 49 13 16 0 0.13 M M 8.9 20 200 M M 8 26 220
2 52 25 39 3 26 0 0.81 M M 15.5 24 10 M M 10 16 34 10
3 26 21 24 -12 41 0 M M M 18.2 28 10 M M 10 1468 38 20
4 30 17 24 -12 41 0 M M M 9.4 20 350 M M 6 28 350
5 30 17 24 -12 41 0 0.00 M M 5.8 10 260 M M 0 13 320
6 40 17 29 -8 36 0 0.00 M M 3.6 12 180 M M 0 18 15 170
7 44 23 34 -3 31 0 0.00 M M 5.3 14 340 M M 0 1 18 330
8 49 25 37 0 28 0 0.00 M M 8.2 17 190 M M 0 1 23 190
9 58 29 44 7 21 0 0.00 M M 4.0 20 280 M M 3 26 280
10 54 26 40 2 25 0 0.00 M M 5.0 15 220 M M 0 23 210
11 57 37 47 9 18 0 0.02 M M 5.8 21 330 M M 5 1 27 350
12 42 19 31 -7 34 0 0.00 M M 11.3 23 360 M M 4 38 350
13 40 16 28 -10 37 0 0.00 M M 7.3 17 30 M M 1 24 360
14 46 20 33 -6 32 0 0.00 M M 5.2 16 180 M M 1 21 180
15 63 26 45 6 20 0 0.00 M M 9.4 23 200 M M 0 33 200
16 66 50 58 19 7 0 0.00 M M 18.9 28 190 M M 5 41 170
17 65 26 46 6 19 0 3.63 M M 17.4 35 330 M M 10 138 46 330
18 38 19 29 -11 36 0 0.00 M M 7.7 21 330 M M 1 26 330
19 42 29 36 -4 29 0 0.00 M M 7.4 22 360 M M 0 28 360
20 60 29 45 5 20 0 0.00 M M 13.3 30 210 M M 0 42 190
21 61 42 52 11 13 0 0.02 M M 12.7 26 170 M M 6 1 36 170
22 66 33 50 9 15 0 0.94 M M 15.1 28 190 M M 10 13 38 190
23 33 25 29 -12 36 0 0.23 M M 15.1 24 350 M M 9 168 31 350
24 33 25 29 -13 36 0 0.91 M M 7.5 17 20 M M 10 1368 22 10
25 32 25 29 -13 36 0 T M M 10.4 20 330 M M 10 8 28 330
26 37 25 31 -11 34 0 0.00 M M 7.4 14 20 M M 4 18 40
27 50 27 39 -3 26 0 0.00 M M 3.7 15 360 M M 2 1 19 20
28 58 25 42 -1 23 0 0.00 M M 4.7 16 210 M M 0 1 21 180
================================================================================
SM 1336 731 777 0 6.69 M 264.2 M 115
================================================================================
AV 47.7 26.1 9.4 FASTST M M 4 MAX(MPH)
MISC ----> 35 330 46 330
================================================================================
NOTES:
# LAST OF SEVERAL OCCURRENCES
COLUMN 17 PEAK WIND IN M.P.H.
PRELIMINARY LOCAL CLIMATOLOGICAL DATA (WS FORM: F-6) , PAGE 2
STATION: CAPE GIRARDEAU MO
MONTH: FEBRUARY
YEAR: 2022
LATITUDE: 37 13 N
LONGITUDE: 89 35 W
[TEMPERATURE DATA] [PRECIPITATION DATA] SYMBOLS USED IN COLUMN 16
AVERAGE MONTHLY: 36.9 TOTAL FOR MONTH: 6.69 1 = FOG OR MIST
DPTR FM NORMAL: -2.0 DPTR FM NORMAL: 3.38 2 = FOG REDUCING VISIBILITY
HIGHEST: 66 ON 22,16 GRTST 24HR 3.63 ON 17-17 TO 1/4 MILE OR LESS
LOWEST: 16 ON 13 3 = THUNDER
SNOW, ICE PELLETS, HAIL 4 = ICE PELLETS
TOTAL MONTH: M 5 = HAIL
GRTST 24HR M ON M 6 = FREEZING RAIN OR DRIZZLE
GRTST DEPTH: M ON M 7 = DUSTSTORM OR SANDSTORM:
VSBY 1/2 MILE OR LESS
8 = SMOKE OR HAZE
[NO. OF DAYS WITH] [WEATHER - DAYS WITH] 9 = BLOWING SNOW
X = TORNADO
MAX 32 OR BELOW: 4 0.01 INCH OR MORE: 8
MAX 90 OR ABOVE: 0 0.10 INCH OR MORE: 6
MIN 32 OR BELOW: 23 0.50 INCH OR MORE: 4
MIN 0 OR BELOW: 0 1.00 INCH OR MORE: 1
[HDD (BASE 65) ]
TOTAL THIS MO. 777 CLEAR (SCALE 0-3) 13
DPTR FM NORMAL 47 PTCLDY (SCALE 4-7) 8
TOTAL FM JUL 1 3041 CLOUDY (SCALE 8-10) 7
DPTR FM NORMAL -292
[CDD (BASE 65) ]
TOTAL THIS MO. 0
DPTR FM NORMAL 0 [PRESSURE DATA]
TOTAL FM JAN 1 0 HIGHEST SLP M ON M
DPTR FM NORMAL 0 LOWEST SLP 29.61 ON 17
[REMARKS]
#FINAL-02-22#