000
CXUS51 KLWX 012117
CF6CHO
PRELIMINARY LOCAL CLIMATOLOGICAL DATA (WS FORM: F-6)
STATION: CHARLOTTESVILLE VA
MONTH: MARCH
YEAR: 2022
LATITUDE: 38 7 N
LONGITUDE: 78 27 W
TEMPERATURE IN F: :PCPN: SNOW: WIND :SUNSHINE: SKY :PK WND
================================================================================
1 2 3 4 5 6A 6B 7 8 9 10 11 12 13 14 15 16 17 18
12Z AVG MX 2MIN
DY MAX MIN AVG DEP HDD CDD WTR SNW DPTH SPD SPD DIR MIN PSBL S-S WX SPD DR
================================================================================
1 63 31 47 3 18 0 0.00 M M 6.1 17 180 M M 0 21 180
2 69 39 54 9 11 0 0.00 M M 4.0 12 180 M M 1 16 200
3 68 39 54 9 11 0 0.00 M M 7.7 15 50 M M 5 20 70
4 52 27 40 -5 25 0 0.00 M M 4.3 14 190 M M 0 19 40
5 70 33 52 7 13 0 0.00 M M 5.3 20 200 M M 0 24 190
6 79 61 70 24 0 5 T M M 11.3 20 210 M M 2 29 200
7 81 57 69 23 0 4 0.04 M M 12.0 29 190 M M 4 38 200
8 59 44 52 6 13 0 0.00 M M 5.8 17 40 M M 0 20 290
9 51 41 46 0 19 0 0.47 M M 3.0 13 80 M M 8 18 15 90
10 54 33 44 -3 21 0 0.00 M M 3.7 10 60 M M 5 12 13 20
11 66 34 50 3 15 0 0.00 M M 8.3 20 170 M M 0 1 26 170
12 48 25 37 -10 28 0 0.60 M M 9.7 22 320 M M 7 189 37 320
13 48 19 34 -14 31 0 0.00 M M 7.2 20 200 M M 0 29 240
14 66 29 48 0 17 0 0.00 M M 4.7 14 180 M M 0 19 160
15 73 37 55 7 10 0 0.00 M M 5.3 15 190 M M 1 19 200
16 74 42 58 10 7 0 0.07 M M 4.4 17 180 M M 3 1 24 180
17 67 54 61 12 4 0 0.76 M M 4.1 10 60 M M 7 1 13 60
18 76 44 60 11 5 0 0.00 M M 6.9 20 180 M M 1 12 30 140
19 79 56 68 18 0 3 0.00 M M 10.8 23 200 M M 3 33 200
20 64 51 58 8 7 0 0.00 M M 8.1 16 290 M M 3 29 280
21 74 43 59 9 6 0 0.00 M M 3.8 17 310 M M 0 24 320
22 74 42 58 8 7 0 0.00 M M 5.7 17 40 M M 0 20 50
23 55 47 51 0 14 0 1.08 M M 7.0 16 90 M M 7 13 20 100
24 63 51 57 6 8 0 0.05 M M 3.1 9 50 M M 10 128 12 60
25 63 45 54 3 11 0 0.00 M M 5.8 15 290 M M 5 12 26 290
26 52 38 45 -7 20 0 0.04 M M 9.0 22 300 M M 3 42 290
27 50 36 43 -9 22 0 0.00 M M 7.6 18 310 M M 2 30 300
28 48 30 39 -13 26 0 0.00 M M 7.5 22 320 M M 0 34 340
29 53 26 40 -13 25 0 0.00 M M 4.2 12 300 M M 0 17 10
30 63 37 50 -3 15 0 0.01 M M 5.5 18 200 M M 9 24 180
31 74 55 65 11 0 0 0.07 M M 12.3 36 200 M M 8 52 200
================================================================================
SM 1976 1246 409 12 3.19 M 204.2 M 94
================================================================================
AV 63.7 40.2 6.6 FASTST M M 3 MAX(MPH)
MISC ----> 36 200 52 200
================================================================================
NOTES:
# LAST OF SEVERAL OCCURRENCES
COLUMN 17 PEAK WIND IN M.P.H.
PRELIMINARY LOCAL CLIMATOLOGICAL DATA (WS FORM: F-6) , PAGE 2
STATION: CHARLOTTESVILLE VA
MONTH: MARCH
YEAR: 2022
LATITUDE: 38 7 N
LONGITUDE: 78 27 W
[TEMPERATURE DATA] [PRECIPITATION DATA] SYMBOLS USED IN COLUMN 16
AVERAGE MONTHLY: 52.0 TOTAL FOR MONTH: 3.19 1 = FOG OR MIST
DPTR FM NORMAL: 3.3 DPTR FM NORMAL: -0.35 2 = FOG REDUCING VISIBILITY
HIGHEST: 81 ON 7 GRTST 24HR 1.08 ON 23-23 TO 1/4 MILE OR LESS
LOWEST: 19 ON 13 3 = THUNDER
SNOW, ICE PELLETS, HAIL 4 = ICE PELLETS
TOTAL MONTH: M 5 = HAIL
GRTST 24HR M ON M 6 = FREEZING RAIN OR DRIZZLE
GRTST DEPTH: M ON M 7 = DUSTSTORM OR SANDSTORM:
VSBY 1/2 MILE OR LESS
8 = SMOKE OR HAZE
[NO. OF DAYS WITH] [WEATHER - DAYS WITH] 9 = BLOWING SNOW
X = TORNADO
MAX 32 OR BELOW: 0 0.01 INCH OR MORE: 10
MAX 90 OR ABOVE: 0 0.10 INCH OR MORE: 4
MIN 32 OR BELOW: 7 0.50 INCH OR MORE: 3
MIN 0 OR BELOW: 0 1.00 INCH OR MORE: 1
[HDD (BASE 65) ]
TOTAL THIS MO. 409 CLEAR (SCALE 0-3) 18
DPTR FM NORMAL -103 PTCLDY (SCALE 4-7) 10
TOTAL FM JUL 1 3072 CLOUDY (SCALE 8-10) 3
DPTR FM NORMAL -381
[CDD (BASE 65) ]
TOTAL THIS MO. 12
DPTR FM NORMAL 7 [PRESSURE DATA]
TOTAL FM JAN 1 12 HIGHEST SLP 30.57 ON 4
DPTR FM NORMAL 6 LOWEST SLP 29.40 ON 31
[REMARKS]
#FINAL-03-22#