000
CXUS52 KCHS 041437
CF6CHS
PRELIMINARY LOCAL CLIMATOLOGICAL DATA (WS FORM: F-6)
STATION: NORTH CHARLESTON SC
MONTH: OCTOBER
YEAR: 2021
LATITUDE: 32 54 N
LONGITUDE: 80 2 W
TEMPERATURE IN F: :PCPN: SNOW: WIND :SUNSHINE: SKY :PK WND
================================================================================
1 2 3 4 5 6A 6B 7 8 9 10 11 12 13 14 15 16 17 18
12Z AVG MX 2MIN
DY MAX MIN AVG DEP HDD CDD WTR SNW DPTH SPD SPD DIR MIN PSBL S-S WX SPD DR
================================================================================
1 84 66 75 2 0 10 T 0.0 0 5.9 16 100 M M 6 1 20 60
2 82 62 72 -1 0 7 T 0.0 0 5.8 16 90 M M 5 20 90
3 79 68 74 2 0 9 0.08 0.0 0 5.1 18 150 M M 8 1 23 140
4 86 65 76 4 0 11 0.00 0.0 0 4.4 16 190 M M 6 138 21 190
5 79 67 73 1 0 8 2.43 0.0 0 4.6 17 170 M M 6 1238 23 150
6 80 71 76 5 0 11 0.72 0.0 0 6.2 23 100 M M 8 18 28 100
7 85 71 78 7 0 13 T 0.0 0 6.7 16 70 M M 7 21 60
8 76 70 73 2 0 8 T 0.0 0 5.4 12 50 M M 9 14 50
9 82 69 76 6 0 11 T 0.0 0 9.6 21 350 M M 8 1 27 360
10 79 68 74 4 0 9 0.00 0.0 0 10.9 18 340 M M 8 24 340
11 76 65 71 1 0 6 0.00 0.0 0 7.9 15 10 M M 6 19 10
12 79 61 70 1 0 5 0.00 0.0 0 6.5 13 340 M M 4 1 17 30
13 82 58 70 1 0 5 0.00 0.0 0 4.6 12 40 M M 3 1 15 360
14 86 62 74 6 0 9 0.00 0.0 0 4.6 10 150 M M 3 13 140
15 87 67 77 9 0 12 0.00 0.0 0 3.9 10 200 M M 2 1 12 220
16 88 64 76 8 0 11 0.00 0.0 0 8.9 16 340 M M 3 22 340
17 71 51 61 -7 4 0 0.00 0.0 0 9.9 18 360 M M 0 26 20
18 74 46 60 -7 5 0 0.00 0.0 0 3.9 13 60 M M 1 16 20
19 78 47 63 -4 2 0 0.00 0.0 0 3.1 10 180 M M 1 12 180
20 79 50 65 -1 0 0 0.00 0.0 0 4.0 10 200 M M 2 1 24 250
21 81 54 68 2 0 3 0.00 0.0 0 5.2 16 190 M M 5 1 20 200
22 83 64 74 8 0 9 0.00 0.0 0 8.2 20 210 M M 3 25 210
23 79 56 68 3 0 3 0.00 0.0 0 3.1 10 300 M M 0 14 280
24 80 53 67 2 0 2 0.00 0.0 0 4.8 13 130 M M 6 1 16 140
25 79 68 74 9 0 9 0.28 0.0 0 6.8 16 230 M M 7 13 23 220
26 74 55 65 1 0 0 0.00 0.0 0 9.8 18 320 M M 1 8 23 310
27 69 44 57 -7 8 0 0.00 0.0 0 5.4 14 10 M M 2 19 350
28 74 47 61 -3 4 0 0.59 0.0 0 8.3 28 170 M M 7 1 36 130
29 70 53 62 -1 3 0 T 0.0 0 10.4 24 210 M M 4 1 29 200
30 64 50 57 -6 8 0 T 0.0 0 8.4 18 260 M M 5 23 260
31 73 52 63 0 2 0 0.00 0.0 0 6.4 16 280 M M 2 20 280
================================================================================
SM 2438 1844 36 171 4.10 0.0 198.7 M 138
================================================================================
AV 78.6 59.5 6.4 FASTST M M 4 MAX(MPH)
MISC ----> 28 170 36 130
================================================================================
NOTES:
# LAST OF SEVERAL OCCURRENCES
COLUMN 17 PEAK WIND IN M.P.H.
PRELIMINARY LOCAL CLIMATOLOGICAL DATA (WS FORM: F-6) , PAGE 2
STATION: NORTH CHARLESTON SC
MONTH: OCTOBER
YEAR: 2021
LATITUDE: 32 54 N
LONGITUDE: 80 2 W
[TEMPERATURE DATA] [PRECIPITATION DATA] SYMBOLS USED IN COLUMN 16
AVERAGE MONTHLY: 69.1 TOTAL FOR MONTH: 4.10 1 = FOG OR MIST
DPTR FM NORMAL: 1.3 DPTR FM NORMAL: -0.23 2 = FOG REDUCING VISIBILITY
HIGHEST: 88 ON 16 GRTST 24HR 2.57 ON 5- 6 TO 1/4 MILE OR LESS
LOWEST: 44 ON 27 3 = THUNDER
SNOW, ICE PELLETS, HAIL 4 = ICE PELLETS
TOTAL MONTH: 0.0 INCH 5 = HAIL
GRTST 24HR 0.0 6 = FREEZING RAIN OR DRIZZLE
GRTST DEPTH: 0 7 = DUSTSTORM OR SANDSTORM:
VSBY 1/2 MILE OR LESS
8 = SMOKE OR HAZE
[NO. OF DAYS WITH] [WEATHER - DAYS WITH] 9 = BLOWING SNOW
X = TORNADO
MAX 32 OR BELOW: 0 0.01 INCH OR MORE: 5
MAX 90 OR ABOVE: 0 0.10 INCH OR MORE: 4
MIN 32 OR BELOW: 0 0.50 INCH OR MORE: 3
MIN 0 OR BELOW: 0 1.00 INCH OR MORE: 1
[HDD (BASE 65) ]
TOTAL THIS MO. 36 CLEAR (SCALE 0-3) 13
DPTR FM NORMAL -20 PTCLDY (SCALE 4-7) 16
TOTAL FM JUL 1 36 CLOUDY (SCALE 8-10) 2
DPTR FM NORMAL -23
[CDD (BASE 65) ]
TOTAL THIS MO. 171
DPTR FM NORMAL 28 [PRESSURE DATA]
TOTAL FM JAN 1 2329 HIGHEST SLP 30.30 ON 20
DPTR FM NORMAL -64 LOWEST SLP 29.52 ON 29
[REMARKS]
#FINAL-10-21#