000
CXUS55 KOHX 011548
CF6CKV
PRELIMINARY LOCAL CLIMATOLOGICAL DATA (WS FORM: F-6)
STATION: CLARKSVILLE
MONTH: OCTOBER
YEAR: 2022
LATITUDE: 36 37 N
LONGITUDE: 87 25 W
TEMPERATURE IN F: :PCPN: SNOW: WIND :SUNSHINE: SKY :PK WND
================================================================================
1 2 3 4 5 6A 6B 7 8 9 10 11 12 13 14 15 16 17 18
12Z AVG MX 2MIN
DY MAX MIN AVG DEP HDD CDD WTR SNW DPTH SPD SPD DIR MIN PSBL S-S WX SPD DR
================================================================================
1 79 46 63 -2 2 0 0.00 M M 8.7 17 340 M M 0 8 24 330
2 81 49 65 0 0 0 0.00 M M 9.2 20 360 M M 0 29 30
3 78 51 65 1 0 0 0.00 M M 6.4 17 40 M M 0 22 350
4 77 44 61 -3 4 0 0.00 M M 4.2 14 70 M M 0 22 80
5 82 42 62 -2 3 0 0.00 M M 1.2 8 40 M M 0 13 130
6 84 46 65 2 0 0 0.00 M M 4.6 13 260 M M 1 20 240
7 75 46 61 -2 4 0 0.00 M M 8.0 17 330 M M 0 24 350
8 66 39 53 -9 12 0 0.00 M M 4.8 13 360 M M 0 19 20
9 71 33 52 -10 13 0 0.00 M M 2.3 13 260 M M 0 128 17 240
10 78 39 59 -3 6 0 0.00 M M 3.3 9 180 M M 0 18 15 150
11 82 45 64 3 1 0 0.00 M M 5.0 14 150 M M 0 20 140
12 86 61 74 13 0 9 0.31 M M 8.7 28 290 M M 4 13 41 300
13 71 45 58 -2 7 0 0.00 M M 8.1 25 260 M M 3 1 35 340
14 76 40 58 -2 7 0 0.00 M M 9.7 22 220 M M 0 31 210
15 77 55 66 6 0 1 0.00 M M 5.3 15 210 M M 0 24 220
16 69 52 61 2 4 0 0.01 M M 5.6 14 340 M M 5 21 200
17 59 34 47 -12 18 0 0.00 M M 11.2 22 340 M M 0 30 280
18 54 33 44 -14 21 0 0.00 M M 10.7 23 310 M M 0 29 320
19 59 31 45 -13 20 0 0.00 M M 6.8 14 260 M M 0 8 19 270
20 65 30 48 -10 17 0 0.00 M M 5.8 15 200 M M 0 23 230
21 78 36 57 0 8 0 0.00 M M 6.5 18 200 M M 0 23 190
22 78 58 68 11 0 3 0.00 M M 8.3 20 190 M M 0 27 190
23 81 56 69 12 0 4 0.00 M M 8.1 21 200 M M 1 29 180
24 81 54 68 12 0 3 0.00 M M 7.6 20 200 M M 0 27 160
25 77 50 64 8 1 0 0.83 M M 12.3 28 170 M M 7 1 42 180
26 62 40 51 -5 14 0 0.00 M M 7.2 17 290 M M 6 26 260
27 66 36 51 -4 14 0 0.00 M M 6.6 16 70 M M 0 128 23 80
28 75 44 60 5 5 0 0.00 M M 3.5 9 120 M M 1 13 150
29 75 42 59 5 6 0 0.14 M M 5.7 17 110 M M 1 18 23 110
30 66 57 62 8 3 0 0.97 M M 7.1 13 150 M M 9 18 19 140
31 65 59 62 8 3 0 T M M 6.6 16 220 M M 10 18 20 220
================================================================================
SM 2273 1393 193 20 2.26 M 209.1 M 48
================================================================================
AV 73.3 44.9 6.7 FASTST M M 2 MAX(MPH)
MISC ----> # 28 290 42 180
================================================================================
NOTES:
# LAST OF SEVERAL OCCURRENCES
COLUMN 17 PEAK WIND IN M.P.H.
PRELIMINARY LOCAL CLIMATOLOGICAL DATA (WS FORM: F-6) , PAGE 2
STATION: CLARKSVILLE
MONTH: OCTOBER
YEAR: 2022
LATITUDE: 36 37 N
LONGITUDE: 87 25 W
[TEMPERATURE DATA] [PRECIPITATION DATA] SYMBOLS USED IN COLUMN 16
AVERAGE MONTHLY: 59.1 TOTAL FOR MONTH: 2.26 1 = FOG OR MIST
DPTR FM NORMAL: -0.2 DPTR FM NORMAL: -1.87 2 = FOG REDUCING VISIBILITY
HIGHEST: 86 ON 12 GRTST 24HR 1.11 ON 29-30 TO 1/4 MILE OR LESS
LOWEST: 30 ON 20 3 = THUNDER
SNOW, ICE PELLETS, HAIL 4 = ICE PELLETS
TOTAL MONTH: M 5 = HAIL
GRTST 24HR M ON M 6 = FREEZING RAIN OR DRIZZLE
GRTST DEPTH: M ON M 7 = DUSTSTORM OR SANDSTORM:
VSBY 1/2 MILE OR LESS
8 = SMOKE OR HAZE
[NO. OF DAYS WITH] [WEATHER - DAYS WITH] 9 = BLOWING SNOW
X = TORNADO
MAX 32 OR BELOW: 0 0.01 INCH OR MORE: 5
MAX 90 OR ABOVE: 0 0.10 INCH OR MORE: 4
MIN 32 OR BELOW: 2 0.50 INCH OR MORE: 2
MIN 0 OR BELOW: 0 1.00 INCH OR MORE: 0
[HDD (BASE 65) ]
TOTAL THIS MO. 193 CLEAR (SCALE 0-3) 25
DPTR FM NORMAL -23 PTCLDY (SCALE 4-7) 4
TOTAL FM JUL 1 218 CLOUDY (SCALE 8-10) 2
DPTR FM NORMAL -26
[CDD (BASE 65) ]
TOTAL THIS MO. 20
DPTR FM NORMAL -20 [PRESSURE DATA]
TOTAL FM JAN 1 1875 HIGHEST SLP 30.43 ON 8
DPTR FM NORMAL 369 LOWEST SLP 29.59 ON 25
[REMARKS]
#FINAL-10-22#