000
CXUS51 KCLE 021543
CLSCLE
CLIMATE REPORT
NATIONAL WEATHER SERVICE CLEVELAND, OH
1043 AM EST WED MAR 02 2022
...................................
...THE CLEVELAND OH CLIMATE SUMMARY FOR THE SEASON, FROM
12/1/2021 TO 2/28/2022...
CLIMATE NORMAL PERIOD 1991 TO 2020
CLIMATE RECORD PERIOD 1871 TO 2022
WEATHER OBSERVED NORMAL DEPART
VALUE DATE(S) VALUE FROM
NORMAL
................................................
TEMPERATURE (F)
RECORD
HIGH 77 12/03/1982
LOW -20 01/19/1994
HIGHEST 64 12/11
LOWEST -3 01/22
AVG. MAXIMUM 39.1 38.2 0.9
AVG. MINIMUM 23.8 24.8 -1.0
MEAN 31.4 31.5 -0.1
DAYS MAX >= 90 0 0.0
DAYS MAX <= 32 32 31.9
DAYS MIN <= 32 68 71.4
DAYS MIN <= 0 1 2.7
PRECIPITATION (INCHES)
RECORD
MAXIMUM 14.95 1950
MINIMUM 3.27 1901
TOTALS 8.42 8.47 -0.05
DAYS >= .01 38 47.9
DAYS >= .10 21 22.6
DAYS >= .50 4 4.1
DAYS >= 1.00 0 0.8
SNOWFALL (INCHES)
RECORDS
TOTAL 82.8 2003
TOTALS 43.4 45.7
DAYS >= TRACE 49
DAYS >= 1.0 13 13.9
DEGREE DAYS
HEATING TOTAL 2991 3015 -24
COOLING TOTAL 0 0 0
................................................
WIND (MPH)
HIGHEST GUST SPEED/DIRECTION 59/260 DATE 12/11
SKY COVER
POSSIBLE SUNSHINE (PERCENT) MM
AVERAGE SKY COVER 0.76
NUMBER OF DAYS FAIR 8
NUMBER OF DAYS PC 27
NUMBER OF DAYS CLOUDY 55
WEATHER CONDITIONS. NUMBER OF DAYS WITH
THUNDERSTORM 0 MIXED PRECIP 0
HEAVY RAIN 0 RAIN 5
LIGHT RAIN 32 FREEZING RAIN 1
LT FREEZING RAIN 7 HAIL 0
HEAVY SNOW 4 SNOW 10
LIGHT SNOW 49 SLEET 3
FOG 46 FOG W/VIS <= 1/4 MILE 5
HAZE 37
- INDICATES NEGATIVE NUMBERS.
R INDICATES RECORD WAS SET OR TIED.
MM INDICATES DATA IS MISSING.
T INDICATES TRACE AMOUNT.
$$