000
CXUS52 KGSP 011931
CLMCLT
CLIMATE REPORT
NATIONAL WEATHER SERVICE GREENVILLE-SPARTANBURG SC
331 PM EDT SAT APR 01 2023
...................................
...THE CHARLOTTE NC CLIMATE SUMMARY FOR THE MONTH OF MARCH 2023...
CLIMATE NORMAL PERIOD 1991 TO 2020
CLIMATE RECORD PERIOD 1878 TO 2023
WEATHER OBSERVED NORMAL DEPART LAST YEAR`S
VALUE DATE(S) VALUE FROM VALUE DATE(S)
NORMAL
................................................................
TEMPERATURE (F)
RECORD
HIGH 91 03/23/1907
LOW 4 03/03/1980
HIGHEST 84 03/24 MM MM 85 03/03
LOWEST 26 03/15 MM MM 20 03/13
AVG. MAXIMUM 65.6 64.2 1.4 68.8
AVG. MINIMUM 44.8 41.2 3.6 44.1
MEAN 55.2 52.7 2.5 56.5
DAYS MAX >= 90 0 0.0 0.0 0
DAYS MAX <= 32 0 0.0 0.0 0
DAYS MIN <= 32 5 6.3 -1.3 4
DAYS MIN <= 0 0 0.0 0.0 0
PRECIPITATION (INCHES)
RECORD
MAXIMUM 11.13 1891
MINIMUM 0.58 1985
TOTALS 2.32 3.95 -1.63 6.05
DAILY AVG. 0.07 0.13 -0.06 0.20
DAYS >= .01 11 10.2 0.8 9
DAYS >= .10 8 7.3 0.7 7
DAYS >= .50 0 2.9 -2.9 5
DAYS >= 1.00 0 1.1 -1.1 4
GREATEST
24 HR. TOTAL 0.61 03/26 TO 03/27 2.43 03/08 TO 03/09
STORM TOTAL 0.46 1.31
(MM/DD(HH)) MM
SNOWFALL (INCHES)
RECORDS
TOTAL 19.3 1960
24 HR TOTAL 10.3 03/24/1983 TO 03/24/1983
SNOW DEPTH 9 03/24/1983
TOTALS 0.0 0.3 -0.3 0.0
LIQUID EQUIV 0.00 0.00 0.00 0.00
SINCE 7/1 0.0 3.5 -3.5 MM
LIQUID 7/1 0.00 0.30 -0.30 MM
SNOWDEPTH AVG. 0 0
DAYS >= TRACE 0 0.2 -0.2 0
DAYS >= 1.0 0 0.1 -0.1 0
GREATEST
SNOW DEPTH 0 0 MM
24 HR TOTAL MM MM
STORM TOTAL 0.0 0.0
(MM/DD(HH)) MM
DEGREE DAYS
HEATING TOTAL 318 392 -74 278
SINCE 7/1 2338 2855 -517 MM
COOLING TOTAL 20 10 10 21
SINCE 1/1 33 12 21 MM
FREEZE DATES
RECORD
EARLIEST MM
LATEST MM
EARLIEST 10/19
LATEST 04/10
................................................................
WIND (MPH)
AVERAGE WIND SPEED 7.9
HIGHEST WIND SPEED/DIRECTION 31/240 DATE 03/03
HIGHEST GUST SPEED/DIRECTION 42/230 DATE 03/03
SKY COVER
POSSIBLE SUNSHINE (PERCENT) MM
AVERAGE SKY COVER 0.52
NUMBER OF DAYS FAIR 10
NUMBER OF DAYS PC 13
NUMBER OF DAYS CLOUDY 8
AVERAGE RH (PERCENT) 58
WEATHER CONDITIONS. NUMBER OF DAYS WITH
THUNDERSTORM 4 MIXED PRECIP 0
HEAVY RAIN 2 RAIN 7
LIGHT RAIN 13 FREEZING RAIN 0
LT FREEZING RAIN 0 HAIL 0
HEAVY SNOW 0 SNOW 0
LIGHT SNOW 0 SLEET 0
FOG 14 FOG W/VIS <= 1/4 MILE 2
HAZE 8
- INDICATES NEGATIVE NUMBERS.
R INDICATES RECORD WAS SET OR TIED.
MM INDICATES DATA IS MISSING.
T INDICATES TRACE AMOUNT.
$$