000
CXUS53 KILX 011552
CLMCMI
CLIMATE REPORT
NATIONAL WEATHER SERVICE LINCOLN IL
1052 AM CDT SAT JUL 01 2023
...................................
...THE CHAMPAIGN IL AIRPORT CLIMATE SUMMARY FOR THE MONTH OF JUNE 2023...
CLIMATE NORMAL PERIOD 1991 TO 2020
CLIMATE RECORD PERIOD 9999 TO 9999
WEATHER OBSERVED NORMAL DEPART LAST YEAR`S
VALUE DATE(S) VALUE FROM VALUE
NORMAL
..............................................................
TEMPERATURE (F)
RECORD
HIGH MM MM
LOW MM MM
HIGHEST 94 06/02 MM MM 100
LOWEST 45 06/08 MM MM 50
AVG. MAXIMUM 84.9 83.5 1.4 87.1
AVG. MINIMUM 58.7 61.7 -3.0 61.7
MEAN 71.8 72.6 -0.8 74.4
DAYS MAX >= 90 8 5.7 2.3 10
DAYS MAX <= 32 0 0.0 0.0 0
DAYS MIN <= 32 0 0.0 0.0 0
DAYS MIN <= 0 0 0.0 0.0 0
PRECIPITATION (INCHES)
RECORD
MAXIMUM MM MM
MINIMUM MM MM
TOTALS MM 4.35 MM 1.26
DAILY AVG. MM 0.15 MM 0.04
DAYS >= .01 8 12.0 -4.0 5
DAYS >= .10 4 7.3 -3.3 2
DAYS >= .50 1 3.2 -2.2 1
DAYS >= 1.00 MM 1.5 MM 1
GREATEST
24 HR. TOTAL MM 1.05
DEGREE DAYS
HEATING TOTAL 8 13 -5 0
SINCE 7/1 4982 5582 -600 MM
COOLING TOTAL 211 240 -29 287
SINCE 1/1 334 353 -19 MM
..............................................................
WIND (MPH)
AVERAGE WIND SPEED 8.7
HIGHEST WIND SPEED/DIRECTION 33/250 DATE 06/25
HIGHEST GUST SPEED/DIRECTION 45/220 DATE 06/25
AVERAGE RH (PERCENT) 58
WEATHER CONDITIONS. NUMBER OF DAYS WITH
THUNDERSTORM 5 MIXED PRECIP 0
HEAVY RAIN 3 RAIN 3
LIGHT RAIN 9 FREEZING RAIN 0
LT FREEZING RAIN 0 HAIL 0
HEAVY SNOW 0 SNOW 0
LIGHT SNOW 0 SLEET 0
FOG 12 FOG W/VIS <= 1/4 MILE 1
HAZE 14
- INDICATES NEGATIVE NUMBERS.
R INDICATES RECORD WAS SET OR TIED.
MM INDICATES DATA IS MISSING.
T INDICATES TRACE AMOUNT.
$$
ERWIN