000
CXUS53 KARX 020845
CF6CMY
PRELIMINARY LOCAL CLIMATOLOGICAL DATA (WS FORM: F-6)
STATION: SPARTA - FORT MCCOY WI
MONTH: MAY
YEAR: 2022
LATITUDE: 43 58 N
LONGITUDE: 90 44 W
TEMPERATURE IN F: :PCPN: SNOW: WIND :SUNSHINE: SKY :PK WND
================================================================================
1 2 3 4 5 6A 6B 7 8 9 10 11 12 13 14 15 16 17 18
12Z AVG MX 2MIN
DY MAX MIN AVG DEP HDD CDD WTR SNW DPTH SPD SPD DIR MIN PSBL S-S WX SPD DR
================================================================================
1 51 44 48 M 17 0 0.18 0.0 0 9.7 15 250 M M 10 1 23 250
2 48 43 46 M 19 0 T 0.0 0 5.1 9 300 M M 10 M M
3 54 29 42 M 23 0 0.15 0.0 0 3.3 9 30 M M 8 1 M M
4 64 24 44 M 21 0 0.00 0.0 0 2.2 9 110 M M 0 M M
5 66 30 48 M 17 0 0.00 0.0 0 1.8 8 120 M M 1 M M
6 69 35 52 M 13 0 0.00 0.0 0 4.4 14 110 M M 0 18 20 80
7 72 29 51 M 14 0 0.00 0.0 0 6.0 14 150 M M 0 18 M M
8 62 49 56 M 9 0 0.02 0.0 0 8.5 17 140 M M 6 24 140
9 85 55 70 M 0 5 0.22 0.0 0 13.6 27 130 M M 5 138 36 130
10 80 59 70 M 0 5 T 0.0 0 2.3 9 330 M M 5 18 M M
11 86 61 74 M 0 9 T 0.0 0 6.2 15 90 M M 5 1 25 90
12 95 66 81 M 0 16 0.00 0.0 0 8.7 16 190 M M 1 1 25 180
13 90 57 74 M 0 9 0.00 0.0 0 9.1 17 230 M M 2 24 240
14 86 46 66 M 0 1 0.00 0.0 0 4.2 17 210 M M 1 8 31 200
15 76 40 58 M 7 0 0.00 0.0 0 4.6 14 270 M M 2 18 280
16 75 36 56 M 9 0 0.00 0.0 0 6.4 16 280 M M 1 8 30 260
17 71 33 52 M 13 0 0.10 0.0 0 3.0 9 180 M M 5 18 M M
18 67 50 59 M 6 0 0.13 0.0 0 4.4 9 190 M M 7 1 24 350
19 74 42 58 M 7 0 2.86 0.0 0 4.3 16 240 M M 3 123 39 330
20 65 43 54 M 11 0 0.29 0.0 0 4.6 12 300 M M 7 1 M M
21 59 39 49 M 16 0 0.00 0.0 0 5.3 9 290 M M 6 M M
22 57 31 44 M 21 0 0.00 0.0 0 5.6 17 290 M M 5 23 290
23 64 27 46 M 19 0 0.00 0.0 0 2.7 9 100 M M 2 M M
24 67 36 52 M 13 0 0.02 0.0 0 4.6 10 130 M M 8 8 M M
25 56 48 52 M 13 0 1.74 0.0 0 5.5 12 80 M M 7 1 M M
26 60 53 57 M 8 0 0.04 0.0 0 3.9 9 340 M M 9 1 M M
27 73 43 58 M 7 0 0.00 0.0 0 4.6 10 350 M M 3 M M
28 77 42 60 M 5 0 T 0.0 0 7.5 17 170 M M 3 27 170
29 80 64 72 M 0 7 0.08 0.0 0 10.4 21 140 M M 3 1 28 140
30 88 71 80 M 0 15 0.00 0.0 0 13.7 20 180 M M 3 35 170
31 81 60 71 M 0 6 T 0.0 0 12.9 20 260 M M 3 31 220
================================================================================
SM 2198 1385 288 73 5.83 0.0 189.1 M 131
================================================================================
AV 70.9 44.7 6.1 FASTST M M 4 MAX(MPH)
MISC ----> 27 130 39 330
================================================================================
NOTES:
# LAST OF SEVERAL OCCURRENCES
COLUMN 17 PEAK WIND IN M.P.H.
PRELIMINARY LOCAL CLIMATOLOGICAL DATA (WS FORM: F-6) , PAGE 2
STATION: SPARTA - FORT MCCOY WI
MONTH: MAY
YEAR: 2022
LATITUDE: 43 58 N
LONGITUDE: 90 44 W
[TEMPERATURE DATA] [PRECIPITATION DATA] SYMBOLS USED IN COLUMN 16
AVERAGE MONTHLY: 57.8 TOTAL FOR MONTH: 5.83 1 = FOG OR MIST
DPTR FM NORMAL: 0.0 DPTR FM NORMAL: M 2 = FOG REDUCING VISIBILITY
HIGHEST: 95 ON 12 GRTST 24HR 2.86 ON 19-19 TO 1/4 MILE OR LESS
LOWEST: 24 ON 4 3 = THUNDER
SNOW, ICE PELLETS, HAIL 4 = ICE PELLETS
TOTAL MONTH: 0.0 INCH 5 = HAIL
GRTST 24HR 0.0 6 = FREEZING RAIN OR DRIZZLE
GRTST DEPTH: 0 7 = DUSTSTORM OR SANDSTORM:
VSBY 1/2 MILE OR LESS
8 = SMOKE OR HAZE
[NO. OF DAYS WITH] [WEATHER - DAYS WITH] 9 = BLOWING SNOW
X = TORNADO
MAX 32 OR BELOW: 0 0.01 INCH OR MORE: 12
MAX 90 OR ABOVE: 2 0.10 INCH OR MORE: 8
MIN 32 OR BELOW: 6 0.50 INCH OR MORE: 2
MIN 0 OR BELOW: 0 1.00 INCH OR MORE: 2
[HDD (BASE 65) ]
TOTAL THIS MO. 288 CLEAR (SCALE 0-3) 15
DPTR FM NORMAL M PTCLDY (SCALE 4-7) 13
TOTAL FM JUL 1 7868 CLOUDY (SCALE 8-10) 3
DPTR FM NORMAL M
[CDD (BASE 65) ]
TOTAL THIS MO. 73
DPTR FM NORMAL M [PRESSURE DATA]
TOTAL FM JAN 1 73 HIGHEST SLP M ON M
DPTR FM NORMAL M LOWEST SLP M ON M
[REMARKS]
#FINAL-05-22#