000
CXUS53 KTOP 010810
CF6CNK
PRELIMINARY LOCAL CLIMATOLOGICAL DATA (WS FORM: F-6)
STATION: CONCORDIA KS
MONTH: AUGUST
YEAR: 2022
LATITUDE: 39 32 N
LONGITUDE: 97 39 W
TEMPERATURE IN F: :PCPN: SNOW: WIND :SUNSHINE: SKY :PK WND
================================================================================
1 2 3 4 5 6A 6B 7 8 9 10 11 12 13 14 15 16 17 18
12Z AVG MX 2MIN
DY MAX MIN AVG DEP HDD CDD WTR SNW DPTH SPD SPD DIR MIN PSBL S-S WX SPD DR
================================================================================
1 95 71 83 5 0 18 0.00 M M 5.4 17 190 M M 0 8 24 200
2 100 76 88 10 0 23 0.00 M M 13.6 18 180 M M 0 25 180
3 95 76 86 8 0 21 0.02 M M 6.9 21 190 M M 1 3 30 190
4 94 72 83 5 0 18 0.00 M M 8.0 15 130 M M 1 25 100
5 98 71 85 7 0 20 0.00 M M 9.6 17 140 M M 0 1 26 140
6 103 81 92 14 0 27 0.00 M M 16.4 26 190 M M 0 35 190
7 102 70 86 8 0 21 T M M 13.2 25 210 M M 2 36 200
8 84 66 75 -3 0 10 0.00 M M 8.3 16 360 M M 4 22 350
9 90 58 74 -4 0 9 0.00 M M 3.7 10 50 M M 0 8 16 40
10 94 62 78 0 0 13 0.00 M M 4.1 12 40 M M 0 17 120
11 93 63 78 1 0 13 0.00 M M 5.8 14 130 M M 1 21 150
12 97 63 80 3 0 15 0.00 M M 10.7 16 190 M M 0 24 190
13 105 69 87 10 0 22 0.00 M M 8.2 17 230 M M 0 25 190
14 99 69 84 7 0 19 0.00 M M 8.8 14 90 M M 0 1 21 40
15 101 70 86 9 0 21 0.05 M M 11.3 18 100 M M 1 38 33 80
16 70 66 68 -9 0 3 0.21 M M 8.6 17 100 M M 10 13 33 50
17 86 64 75 -1 0 10 0.00 M M 5.6 13 90 M M 4 18 18 70
18 91 59 75 -1 0 10 0.00 M M 5.1 14 170 M M 1 18 20 190
19 86 66 76 0 0 11 0.41 M M 6.7 20 200 M M 4 38 26 210
20 84 64 74 -2 0 9 0.00 M M 6.6 15 20 M M 1 21 340
21 88 60 74 -2 0 9 0.00 M M 3.6 10 90 M M 1 17 80
22 90 60 75 -1 0 10 0.00 M M 3.5 12 40 M M 2 1 16 30
23 91 60 76 1 0 11 0.00 M M 4.2 15 100 M M 0 24 90
24 94 63 79 4 0 14 M M M 5.3 13 160 M M 0 8 19 180
25 96 64 80 5 0 15 0.00 M M 4.7 13 170 M M 0 18 18 130
26 98 64 81 6 0 16 0.00 M M 8.8 20 200 M M 0 1 27 200
27 88 72 80 6 0 15 0.02 M M 13.5 21 170 M M 3 32 200
28 98 68 83 9 0 18 0.00 M M 14.0 20 180 M M 0 28 170
29 94 68 81 7 0 16 0.00 M M 8.5 22 20 M M 1 138 29 40
30 93 60 77 3 0 12 0.00 M M 4.9 13 50 M M 0 17 20
31 96 58 77 3 0 12 0.00 M M 7.2 18 260 M M 0 27 270
================================================================================
SM 2893 2053 0 461 0.71 M 244.8 M 37
================================================================================
AV 93.3 66.2 7.9 FASTST M M 1 MAX(MPH)
MISC ----> 26 190 36 200
================================================================================
NOTES:
# LAST OF SEVERAL OCCURRENCES
COLUMN 17 PEAK WIND IN M.P.H.
PRELIMINARY LOCAL CLIMATOLOGICAL DATA (WS FORM: F-6) , PAGE 2
STATION: CONCORDIA KS
MONTH: AUGUST
YEAR: 2022
LATITUDE: 39 32 N
LONGITUDE: 97 39 W
[TEMPERATURE DATA] [PRECIPITATION DATA] SYMBOLS USED IN COLUMN 16
AVERAGE MONTHLY: 79.8 TOTAL FOR MONTH: 0.71 1 = FOG OR MIST
DPTR FM NORMAL: 3.4 DPTR FM NORMAL: -2.78 2 = FOG REDUCING VISIBILITY
HIGHEST: 105 ON 13 GRTST 24HR 0.41 ON 19-19 TO 1/4 MILE OR LESS
LOWEST: 58 ON 31, 9 3 = THUNDER
SNOW, ICE PELLETS, HAIL 4 = ICE PELLETS
TOTAL MONTH: M 5 = HAIL
GRTST 24HR M ON M 6 = FREEZING RAIN OR DRIZZLE
GRTST DEPTH: M ON M 7 = DUSTSTORM OR SANDSTORM:
VSBY 1/2 MILE OR LESS
8 = SMOKE OR HAZE
[NO. OF DAYS WITH] [WEATHER - DAYS WITH] 9 = BLOWING SNOW
X = TORNADO
MAX 32 OR BELOW: 0 0.01 INCH OR MORE: 5
MAX 90 OR ABOVE: 24 0.10 INCH OR MORE: 2
MIN 32 OR BELOW: 0 0.50 INCH OR MORE: 0
MIN 0 OR BELOW: 0 1.00 INCH OR MORE: 0
[HDD (BASE 65) ]
TOTAL THIS MO. 0 CLEAR (SCALE 0-3) 27
DPTR FM NORMAL -2 PTCLDY (SCALE 4-7) 3
TOTAL FM JUL 1 0 CLOUDY (SCALE 8-10) 1
DPTR FM NORMAL 0
[CDD (BASE 65) ]
TOTAL THIS MO. 461
DPTR FM NORMAL 105 [PRESSURE DATA]
TOTAL FM JAN 1 1535 HIGHEST SLP M ON M
DPTR FM NORMAL 356 LOWEST SLP 29.58 ON 28
[REMARKS]
#FINAL-08-22#