000
CDUS43 KTOP 160634
CLICNK


CLIMATE REPORT
NATIONAL WEATHER SERVICE TOPEKA KS
134 AM CDT MON APR 16 2018


...................................

...THE CONCORDIA KS CLIMATE SUMMARY FOR APRIL 15 2018...

CLIMATE NORMAL PERIOD 1981 TO 2010
CLIMATE RECORD PERIOD 1885 TO 2018


WEATHER ITEM   OBSERVED TIME   RECORD YEAR NORMAL DEPARTURE LAST
                VALUE   (LST)  VALUE       VALUE  FROM      YEAR
                                                  NORMAL
..................................................................
TEMPERATURE (F)
 YESTERDAY
  MAXIMUM         32    616 PM  91    1896  65    -33       80
  MINIMUM         22R   303 AM  22    2014  41    -19       61
  AVERAGE         27                        53    -26       71

PRECIPITATION (IN)
  YESTERDAY        T             1.74 1945   0.07  -0.07     0.15
  MONTH TO DATE    0.15                      1.13  -0.98     1.94
  SINCE MAR 1      0.73                      3.14  -2.41     5.13
  SINCE JAN 1      1.72                      4.51  -2.79     6.98

SNOWFALL (IN)
  YESTERDAY        T   R         T    2011   0.0    0.0      0.0
                                      1982
  MONTH TO DATE    0.4                       0.4    0.0      0.0
  SINCE JAN 1      9.8                      13.6   -3.8      2.1
  SINCE JUL 1     11.6                      20.1   -8.5      4.3
  SNOW DEPTH       T

DEGREE DAYS
 HEATING
  YESTERDAY       38                        13     25        0
  MONTH TO DATE  363                       220    143      158
  SINCE MAR 1   1017                       904    113      727
  SINCE JUL 1   5102                      5111     -9     4228

 COOLING
  YESTERDAY        0                         0      0        6
  MONTH TO DATE    2                         0      2       10
  SINCE MAR 1      2                         1      1       14
  SINCE JAN 1      2                         1      1       14
..................................................................


WIND (MPH)
  HIGHEST WIND SPEED    29   HIGHEST WIND DIRECTION    NW (330)
  HIGHEST GUST SPEED    38   HIGHEST GUST DIRECTION    NW (330)
  AVERAGE WIND SPEED    16.5


SKY COVER
  AVERAGE SKY COVER 0.7


WEATHER CONDITIONS
 THE FOLLOWING WEATHER WAS RECORDED YESTERDAY.
  LIGHT SNOW


RELATIVE HUMIDITY (PERCENT)
 HIGHEST    81           300 AM
 LOWEST     66           400 PM
 AVERAGE    74

..........................................................


THE CONCORDIA KS CLIMATE NORMALS FOR TODAY
                         NORMAL    RECORD    YEAR
 MAXIMUM TEMPERATURE (F)   65        91      1964
 MINIMUM TEMPERATURE (F)   41        25      1953


SUNRISE AND SUNSET
APRIL 16 2018.........SUNRISE   652 AM CDT   SUNSET   810 PM CDT
APRIL 17 2018.........SUNRISE   650 AM CDT   SUNSET   811 PM CDT


-  INDICATES NEGATIVE NUMBERS.
R  INDICATES RECORD WAS SET OR TIED.
MM INDICATES DATA IS MISSING.
T  INDICATES TRACE AMOUNT.




$$
