000
CDUS43 KTOP 110636
CLICNK


CLIMATE REPORT
NATIONAL WEATHER SERVICE TOPEKA KS
135 AM CDT FRI MAY 11 2018


...................................

...THE CONCORDIA KS CLIMATE SUMMARY FOR MAY 10 2018...

CLIMATE NORMAL PERIOD 1981 TO 2010
CLIMATE RECORD PERIOD 1885 TO 2018


WEATHER ITEM   OBSERVED TIME   RECORD YEAR NORMAL DEPARTURE LAST
                VALUE   (LST)  VALUE       VALUE  FROM      YEAR
                                                  NORMAL
..................................................................
TEMPERATURE (F)
 YESTERDAY
  MAXIMUM         89    415 PM  98    1895  72     17       79
  MINIMUM         58    540 AM  33    1885  50      8       59
  AVERAGE         74                        61     13       69

PRECIPITATION (IN)
  YESTERDAY        0.00          3.12 1999   0.14  -0.14     0.02
  MONTH TO DATE    2.79                      1.20   1.59     0.15
  SINCE MAR 1      4.36                      5.66  -1.30     8.68
  SINCE JAN 1      5.35                      7.03  -1.68    10.53

SNOWFALL (IN)
  YESTERDAY        0.0           T    1912   0.0    0.0      0.0
  MONTH TO DATE    0.0                       0.0    0.0       T
  SINCE JAN 1      9.8                      13.7   -3.9      2.1
  SINCE JUL 1     11.6                      20.2   -8.6      4.3
  SNOW DEPTH       0

DEGREE DAYS
 HEATING
  YESTERDAY        0                         5     -5        0
  MONTH TO DATE    1                        64    -63       55
  SINCE MAR 1   1214                      1121     93      972
  SINCE JUL 1   5299                      5328    -29     4473

 COOLING
  YESTERDAY        9                         1      8        4
  MONTH TO DATE   44                        10     34       25
  SINCE MAR 1     53                        27     26       44
  SINCE JAN 1     53                        27     26       44
..................................................................


WIND (MPH)
  HIGHEST WIND SPEED    23   HIGHEST WIND DIRECTION    SE (150)
  HIGHEST GUST SPEED    32   HIGHEST GUST DIRECTION    SE (150)
  AVERAGE WIND SPEED     8.7


SKY COVER
  AVERAGE SKY COVER 0.0


WEATHER CONDITIONS
 THE FOLLOWING WEATHER WAS RECORDED YESTERDAY.
  NO SIGNIFICANT WEATHER WAS OBSERVED.


RELATIVE HUMIDITY (PERCENT)
 HIGHEST    78           600 AM
 LOWEST     34           300 PM
 AVERAGE    56

..........................................................


THE CONCORDIA KS CLIMATE NORMALS FOR TODAY
                         NORMAL    RECORD    YEAR
 MAXIMUM TEMPERATURE (F)   73        93      2000
                                             1898
 MINIMUM TEMPERATURE (F)   50        31      1979


SUNRISE AND SUNSET
MAY 11 2018...........SUNRISE   620 AM CDT   SUNSET   834 PM CDT
MAY 12 2018...........SUNRISE   619 AM CDT   SUNSET   835 PM CDT


-  INDICATES NEGATIVE NUMBERS.
R  INDICATES RECORD WAS SET OR TIED.
MM INDICATES DATA IS MISSING.
T  INDICATES TRACE AMOUNT.




$$
