000
CDUS43 KTOP 100634
CLICNK


CLIMATE REPORT
NATIONAL WEATHER SERVICE TOPEKA KS
133 AM CDT TUE APR 10 2018


...................................

...THE CONCORDIA KS CLIMATE SUMMARY FOR APRIL 9 2018...

CLIMATE NORMAL PERIOD 1981 TO 2010
CLIMATE RECORD PERIOD 1885 TO 2018


WEATHER ITEM   OBSERVED TIME   RECORD YEAR NORMAL DEPARTURE LAST
                VALUE   (LST)  VALUE       VALUE  FROM      YEAR
                                                  NORMAL
..................................................................
TEMPERATURE (F)
 YESTERDAY
  MAXIMUM         48    227 PM  93    1930  63    -15       79
  MINIMUM         28   1146 PM  19    1914  39    -11       52
  AVERAGE         38                        51    -13       66

PRECIPITATION (IN)
  YESTERDAY        0.00          1.38 1886   0.08  -0.08     0.00
  MONTH TO DATE    0.02                      0.68  -0.66     0.81
  SINCE MAR 1      0.60                      2.69  -2.09     4.00
  SINCE JAN 1      1.59                      4.06  -2.47     5.85

SNOWFALL (IN)
  YESTERDAY        0.0           3.0  1956   0.0    0.0      0.0
  MONTH TO DATE    0.2                       0.3   -0.1      0.0
  SINCE JAN 1      9.6                      13.5   -3.9      2.1
  SINCE JUL 1     11.4                      20.0   -8.6      4.3
  SNOW DEPTH       0

DEGREE DAYS
 HEATING
  YESTERDAY       27                        14     13        0
  MONTH TO DATE  267                       140    127      114
  SINCE MAR 1    921                       824     97      683
  SINCE JUL 1   5006                      5031    -25     4184

 COOLING
  YESTERDAY        0                         0      0        1
  MONTH TO DATE    0                         0      0        1
  SINCE MAR 1      0                         1     -1        5
  SINCE JAN 1      0                         1     -1        5
..................................................................


WIND (MPH)
  HIGHEST WIND SPEED    22   HIGHEST WIND DIRECTION     N (340)
  HIGHEST GUST SPEED    32   HIGHEST GUST DIRECTION     N (340)
  AVERAGE WIND SPEED    11.3


SKY COVER
  AVERAGE SKY COVER 0.5


WEATHER CONDITIONS
 THE FOLLOWING WEATHER WAS RECORDED YESTERDAY.
  NO SIGNIFICANT WEATHER WAS OBSERVED.


RELATIVE HUMIDITY (PERCENT)
 HIGHEST    75          1200 AM
 LOWEST     49           100 PM
 AVERAGE    62

..........................................................


THE CONCORDIA KS CLIMATE NORMALS FOR TODAY
                         NORMAL    RECORD    YEAR
 MAXIMUM TEMPERATURE (F)   63        92      1896
 MINIMUM TEMPERATURE (F)   39        19      1989


SUNRISE AND SUNSET
APRIL 10 2018.........SUNRISE   701 AM CDT   SUNSET   804 PM CDT
APRIL 11 2018.........SUNRISE   659 AM CDT   SUNSET   805 PM CDT


-  INDICATES NEGATIVE NUMBERS.
R  INDICATES RECORD WAS SET OR TIED.
MM INDICATES DATA IS MISSING.
T  INDICATES TRACE AMOUNT.




$$
