000
CDUS43 KTOP 072132
CLICNK


CLIMATE REPORT
NATIONAL WEATHER SERVICE TOPEKA KS
431 PM CDT SAT APR 7 2018


...................................

...THE CONCORDIA KS CLIMATE SUMMARY FOR APRIL 7 2018...
VALID TODAY AS OF 430 PM LOCAL TIME.

CLIMATE NORMAL PERIOD 1981 TO 2010
CLIMATE RECORD PERIOD 1885 TO 2018


WEATHER ITEM   OBSERVED TIME   RECORD YEAR NORMAL DEPARTURE LAST
                VALUE   (LST)  VALUE       VALUE  FROM      YEAR
                                                  NORMAL
..................................................................
TEMPERATURE (F)
 TODAY
  MAXIMUM         40    259 PM  90    1890  62    -22       67
  MINIMUM         12R   623 AM  17    2009  38    -26       36
                                      2007
  AVERAGE         26                        50    -24       52

PRECIPITATION (IN)
  TODAY            0.00          1.27 1998   0.08  -0.08     0.00
  MONTH TO DATE    0.02                      0.53  -0.51     0.81
  SINCE MAR 1      0.60                      2.54  -1.94     4.00
  SINCE JAN 1      1.59                      3.91  -2.32     5.85

SNOWFALL (IN)
  TODAY           MM             1.3  1982   0.1   MM        0.0
  MONTH TO DATE    0.2                       0.3   -0.1      0.0
  SINCE JAN 1      9.6                      13.5   -3.9      2.1
  SINCE JUL 1     11.4                      20.0   -8.6      4.3
  SNOW DEPTH      MM

DEGREE DAYS
 HEATING
  TODAY           39                        15     24       13
  MONTH TO DATE  218                       111    107      113
  SINCE MAR 1    872                       795     77      682
  SINCE JUL 1   4957                      5002    -45     4183

 COOLING
  TODAY            0                         0      0        0
  MONTH TO DATE    0                         0      0        0
  SINCE MAR 1      0                         1     -1        4
  SINCE JAN 1      0                         1     -1        4
..................................................................


WIND (MPH)
  HIGHEST WIND SPEED    12   HIGHEST WIND DIRECTION     N (10)
  HIGHEST GUST SPEED    15   HIGHEST GUST DIRECTION     N (10)
  AVERAGE WIND SPEED     5.6



WEATHER CONDITIONS
 THE FOLLOWING WEATHER WAS RECORDED TODAY.
  NO SIGNIFICANT WEATHER WAS OBSERVED.


RELATIVE HUMIDITY (PERCENT)
 HIGHEST    84           600 AM
 LOWEST     27           300 PM
 AVERAGE    56

..........................................................


THE CONCORDIA KS CLIMATE NORMALS FOR TOMORROW
                         NORMAL    RECORD    YEAR
 MAXIMUM TEMPERATURE (F)   63        89      1887
 MINIMUM TEMPERATURE (F)   39        15      2007


SUNRISE AND SUNSET
APRIL  7 2018.........SUNRISE   705 AM CDT   SUNSET   801 PM CDT
APRIL  8 2018.........SUNRISE   704 AM CDT   SUNSET   802 PM CDT


-  INDICATES NEGATIVE NUMBERS.
R  INDICATES RECORD WAS SET OR TIED.
MM INDICATES DATA IS MISSING.
T  INDICATES TRACE AMOUNT.




$$
