000
CDUS43 KTOP 140633
CLICNK


CLIMATE REPORT
NATIONAL WEATHER SERVICE TOPEKA KS
132 AM CDT MON MAY 14 2018


...................................

...THE CONCORDIA KS CLIMATE SUMMARY FOR MAY 13 2018...

CLIMATE NORMAL PERIOD 1981 TO 2010
CLIMATE RECORD PERIOD 1885 TO 2018


WEATHER ITEM   OBSERVED TIME   RECORD YEAR NORMAL DEPARTURE LAST
                VALUE   (LST)  VALUE       VALUE  FROM      YEAR
                                                  NORMAL
..................................................................
TEMPERATURE (F)
 YESTERDAY
  MAXIMUM         82    542 PM  93    1940  73      9       75
                                      1915
  MINIMUM         54    629 AM  33    1966  51      3       43
  AVERAGE         68                        62      6       59

PRECIPITATION (IN)
  YESTERDAY        0.03          1.68 1957   0.13  -0.10     0.00
  MONTH TO DATE    2.82                      1.60   1.22     1.17
  SINCE MAR 1      4.39                      6.06  -1.67     9.70
  SINCE JAN 1      5.38                      7.43  -2.05    11.55

SNOWFALL (IN)
  YESTERDAY        0.0           T    1995   0.0    0.0      0.0
  MONTH TO DATE    0.0                       0.0    0.0       T
  SINCE JAN 1      9.8                      13.7   -3.9      2.1
  SINCE JUL 1     11.6                      20.2   -8.6      4.3
  SNOW DEPTH       0

DEGREE DAYS
 HEATING
  YESTERDAY        0                         5     -5        6
  MONTH TO DATE    1                        79    -78       72
  SINCE MAR 1   1214                      1136     78      989
  SINCE JUL 1   5299                      5343    -44     4490

 COOLING
  YESTERDAY        3                         2      1        0
  MONTH TO DATE   56                        16     40       25
  SINCE MAR 1     65                        33     32       44
  SINCE JAN 1     65                        33     32       44
..................................................................


WIND (MPH)
  HIGHEST WIND SPEED    21   HIGHEST WIND DIRECTION    SE (150)
  HIGHEST GUST SPEED    28   HIGHEST GUST DIRECTION    SE (130)
  AVERAGE WIND SPEED     7.1


SKY COVER
  AVERAGE SKY COVER 0.6


WEATHER CONDITIONS
 THE FOLLOWING WEATHER WAS RECORDED YESTERDAY.
  LIGHT RAIN
  FOG
  FOG W/VISIBILITY <= 1/4 MILE
  HAZE


RELATIVE HUMIDITY (PERCENT)
 HIGHEST   100           600 AM
 LOWEST     51           400 PM
 AVERAGE    76

..........................................................


THE CONCORDIA KS CLIMATE NORMALS FOR TODAY
                         NORMAL    RECORD    YEAR
 MAXIMUM TEMPERATURE (F)   74        95      1899
 MINIMUM TEMPERATURE (F)   51        31      1953


SUNRISE AND SUNSET
MAY 14 2018...........SUNRISE   617 AM CDT   SUNSET   837 PM CDT
MAY 15 2018...........SUNRISE   616 AM CDT   SUNSET   838 PM CDT


-  INDICATES NEGATIVE NUMBERS.
R  INDICATES RECORD WAS SET OR TIED.
MM INDICATES DATA IS MISSING.
T  INDICATES TRACE AMOUNT.




$$
