000
CDUS43 KTOP 240631
CLICNK


CLIMATE REPORT
NATIONAL WEATHER SERVICE TOPEKA KS
131 AM CDT THU MAY 24 2018


...................................

...THE CONCORDIA KS CLIMATE SUMMARY FOR MAY 23 2018...

CLIMATE NORMAL PERIOD 1981 TO 2010
CLIMATE RECORD PERIOD 1885 TO 2018


WEATHER ITEM   OBSERVED TIME   RECORD YEAR NORMAL DEPARTURE LAST
                VALUE   (LST)  VALUE       VALUE  FROM      YEAR
                                                  NORMAL
..................................................................
TEMPERATURE (F)
 YESTERDAY
  MAXIMUM         90    404 PM  96    2012  76     14       64
  MINIMUM         67    541 AM  38    1893  54     13       49
  AVERAGE         79                        65     14       57

PRECIPITATION (IN)
  YESTERDAY        0.00          2.52 2008   0.15  -0.15     0.11
  MONTH TO DATE    3.64                      3.02   0.62     7.05
  SINCE MAR 1      5.21                      7.48  -2.27    15.58
  SINCE JAN 1      6.20                      8.85  -2.65    17.43

SNOWFALL (IN)
  YESTERDAY        0.0           T    1946   0.0    0.0      0.0
  MONTH TO DATE    0.0                       0.0    0.0       T
  SINCE JAN 1      9.8                      13.7   -3.9      2.1
  SINCE JUL 1     11.6                      20.2   -8.6      4.3
  SNOW DEPTH       0

DEGREE DAYS
 HEATING
  YESTERDAY        0                         3     -3        8
  MONTH TO DATE    8                       114   -106      133
  SINCE MAR 1   1221                      1171     50     1050
  SINCE JUL 1   5306                      5378    -72     4551

 COOLING
  YESTERDAY       14                         3     11        0
  MONTH TO DATE  108                        40     68       50
  SINCE MAR 1    117                        57     60       69
  SINCE JAN 1    117                        57     60       69
..................................................................


WIND (MPH)
  HIGHEST WIND SPEED    23   HIGHEST WIND DIRECTION    SE (150)
  HIGHEST GUST SPEED    31   HIGHEST GUST DIRECTION    SE (150)
  AVERAGE WIND SPEED    14.9


SKY COVER
  AVERAGE SKY COVER 0.0


WEATHER CONDITIONS
 THE FOLLOWING WEATHER WAS RECORDED YESTERDAY.
  NO SIGNIFICANT WEATHER WAS OBSERVED.


RELATIVE HUMIDITY (PERCENT)
 HIGHEST    93           500 AM
 LOWEST     34           300 PM
 AVERAGE    64

..........................................................


THE CONCORDIA KS CLIMATE NORMALS FOR TODAY
                         NORMAL    RECORD    YEAR
 MAXIMUM TEMPERATURE (F)   77        99      1967
 MINIMUM TEMPERATURE (F)   55        36      1924


SUNRISE AND SUNSET
MAY 24 2018...........SUNRISE   609 AM CDT   SUNSET   846 PM CDT
MAY 25 2018...........SUNRISE   609 AM CDT   SUNSET   847 PM CDT


-  INDICATES NEGATIVE NUMBERS.
R  INDICATES RECORD WAS SET OR TIED.
MM INDICATES DATA IS MISSING.
T  INDICATES TRACE AMOUNT.




$$
