933
CDUS43 KTOP 260632
CLICNK


CLIMATE REPORT
NATIONAL WEATHER SERVICE TOPEKA KS
132 AM CDT THU APR 26 2018


...................................

...THE CONCORDIA KS CLIMATE SUMMARY FOR APRIL 25 2018...

CLIMATE NORMAL PERIOD 1981 TO 2010
CLIMATE RECORD PERIOD 1885 TO 2018


WEATHER ITEM   OBSERVED TIME   RECORD YEAR NORMAL DEPARTURE LAST
                VALUE   (LST)  VALUE       VALUE  FROM      YEAR
                                                  NORMAL
..................................................................
TEMPERATURE (F)
 YESTERDAY
  MAXIMUM         52    626 PM  94    2012  68    -16       63
  MINIMUM         40   1039 PM  32    2002  45     -5       41
                                      1972
                                      1910
  AVERAGE         46                        56    -10       52

PRECIPITATION (IN)
  YESTERDAY        0.30          0.98 1915   0.08   0.22      T
  MONTH TO DATE    0.97                      1.96  -0.99     2.95
  SINCE MAR 1      1.55                      3.97  -2.42     6.14
  SINCE JAN 1      2.54                      5.34  -2.80     7.99

SNOWFALL (IN)
  YESTERDAY        0.0           T    1919   0.0    0.0      0.0
  MONTH TO DATE    0.4                       0.5   -0.1      0.0
  SINCE JAN 1      9.8                      13.7   -3.9      2.1
  SINCE JUL 1     11.6                      20.2   -8.6      4.3
  SNOW DEPTH       0

DEGREE DAYS
 HEATING
  YESTERDAY       19                        10      9       13
  MONTH TO DATE  529                       330    199      237
  SINCE MAR 1   1183                      1014    169      806
  SINCE JUL 1   5268                      5221     47     4307

 COOLING
  YESTERDAY        0                         1     -1        0
  MONTH TO DATE    2                        10     -8       15
  SINCE MAR 1      2                        11     -9       19
  SINCE JAN 1      2                        11     -9       19
..................................................................


WIND (MPH)
  HIGHEST WIND SPEED    17   HIGHEST WIND DIRECTION     N (360)
  HIGHEST GUST SPEED    26   HIGHEST GUST DIRECTION     N (340)
  AVERAGE WIND SPEED    10.4


SKY COVER
  AVERAGE SKY COVER 0.8


WEATHER CONDITIONS
 THE FOLLOWING WEATHER WAS RECORDED YESTERDAY.
  RAIN
  LIGHT RAIN
  FOG


RELATIVE HUMIDITY (PERCENT)
 HIGHEST   100           500 AM
 LOWEST     63           600 PM
 AVERAGE    82

..........................................................


THE CONCORDIA KS CLIMATE NORMALS FOR TODAY
                         NORMAL    RECORD    YEAR
 MAXIMUM TEMPERATURE (F)   68        98      1989
 MINIMUM TEMPERATURE (F)   45        25      1907


SUNRISE AND SUNSET
APRIL 26 2018.........SUNRISE   638 AM CDT   SUNSET   820 PM CDT
APRIL 27 2018.........SUNRISE   637 AM CDT   SUNSET   821 PM CDT


-  INDICATES NEGATIVE NUMBERS.
R  INDICATES RECORD WAS SET OR TIED.
MM INDICATES DATA IS MISSING.
T  INDICATES TRACE AMOUNT.




$$
