000
CDUS43 KTOP 041247
CLICNK


CLIMATE REPORT
NATIONAL WEATHER SERVICE TOPEKA KS
745 AM CDT WED APR 4 2018


...................................

...THE CONCORDIA KS CLIMATE SUMMARY FOR APRIL 3 2018...

CLIMATE NORMAL PERIOD 1981 TO 2010
CLIMATE RECORD PERIOD 1885 TO 2018


WEATHER ITEM   OBSERVED TIME   RECORD YEAR NORMAL DEPARTURE LAST
                VALUE   (LST)  VALUE       VALUE  FROM      YEAR
                                                  NORMAL
..................................................................
TEMPERATURE (F)
 YESTERDAY
  MAXIMUM         43    207 PM  89    1929  61    -18       67
                                      1928
  MINIMUM         23   1159 PM  14    1975  37    -14       45
                                      1936
  AVERAGE         33                        49    -16       56

PRECIPITATION (IN)
  YESTERDAY        0.01          1.28 1945   0.08  -0.07     0.02
  MONTH TO DATE    0.01                      0.23  -0.22     0.70
  SINCE MAR 1      0.59                      2.24  -1.65     3.89
  SINCE JAN 1      1.58                      3.61  -2.03     5.74

SNOWFALL (IN)
  YESTERDAY       MM             2.4  1950   0.0   MM        0.0
  MONTH TO DATE    T                         0.1   -0.1      0.0
  SINCE JAN 1      9.4                      13.3   -3.9      2.1
  SINCE JUL 1     11.2                      19.8   -8.6      4.3
  SNOW DEPTH      MM

DEGREE DAYS
 HEATING
  YESTERDAY       32                        16     16        9
  MONTH TO DATE   99                        49     50       47
  SINCE MAR 1    753                       733     20      616
  SINCE JUL 1   4838                      4940   -102     4117

 COOLING
  YESTERDAY        0                         0      0        0
  MONTH TO DATE    0                         0      0        0
  SINCE MAR 1      0                         1     -1        4
  SINCE JAN 1      0                         1     -1        4
..................................................................


WIND (MPH)
  HIGHEST WIND SPEED    33   HIGHEST WIND DIRECTION    NW (330)
  HIGHEST GUST SPEED    49   HIGHEST GUST DIRECTION     N (340)
  AVERAGE WIND SPEED    17.7


SKY COVER
  AVERAGE SKY COVER 0.5


WEATHER CONDITIONS
 THE FOLLOWING WEATHER WAS RECORDED YESTERDAY.
  LIGHT SNOW
  FOG


RELATIVE HUMIDITY (PERCENT)
 HIGHEST   100           100 AM
 LOWEST     40           500 PM
 AVERAGE    70

..........................................................


THE CONCORDIA KS CLIMATE NORMALS FOR TODAY
                         NORMAL    RECORD    YEAR
 MAXIMUM TEMPERATURE (F)   62        90      1929
 MINIMUM TEMPERATURE (F)   37        18      1899


SUNRISE AND SUNSET
APRIL  4 2018.........SUNRISE   710 AM CDT   SUNSET   758 PM CDT
APRIL  5 2018.........SUNRISE   709 AM CDT   SUNSET   759 PM CDT


-  INDICATES NEGATIVE NUMBERS.
R  INDICATES RECORD WAS SET OR TIED.
MM INDICATES DATA IS MISSING.
T  INDICATES TRACE AMOUNT.




$$
