678
CDUS43 KTOP 120636
CLICNK


CLIMATE REPORT
NATIONAL WEATHER SERVICE TOPEKA KS
136 AM CDT THU APR 12 2018


...................................

...THE CONCORDIA KS CLIMATE SUMMARY FOR APRIL 11 2018...

CLIMATE NORMAL PERIOD 1981 TO 2010
CLIMATE RECORD PERIOD 1885 TO 2018


WEATHER ITEM   OBSERVED TIME   RECORD YEAR NORMAL DEPARTURE LAST
                VALUE   (LST)  VALUE       VALUE  FROM      YEAR
                                                  NORMAL
..................................................................
TEMPERATURE (F)
 YESTERDAY
  MAXIMUM         80    603 PM  92    1890  64     16       66
  MINIMUM         49    501 AM  22    1997  40      9       27
  AVERAGE         65                        52     13       47

PRECIPITATION (IN)
  YESTERDAY        0.00          1.28 1889   0.08  -0.08     0.00
  MONTH TO DATE    0.02                      0.83  -0.81     0.81
  SINCE MAR 1      0.60                      2.84  -2.24     4.00
  SINCE JAN 1      1.59                      4.21  -2.62     5.85

SNOWFALL (IN)
  YESTERDAY        0.0           7.8  1997   0.0    0.0      0.0
  MONTH TO DATE    0.2                       0.4   -0.2      0.0
  SINCE JAN 1      9.6                      13.6   -4.0      2.1
  SINCE JUL 1     11.4                      20.1   -8.7      4.3
  SNOW DEPTH       0

DEGREE DAYS
 HEATING
  YESTERDAY        0                        14    -14       18
  MONTH TO DATE  281                       168    113      151
  SINCE MAR 1    935                       852     83      720
  SINCE JUL 1   5020                      5059    -39     4221

 COOLING
  YESTERDAY        0                         0      0        0
  MONTH TO DATE    0                         0      0        1
  SINCE MAR 1      0                         1     -1        5
  SINCE JAN 1      0                         1     -1        5
..................................................................


WIND (MPH)
  HIGHEST WIND SPEED    24   HIGHEST WIND DIRECTION     S (190)
  HIGHEST GUST SPEED    33   HIGHEST GUST DIRECTION     S (180)
  AVERAGE WIND SPEED    13.8


SKY COVER
  AVERAGE SKY COVER 0.0


WEATHER CONDITIONS
 THE FOLLOWING WEATHER WAS RECORDED YESTERDAY.
  NO SIGNIFICANT WEATHER WAS OBSERVED.


RELATIVE HUMIDITY (PERCENT)
 HIGHEST    66           500 AM
 LOWEST     25           600 PM
 AVERAGE    46

..........................................................


THE CONCORDIA KS CLIMATE NORMALS FOR TODAY
                         NORMAL    RECORD    YEAR
 MAXIMUM TEMPERATURE (F)   64        87      1899
 MINIMUM TEMPERATURE (F)   40        19      1940


SUNRISE AND SUNSET
APRIL 12 2018.........SUNRISE   658 AM CDT   SUNSET   806 PM CDT
APRIL 13 2018.........SUNRISE   656 AM CDT   SUNSET   807 PM CDT


-  INDICATES NEGATIVE NUMBERS.
R  INDICATES RECORD WAS SET OR TIED.
MM INDICATES DATA IS MISSING.
T  INDICATES TRACE AMOUNT.




$$
