000
CDUS43 KTOP 180632
CLICNK


CLIMATE REPORT
NATIONAL WEATHER SERVICE TOPEKA KS
131 AM CDT WED APR 18 2018


...................................

...THE CONCORDIA KS CLIMATE SUMMARY FOR APRIL 17 2018...

CLIMATE NORMAL PERIOD 1981 TO 2010
CLIMATE RECORD PERIOD 1885 TO 2018


WEATHER ITEM   OBSERVED TIME   RECORD YEAR NORMAL DEPARTURE LAST
                VALUE   (LST)  VALUE       VALUE  FROM      YEAR
                                                  NORMAL
..................................................................
TEMPERATURE (F)
 YESTERDAY
  MAXIMUM         70    521 PM  90    1926  66      4       72
  MINIMUM         35    628 AM  21    1907  42     -7       42
  AVERAGE         53                        54     -1       57

PRECIPITATION (IN)
  YESTERDAY        0.00          2.12 2013   0.08  -0.08     0.00
  MONTH TO DATE    0.15                      1.29  -1.14     1.94
  SINCE MAR 1      0.73                      3.30  -2.57     5.13
  SINCE JAN 1      1.72                      4.67  -2.95     6.98

SNOWFALL (IN)
  YESTERDAY        0.0           T    1922   0.0    0.0      0.0
  MONTH TO DATE    0.4                       0.4    0.0      0.0
  SINCE JAN 1      9.8                      13.6   -3.8      2.1
  SINCE JUL 1     11.6                      20.1   -8.5      4.3
  SNOW DEPTH       0

DEGREE DAYS
 HEATING
  YESTERDAY       12                        12      0        8
  MONTH TO DATE  398                       244    154      177
  SINCE MAR 1   1052                       928    124      746
  SINCE JUL 1   5137                      5135      2     4247

 COOLING
  YESTERDAY        0                         1     -1        0
  MONTH TO DATE    2                         2      0       10
  SINCE MAR 1      2                         3     -1       14
  SINCE JAN 1      2                         3     -1       14
..................................................................


WIND (MPH)
  HIGHEST WIND SPEED    31   HIGHEST WIND DIRECTION     N (340)
  HIGHEST GUST SPEED    44   HIGHEST GUST DIRECTION     N (350)
  AVERAGE WIND SPEED    15.1


SKY COVER
  AVERAGE SKY COVER 0.0


WEATHER CONDITIONS
 THE FOLLOWING WEATHER WAS RECORDED YESTERDAY.
  NO SIGNIFICANT WEATHER WAS OBSERVED.


RELATIVE HUMIDITY (PERCENT)
 HIGHEST    70           200 AM
 LOWEST     31           500 PM
 AVERAGE    51

..........................................................


THE CONCORDIA KS CLIMATE NORMALS FOR TODAY
                         NORMAL    RECORD    YEAR
 MAXIMUM TEMPERATURE (F)   66        92      1994
 MINIMUM TEMPERATURE (F)   42        27      1953


SUNRISE AND SUNSET
APRIL 18 2018.........SUNRISE   649 AM CDT   SUNSET   812 PM CDT
APRIL 19 2018.........SUNRISE   647 AM CDT   SUNSET   813 PM CDT


-  INDICATES NEGATIVE NUMBERS.
R  INDICATES RECORD WAS SET OR TIED.
MM INDICATES DATA IS MISSING.
T  INDICATES TRACE AMOUNT.




$$
