551
CDUS43 KTOP 240632
CLICNK


CLIMATE REPORT
NATIONAL WEATHER SERVICE TOPEKA KS
132 AM CDT TUE APR 24 2018


...................................

...THE CONCORDIA KS CLIMATE SUMMARY FOR APRIL 23 2018...

CLIMATE NORMAL PERIOD 1981 TO 2010
CLIMATE RECORD PERIOD 1885 TO 2018


WEATHER ITEM   OBSERVED TIME   RECORD YEAR NORMAL DEPARTURE LAST
                VALUE   (LST)  VALUE       VALUE  FROM      YEAR
                                                  NORMAL
..................................................................
TEMPERATURE (F)
 YESTERDAY
  MAXIMUM         74    451 PM  95    1989  67      7       67
  MINIMUM         39    617 AM  29    2013  44     -5       36
                                      1967
  AVERAGE         57                        56      1       52

PRECIPITATION (IN)
  YESTERDAY        0.00          0.91 2003   0.08  -0.08     0.00
  MONTH TO DATE    0.63                      1.78  -1.15     2.95
  SINCE MAR 1      1.21                      3.79  -2.58     6.14
  SINCE JAN 1      2.20                      5.16  -2.96     7.99

SNOWFALL (IN)
  YESTERDAY        0.0           2.2  2013   0.0    0.0      0.0
  MONTH TO DATE    0.4                       0.5   -0.1      0.0
  SINCE JAN 1      9.8                      13.7   -3.9      2.1
  SINCE JUL 1     11.6                      20.2   -8.6      4.3
  SNOW DEPTH       0

DEGREE DAYS
 HEATING
  YESTERDAY        8                        10     -2       13
  MONTH TO DATE  501                       310    191      221
  SINCE MAR 1   1155                       994    161      790
  SINCE JUL 1   5240                      5201     39     4291

 COOLING
  YESTERDAY        0                         1     -1        0
  MONTH TO DATE    2                         8     -6       15
  SINCE MAR 1      2                         9     -7       19
  SINCE JAN 1      2                         9     -7       19
..................................................................


WIND (MPH)
  HIGHEST WIND SPEED    14   HIGHEST WIND DIRECTION    NE (60)
  HIGHEST GUST SPEED    18   HIGHEST GUST DIRECTION    NE (50)
  AVERAGE WIND SPEED     3.9


SKY COVER
  AVERAGE SKY COVER 0.0


WEATHER CONDITIONS
 THE FOLLOWING WEATHER WAS RECORDED YESTERDAY.
  NO SIGNIFICANT WEATHER WAS OBSERVED.


RELATIVE HUMIDITY (PERCENT)
 HIGHEST    85           400 AM
 LOWEST     22           400 PM
 AVERAGE    54

..........................................................


THE CONCORDIA KS CLIMATE NORMALS FOR TODAY
                         NORMAL    RECORD    YEAR
 MAXIMUM TEMPERATURE (F)   68        98      1989
 MINIMUM TEMPERATURE (F)   44        25      2013
                                             1967


SUNRISE AND SUNSET
APRIL 24 2018.........SUNRISE   641 AM CDT   SUNSET   818 PM CDT
APRIL 25 2018.........SUNRISE   639 AM CDT   SUNSET   819 PM CDT


-  INDICATES NEGATIVE NUMBERS.
R  INDICATES RECORD WAS SET OR TIED.
MM INDICATES DATA IS MISSING.
T  INDICATES TRACE AMOUNT.




$$
