000
CDUS43 KTOP 200632
CLICNK


CLIMATE REPORT
NATIONAL WEATHER SERVICE TOPEKA KS
131 AM CDT FRI APR 20 2018


...................................

...THE CONCORDIA KS CLIMATE SUMMARY FOR APRIL 19 2018...

CLIMATE NORMAL PERIOD 1981 TO 2010
CLIMATE RECORD PERIOD 1885 TO 2018


WEATHER ITEM   OBSERVED TIME   RECORD YEAR NORMAL DEPARTURE LAST
                VALUE   (LST)  VALUE       VALUE  FROM      YEAR
                                                  NORMAL
..................................................................
TEMPERATURE (F)
 YESTERDAY
  MAXIMUM         59    452 PM  89    1955  66     -7       81
  MINIMUM         28    615 AM  27    2013  42    -14       54
  AVERAGE         44                        54    -10       68

PRECIPITATION (IN)
  YESTERDAY        0.00          2.25 1929   0.08  -0.08     0.97
  MONTH TO DATE    0.15                      1.44  -1.29     2.93
  SINCE MAR 1      0.73                      3.45  -2.72     6.12
  SINCE JAN 1      1.72                      4.82  -3.10     7.97

SNOWFALL (IN)
  YESTERDAY        0.0           T    1950   0.0    0.0      0.0
  MONTH TO DATE    0.4                       0.5   -0.1      0.0
  SINCE JAN 1      9.8                      13.7   -3.9      2.1
  SINCE JUL 1     11.6                      20.2   -8.6      4.3
  SNOW DEPTH       0

DEGREE DAYS
 HEATING
  YESTERDAY       21                        11     10        0
  MONTH TO DATE  441                       267    174      177
  SINCE MAR 1   1095                       951    144      746
  SINCE JUL 1   5180                      5158     22     4247

 COOLING
  YESTERDAY        0                         1     -1        3
  MONTH TO DATE    2                         4     -2       15
  SINCE MAR 1      2                         5     -3       19
  SINCE JAN 1      2                         5     -3       19
..................................................................


WIND (MPH)
  HIGHEST WIND SPEED    14   HIGHEST WIND DIRECTION     E (80)
  HIGHEST GUST SPEED    20   HIGHEST GUST DIRECTION     E (80)
  AVERAGE WIND SPEED     7.0


SKY COVER
  AVERAGE SKY COVER 0.0


WEATHER CONDITIONS
 THE FOLLOWING WEATHER WAS RECORDED YESTERDAY.
  NO SIGNIFICANT WEATHER WAS OBSERVED.


RELATIVE HUMIDITY (PERCENT)
 HIGHEST    85           400 AM
 LOWEST     28           400 PM
 AVERAGE    57

..........................................................


THE CONCORDIA KS CLIMATE NORMALS FOR TODAY
                         NORMAL    RECORD    YEAR
 MAXIMUM TEMPERATURE (F)   66       100      1902
 MINIMUM TEMPERATURE (F)   43        25      1953


SUNRISE AND SUNSET
APRIL 20 2018.........SUNRISE   646 AM CDT   SUNSET   814 PM CDT
APRIL 21 2018.........SUNRISE   645 AM CDT   SUNSET   815 PM CDT


-  INDICATES NEGATIVE NUMBERS.
R  INDICATES RECORD WAS SET OR TIED.
MM INDICATES DATA IS MISSING.
T  INDICATES TRACE AMOUNT.




$$
