000
CDUS43 KTOP 202156
CLICNK


CLIMATE REPORT
NATIONAL WEATHER SERVICE TOPEKA KS
456 PM CDT SUN MAY 20 2018


...................................

...THE CONCORDIA KS CLIMATE SUMMARY FOR MAY 20 2018...
VALID TODAY AS OF 0400 PM LOCAL TIME.

CLIMATE NORMAL PERIOD 1981 TO 2010
CLIMATE RECORD PERIOD 1885 TO 2018


WEATHER ITEM   OBSERVED TIME   RECORD YEAR NORMAL DEPARTURE LAST
                VALUE   (LST)  VALUE       VALUE  FROM      YEAR
                                                  NORMAL
..................................................................
TEMPERATURE (F)
 TODAY
  MAXIMUM         62    247 PM  98    1956  75    -13       53
  MINIMUM         54    744 AM  33    1931  53      1       41
  AVERAGE         58                        64     -6       47

PRECIPITATION (IN)
  TODAY            0.00          2.40 1982   0.14  -0.14     0.19
                                      1945
  MONTH TO DATE    3.64                      2.58   1.06     6.59
  SINCE MAR 1      5.21                      7.04  -1.83    15.12
  SINCE JAN 1      6.20                      8.41  -2.21    16.97

SNOWFALL (IN)
  TODAY            0.0           T    1953   0.0    0.0      0.0
  MONTH TO DATE    0.0                       0.0    0.0       T
  SINCE JAN 1      9.8                      13.7   -3.9      2.1
  SINCE JUL 1     11.6                      20.2   -8.6      4.3
  SNOW DEPTH       0

DEGREE DAYS
 HEATING
  TODAY            7                         3      4       18
  MONTH TO DATE    8                       105    -97      110
  SINCE MAR 1   1221                      1162     59     1027
  SINCE JUL 1   5306                      5369    -63     4528

 COOLING
  TODAY            0                         3     -3        0
  MONTH TO DATE   83                        31     52       50
  SINCE MAR 1     92                        48     44       69
  SINCE JAN 1     92                        48     44       69
..................................................................


WIND (MPH)
  HIGHEST WIND SPEED    14   HIGHEST WIND DIRECTION    NW (330)
  HIGHEST GUST SPEED    18   HIGHEST GUST DIRECTION     N (350)
  AVERAGE WIND SPEED     8.6



WEATHER CONDITIONS
 THE FOLLOWING WEATHER WAS RECORDED TODAY.
  FOG


RELATIVE HUMIDITY (PERCENT)
 HIGHEST   100           600 AM
 LOWEST     84           200 PM
 AVERAGE    92

..........................................................


THE CONCORDIA KS CLIMATE NORMALS FOR TOMORROW
                         NORMAL    RECORD    YEAR
 MAXIMUM TEMPERATURE (F)   76        96      2005
 MINIMUM TEMPERATURE (F)   54        36      1968
                                             1892


SUNRISE AND SUNSET
MAY 20 2018...........SUNRISE   612 AM CDT   SUNSET   843 PM CDT
MAY 21 2018...........SUNRISE   612 AM CDT   SUNSET   843 PM CDT


-  INDICATES NEGATIVE NUMBERS.
R  INDICATES RECORD WAS SET OR TIED.
MM INDICATES DATA IS MISSING.
T  INDICATES TRACE AMOUNT.




$$
