000
CDUS43 KTOP 130634
CLICNK


CLIMATE REPORT
NATIONAL WEATHER SERVICE TOPEKA KS
133 AM CDT SUN MAY 13 2018


...................................

...THE CONCORDIA KS CLIMATE SUMMARY FOR MAY 12 2018...

CLIMATE NORMAL PERIOD 1981 TO 2010
CLIMATE RECORD PERIOD 1885 TO 2018


WEATHER ITEM   OBSERVED TIME   RECORD YEAR NORMAL DEPARTURE LAST
                VALUE   (LST)  VALUE       VALUE  FROM      YEAR
                                                  NORMAL
..................................................................
TEMPERATURE (F)
 YESTERDAY
  MAXIMUM         83    303 PM  99    1956  73     10       73
  MINIMUM         55    944 PM  36    1971  51      4       43
                                      1943
  AVERAGE         69                        62      7       58

PRECIPITATION (IN)
  YESTERDAY        0.00          2.25 1887   0.14  -0.14     0.00
  MONTH TO DATE    2.79                      1.47   1.32     1.17
  SINCE MAR 1      4.36                      5.93  -1.57     9.70
  SINCE JAN 1      5.35                      7.30  -1.95    11.55

SNOWFALL (IN)
  YESTERDAY        0.0           T    1934   0.0    0.0      0.0
  MONTH TO DATE    0.0                       0.0    0.0       T
  SINCE JAN 1      9.8                      13.7   -3.9      2.1
  SINCE JUL 1     11.6                      20.2   -8.6      4.3
  SNOW DEPTH       0

DEGREE DAYS
 HEATING
  YESTERDAY        0                         5     -5        7
  MONTH TO DATE    1                        74    -73       66
  SINCE MAR 1   1214                      1131     83      983
  SINCE JUL 1   5299                      5338    -39     4484

 COOLING
  YESTERDAY        4                         2      2        0
  MONTH TO DATE   53                        14     39       25
  SINCE MAR 1     62                        31     31       44
  SINCE JAN 1     62                        31     31       44
..................................................................


WIND (MPH)
  HIGHEST WIND SPEED    22   HIGHEST WIND DIRECTION    NW (330)
  HIGHEST GUST SPEED    28   HIGHEST GUST DIRECTION     N (340)
  AVERAGE WIND SPEED    10.0


SKY COVER
  AVERAGE SKY COVER 0.3


WEATHER CONDITIONS
 THE FOLLOWING WEATHER WAS RECORDED YESTERDAY.
  FOG
  HAZE


RELATIVE HUMIDITY (PERCENT)
 HIGHEST   100           300 AM
 LOWEST     47           300 PM
 AVERAGE    74

..........................................................


THE CONCORDIA KS CLIMATE NORMALS FOR TODAY
                         NORMAL    RECORD    YEAR
 MAXIMUM TEMPERATURE (F)   73        93      1940
                                             1915
 MINIMUM TEMPERATURE (F)   51        33      1966


SUNRISE AND SUNSET
MAY 13 2018...........SUNRISE   618 AM CDT   SUNSET   836 PM CDT
MAY 14 2018...........SUNRISE   617 AM CDT   SUNSET   837 PM CDT


-  INDICATES NEGATIVE NUMBERS.
R  INDICATES RECORD WAS SET OR TIED.
MM INDICATES DATA IS MISSING.
T  INDICATES TRACE AMOUNT.




$$
