396
CDUS43 KTOP 170634
CLICNK


CLIMATE REPORT
NATIONAL WEATHER SERVICE TOPEKA KS
134 AM CDT TUE APR 17 2018


...................................

...THE CONCORDIA KS CLIMATE SUMMARY FOR APRIL 16 2018...

CLIMATE NORMAL PERIOD 1981 TO 2010
CLIMATE RECORD PERIOD 1885 TO 2018


WEATHER ITEM   OBSERVED TIME   RECORD YEAR NORMAL DEPARTURE LAST
                VALUE   (LST)  VALUE       VALUE  FROM      YEAR
                                                  NORMAL
..................................................................
TEMPERATURE (F)
 YESTERDAY
  MAXIMUM         56    555 PM  91    1964  65     -9       63
  MINIMUM         28    636 AM  25    1953  41    -13       45
  AVERAGE         42                        53    -11       54

PRECIPITATION (IN)
  YESTERDAY        0.00          0.98 1969   0.08  -0.08      T
  MONTH TO DATE    0.15                      1.21  -1.06     1.94
  SINCE MAR 1      0.73                      3.22  -2.49     5.13
  SINCE JAN 1      1.72                      4.59  -2.87     6.98

SNOWFALL (IN)
  YESTERDAY        0.0           T    1973   0.0    0.0      0.0
  MONTH TO DATE    0.4                       0.4    0.0      0.0
  SINCE JAN 1      9.8                      13.6   -3.8      2.1
  SINCE JUL 1     11.6                      20.1   -8.5      4.3
  SNOW DEPTH       0

DEGREE DAYS
 HEATING
  YESTERDAY       23                        12     11       11
  MONTH TO DATE  386                       232    154      169
  SINCE MAR 1   1040                       916    124      738
  SINCE JUL 1   5125                      5123      2     4239

 COOLING
  YESTERDAY        0                         1     -1        0
  MONTH TO DATE    2                         1      1       10
  SINCE MAR 1      2                         2      0       14
  SINCE JAN 1      2                         2      0       14
..................................................................


WIND (MPH)
  HIGHEST WIND SPEED    17   HIGHEST WIND DIRECTION     N (350)
  HIGHEST GUST SPEED    22   HIGHEST GUST DIRECTION     N (340)
  AVERAGE WIND SPEED     7.5


SKY COVER
  AVERAGE SKY COVER 0.4


WEATHER CONDITIONS
 THE FOLLOWING WEATHER WAS RECORDED YESTERDAY.
  NO SIGNIFICANT WEATHER WAS OBSERVED.


RELATIVE HUMIDITY (PERCENT)
 HIGHEST    75           100 AM
 LOWEST     26           500 PM
 AVERAGE    51

..........................................................


THE CONCORDIA KS CLIMATE NORMALS FOR TODAY
                         NORMAL    RECORD    YEAR
 MAXIMUM TEMPERATURE (F)   66        90      1926
 MINIMUM TEMPERATURE (F)   42        21      1907


SUNRISE AND SUNSET
APRIL 17 2018.........SUNRISE   650 AM CDT   SUNSET   811 PM CDT
APRIL 18 2018.........SUNRISE   649 AM CDT   SUNSET   812 PM CDT


-  INDICATES NEGATIVE NUMBERS.
R  INDICATES RECORD WAS SET OR TIED.
MM INDICATES DATA IS MISSING.
T  INDICATES TRACE AMOUNT.




$$
