000
CDUS43 KTOP 080640
CLICNK


CLIMATE REPORT
NATIONAL WEATHER SERVICE TOPEKA KS
140 AM CDT TUE MAY 8 2018


...................................

...THE CONCORDIA KS CLIMATE SUMMARY FOR MAY 7 2018...

CLIMATE NORMAL PERIOD 1981 TO 2010
CLIMATE RECORD PERIOD 1885 TO 2018


WEATHER ITEM   OBSERVED TIME   RECORD YEAR NORMAL DEPARTURE LAST
                VALUE   (LST)  VALUE       VALUE  FROM      YEAR
                                                  NORMAL
..................................................................
TEMPERATURE (F)
 YESTERDAY
  MAXIMUM         85    438 PM  99    2014  71     14       83
  MINIMUM         53    530 AM  31    1890  49      4       57
  AVERAGE         69                        60      9       70

PRECIPITATION (IN)
  YESTERDAY        0.00          1.86 1995   0.12  -0.12     0.00
  MONTH TO DATE    2.79                      0.81   1.98     0.12
  SINCE MAR 1      4.36                      5.27  -0.91     8.65
  SINCE JAN 1      5.35                      6.64  -1.29    10.50

SNOWFALL (IN)
  YESTERDAY        0.0           T    1967   0.0    0.0      0.0
  MONTH TO DATE    0.0                       0.0    0.0       T
  SINCE JAN 1      9.8                      13.7   -3.9      2.1
  SINCE JUL 1     11.6                      20.2   -8.6      4.3
  SNOW DEPTH       0

DEGREE DAYS
 HEATING
  YESTERDAY        0                         6     -6        0
  MONTH TO DATE    1                        48    -47       55
  SINCE MAR 1   1214                      1105    109      972
  SINCE JUL 1   5299                      5312    -13     4473

 COOLING
  YESTERDAY        4                         1      3        5
  MONTH TO DATE   19                         7     12       10
  SINCE MAR 1     28                        24      4       29
  SINCE JAN 1     28                        24      4       29
..................................................................


WIND (MPH)
  HIGHEST WIND SPEED    20   HIGHEST WIND DIRECTION    SE (150)
  HIGHEST GUST SPEED    26   HIGHEST GUST DIRECTION    SE (150)
  AVERAGE WIND SPEED    10.1


SKY COVER
  AVERAGE SKY COVER 0.0


WEATHER CONDITIONS
 THE FOLLOWING WEATHER WAS RECORDED YESTERDAY.
  NO SIGNIFICANT WEATHER WAS OBSERVED.


RELATIVE HUMIDITY (PERCENT)
 HIGHEST    77           400 AM
 LOWEST     29           200 PM
 AVERAGE    53

..........................................................


THE CONCORDIA KS CLIMATE NORMALS FOR TODAY
                         NORMAL    RECORD    YEAR
 MAXIMUM TEMPERATURE (F)   72        94      1963
 MINIMUM TEMPERATURE (F)   49        31      1885


SUNRISE AND SUNSET
MAY  8 2018...........SUNRISE   623 AM CDT   SUNSET   831 PM CDT
MAY  9 2018...........SUNRISE   622 AM CDT   SUNSET   832 PM CDT


-  INDICATES NEGATIVE NUMBERS.
R  INDICATES RECORD WAS SET OR TIED.
MM INDICATES DATA IS MISSING.
T  INDICATES TRACE AMOUNT.




$$
