000
CDUS43 KTOP 030633
CLICNK


CLIMATE REPORT
NATIONAL WEATHER SERVICE TOPEKA KS
132 AM CDT TUE APR 3 2018


...................................

...THE CONCORDIA KS CLIMATE SUMMARY FOR APRIL 2 2018...

CLIMATE NORMAL PERIOD 1981 TO 2010
CLIMATE RECORD PERIOD 1885 TO 2018


WEATHER ITEM   OBSERVED TIME   RECORD YEAR NORMAL DEPARTURE LAST
                VALUE   (LST)  VALUE       VALUE  FROM      YEAR
                                                  NORMAL
..................................................................
TEMPERATURE (F)
 YESTERDAY
  MAXIMUM         50    434 PM  87    2003  61    -11       53
                                      1981
                                      1928
  MINIMUM         24    751 AM  15    1975  37    -13       42
                                      1936
  AVERAGE         37                        49    -12       48

PRECIPITATION (IN)
  YESTERDAY        0.00          1.78 1957   0.07  -0.07     0.01
  MONTH TO DATE    T                         0.15  -0.15     0.68
  SINCE MAR 1      0.58                      2.16  -1.58     3.87
  SINCE JAN 1      1.57                      3.53  -1.96     5.72

SNOWFALL (IN)
  YESTERDAY        0.0           3.0  2009   0.1   -0.1      0.0
  MONTH TO DATE    T                         0.1   -0.1      0.0
  SINCE JAN 1      9.4                      13.3   -3.9      2.1
  SINCE JUL 1     11.2                      19.8   -8.6      4.3
  SNOW DEPTH       T

DEGREE DAYS
 HEATING
  YESTERDAY       28                        16     12       17
  MONTH TO DATE   67                        33     34       38
  SINCE MAR 1    721                       717      4      607
  SINCE JUL 1   4806                      4924   -118     4108

 COOLING
  YESTERDAY        0                         0      0        0
  MONTH TO DATE    0                         0      0        0
  SINCE MAR 1      0                         1     -1        4
  SINCE JAN 1      0                         1     -1        4
..................................................................


WIND (MPH)
  HIGHEST WIND SPEED    23   HIGHEST WIND DIRECTION     S (160)
  HIGHEST GUST SPEED    29   HIGHEST GUST DIRECTION    SE (150)
  AVERAGE WIND SPEED    13.0


SKY COVER
  AVERAGE SKY COVER 0.8


WEATHER CONDITIONS
 THE FOLLOWING WEATHER WAS RECORDED YESTERDAY.
  NO SIGNIFICANT WEATHER WAS OBSERVED.


RELATIVE HUMIDITY (PERCENT)
 HIGHEST   100          1000 PM
 LOWEST     56           500 PM
 AVERAGE    78

..........................................................


THE CONCORDIA KS CLIMATE NORMALS FOR TODAY
                         NORMAL    RECORD    YEAR
 MAXIMUM TEMPERATURE (F)   61        89      1929
                                             1928
 MINIMUM TEMPERATURE (F)   37        14      1975
                                             1936


SUNRISE AND SUNSET
APRIL  3 2018.........SUNRISE   712 AM CDT   SUNSET   757 PM CDT
APRIL  4 2018.........SUNRISE   710 AM CDT   SUNSET   758 PM CDT


-  INDICATES NEGATIVE NUMBERS.
R  INDICATES RECORD WAS SET OR TIED.
MM INDICATES DATA IS MISSING.
T  INDICATES TRACE AMOUNT.




$$
