000
CDUS43 KTOP 132132
CLICNK


CLIMATE REPORT
NATIONAL WEATHER SERVICE TOPEKA KS
432 PM CDT FRI APR 13 2018


...................................

...THE CONCORDIA KS CLIMATE SUMMARY FOR APRIL 13 2018...
VALID TODAY AS OF 0400 PM LOCAL TIME.

CLIMATE NORMAL PERIOD 1981 TO 2010
CLIMATE RECORD PERIOD 1885 TO 2018


WEATHER ITEM   OBSERVED TIME   RECORD YEAR NORMAL DEPARTURE LAST
                VALUE   (LST)  VALUE       VALUE  FROM      YEAR
                                                  NORMAL
..................................................................
TEMPERATURE (F)
 TODAY
  MAXIMUM         73   1231 AM  89    1936  64      9       75
  MINIMUM         53    805 AM  19    1950  40     13       57
  AVERAGE         63                        52     11       66

PRECIPITATION (IN)
  TODAY            0.00          1.99 1987   0.08  -0.08      T
  MONTH TO DATE    0.02                      0.98  -0.96     1.79
  SINCE MAR 1      0.60                      2.99  -2.39     4.98
  SINCE JAN 1      1.59                      4.36  -2.77     6.83

SNOWFALL (IN)
  TODAY            0.0           2.4  1983   0.0    0.0      0.0
  MONTH TO DATE    0.2                       0.4   -0.2      0.0
  SINCE JAN 1      9.6                      13.6   -4.0      2.1
  SINCE JUL 1     11.4                      20.1   -8.7      4.3
  SNOW DEPTH       0

DEGREE DAYS
 HEATING
  TODAY            2                        13    -11        0
  MONTH TO DATE  283                       194     89      158
  SINCE MAR 1    937                       878     59      727
  SINCE JUL 1   5022                      5085    -63     4228

 COOLING
  TODAY            0                         0      0        1
  MONTH TO DATE    2                         0      2        2
  SINCE MAR 1      2                         1      1        6
  SINCE JAN 1      2                         1      1        6
..................................................................


WIND (MPH)
  HIGHEST WIND SPEED    36   HIGHEST WIND DIRECTION     S (180)
  HIGHEST GUST SPEED    57   HIGHEST GUST DIRECTION     S (180)
  AVERAGE WIND SPEED    19.0



WEATHER CONDITIONS
 THE FOLLOWING WEATHER WAS RECORDED TODAY.
  NO SIGNIFICANT WEATHER WAS OBSERVED.


RELATIVE HUMIDITY (PERCENT)
 HIGHEST    73           200 AM
 LOWEST     48           100 PM
 AVERAGE    61

..........................................................


THE CONCORDIA KS CLIMATE NORMALS FOR TOMORROW
                         NORMAL    RECORD    YEAR
 MAXIMUM TEMPERATURE (F)   65        90      2002
 MINIMUM TEMPERATURE (F)   41        22      1928


SUNRISE AND SUNSET
APRIL 13 2018.........SUNRISE   656 AM CDT   SUNSET   807 PM CDT
APRIL 14 2018.........SUNRISE   655 AM CDT   SUNSET   808 PM CDT


-  INDICATES NEGATIVE NUMBERS.
R  INDICATES RECORD WAS SET OR TIED.
MM INDICATES DATA IS MISSING.
T  INDICATES TRACE AMOUNT.




$$
