000
CDUS43 KTOP 102134
CLICNK


CLIMATE REPORT
NATIONAL WEATHER SERVICE TOPEKA KS
433 PM CDT TUE APR 10 2018


...................................

...THE CONCORDIA KS CLIMATE SUMMARY FOR APRIL 10 2018...
VALID TODAY AS OF 0400 PM LOCAL TIME.

CLIMATE NORMAL PERIOD 1981 TO 2010
CLIMATE RECORD PERIOD 1885 TO 2018


WEATHER ITEM   OBSERVED TIME   RECORD YEAR NORMAL DEPARTURE LAST
                VALUE   (LST)  VALUE       VALUE  FROM      YEAR
                                                  NORMAL
..................................................................
TEMPERATURE (F)
 TODAY
  MAXIMUM         75    234 PM  92    1896  63     12       57
  MINIMUM         24    153 AM  19    1989  39    -15       35
  AVERAGE         50                        51     -1       46

PRECIPITATION (IN)
  TODAY            0.00          0.96 1972   0.07  -0.07     0.00
  MONTH TO DATE    0.02                      0.75  -0.73     0.81
  SINCE MAR 1      0.60                      2.76  -2.16     4.00
  SINCE JAN 1      1.59                      4.13  -2.54     5.85

SNOWFALL (IN)
  TODAY            0.0           T    2013   0.1   -0.1      0.0
                                      1994
  MONTH TO DATE    0.2                       0.4   -0.2      0.0
  SINCE JAN 1      9.6                      13.6   -4.0      2.1
  SINCE JUL 1     11.4                      20.1   -8.7      4.3
  SNOW DEPTH       0

DEGREE DAYS
 HEATING
  TODAY           15                        14      1       19
  MONTH TO DATE  282                       154    128      133
  SINCE MAR 1    936                       838     98      702
  SINCE JUL 1   5021                      5045    -24     4203

 COOLING
  TODAY            0                         0      0        0
  MONTH TO DATE    0                         0      0        1
  SINCE MAR 1      0                         1     -1        5
  SINCE JAN 1      0                         1     -1        5
..................................................................


WIND (MPH)
  HIGHEST WIND SPEED    25   HIGHEST WIND DIRECTION    SW (240)
  HIGHEST GUST SPEED    35   HIGHEST GUST DIRECTION    SW (240)
  AVERAGE WIND SPEED    10.6



WEATHER CONDITIONS
 THE FOLLOWING WEATHER WAS RECORDED TODAY.
  NO SIGNIFICANT WEATHER WAS OBSERVED.


RELATIVE HUMIDITY (PERCENT)
 HIGHEST    88           200 AM
 LOWEST     25           300 PM
 AVERAGE    57

..........................................................


THE CONCORDIA KS CLIMATE NORMALS FOR TOMORROW
                         NORMAL    RECORD    YEAR
 MAXIMUM TEMPERATURE (F)   64        92      1890
 MINIMUM TEMPERATURE (F)   40        22      1997


SUNRISE AND SUNSET
APRIL 10 2018.........SUNRISE   701 AM CDT   SUNSET   804 PM CDT
APRIL 11 2018.........SUNRISE   659 AM CDT   SUNSET   805 PM CDT


-  INDICATES NEGATIVE NUMBERS.
R  INDICATES RECORD WAS SET OR TIED.
MM INDICATES DATA IS MISSING.
T  INDICATES TRACE AMOUNT.




$$
