000
CDUS43 KTOP 310633
CLICNK


CLIMATE REPORT
NATIONAL WEATHER SERVICE TOPEKA KS
133 AM CDT SAT MAR 31 2018


...................................

...THE CONCORDIA KS CLIMATE SUMMARY FOR MARCH 30 2018...

CLIMATE NORMAL PERIOD 1981 TO 2010
CLIMATE RECORD PERIOD 1885 TO 2018


WEATHER ITEM   OBSERVED TIME   RECORD YEAR NORMAL DEPARTURE LAST
                VALUE   (LST)  VALUE       VALUE  FROM      YEAR
                                                  NORMAL
..................................................................
TEMPERATURE (F)
 YESTERDAY
  MAXIMUM         62    455 PM  89    1917  60      2       46
  MINIMUM         24    615 AM   8    1886  36    -12       39
  AVERAGE         43                        48     -5       43

PRECIPITATION (IN)
  YESTERDAY        0.00          1.32 1998   0.08  -0.08     0.39
  MONTH TO DATE    0.58                      1.92  -1.34     3.19
  SINCE MAR 1      0.58                      1.92  -1.34     3.19
  SINCE JAN 1      1.57                      3.29  -1.72     5.04

SNOWFALL (IN)
  YESTERDAY        0.0           5.2  1985   0.1   -0.1      0.0
  MONTH TO DATE    T                         2.7   -2.7      0.8
  SINCE JAN 1      9.4                      13.1   -3.7      2.1
  SINCE JUL 1     11.2                      19.6   -8.4      4.3
  SNOW DEPTH       0

DEGREE DAYS
 HEATING
  YESTERDAY       22                        17      5       22
  MONTH TO DATE  632                       667    -35      549
  SINCE MAR 1    632                       667    -35      549
  SINCE JUL 1   4717                      4874   -157     4050

 COOLING
  YESTERDAY        0                         0      0        0
  MONTH TO DATE    0                         0      0        4
  SINCE MAR 1      0                         0      0        4
  SINCE JAN 1      0                         0      0        4
..................................................................


WIND (MPH)
  HIGHEST WIND SPEED    31   HIGHEST WIND DIRECTION     S (190)
  HIGHEST GUST SPEED    42   HIGHEST GUST DIRECTION     S (180)
  AVERAGE WIND SPEED    11.5


SKY COVER
  AVERAGE SKY COVER 0.1


WEATHER CONDITIONS
 THE FOLLOWING WEATHER WAS RECORDED YESTERDAY.
  NO SIGNIFICANT WEATHER WAS OBSERVED.


RELATIVE HUMIDITY (PERCENT)
 HIGHEST    92           600 AM
 LOWEST     25           400 PM
 AVERAGE    59

..........................................................


THE CONCORDIA KS CLIMATE NORMALS FOR TODAY
                         NORMAL    RECORD    YEAR
 MAXIMUM TEMPERATURE (F)   60        92      1946
 MINIMUM TEMPERATURE (F)   36        10      1886


SUNRISE AND SUNSET
MARCH 31 2018.........SUNRISE   716 AM CDT   SUNSET   754 PM CDT
APRIL  1 2018.........SUNRISE   715 AM CDT   SUNSET   755 PM CDT


-  INDICATES NEGATIVE NUMBERS.
R  INDICATES RECORD WAS SET OR TIED.
MM INDICATES DATA IS MISSING.
T  INDICATES TRACE AMOUNT.




$$
