000
CDUS43 KTOP 010634
CLICNK


CLIMATE REPORT
NATIONAL WEATHER SERVICE TOPEKA KS
132 AM CDT TUE MAY 1 2018


...................................

...THE CONCORDIA KS CLIMATE SUMMARY FOR APRIL 30 2018...

CLIMATE NORMAL PERIOD 1981 TO 2010
CLIMATE RECORD PERIOD 1885 TO 2018


WEATHER ITEM   OBSERVED TIME   RECORD YEAR NORMAL DEPARTURE LAST
                VALUE   (LST)  VALUE       VALUE  FROM      YEAR
                                                  NORMAL
..................................................................
TEMPERATURE (F)
 YESTERDAY
  MAXIMUM         82    354 PM  92    1965  69     13       44
  MINIMUM         62    827 AM  22    1907  47     15       36
  AVERAGE         72                        58     14       40

PRECIPITATION (IN)
  YESTERDAY        T             1.20 1972   0.10  -0.10     0.64
  MONTH TO DATE    0.99                      2.45  -1.46     5.34
  SINCE MAR 1      1.57                      4.46  -2.89     8.53
  SINCE JAN 1      2.56                      5.83  -3.27    10.38

SNOWFALL (IN)
  YESTERDAY        0.0           T    1994   0.0    0.0      0.0
  MONTH TO DATE    0.4                       0.5   -0.1      0.0
  SINCE JAN 1      9.8                      13.7   -3.9      2.1
  SINCE JUL 1     11.6                      20.2   -8.6      4.3
  SNOW DEPTH       0

DEGREE DAYS
 HEATING
  YESTERDAY        0                         8     -8       25
  MONTH TO DATE  559                       373    186      348
  SINCE MAR 1   1213                      1057    156      917
  SINCE JUL 1   5298                      5264     34     4418

 COOLING
  YESTERDAY        7                         1      6        0
  MONTH TO DATE    9                        16     -7       15
  SINCE MAR 1      9                        17     -8       19
  SINCE JAN 1      9                        17     -8       19
..................................................................


WIND (MPH)
  HIGHEST WIND SPEED    41   HIGHEST WIND DIRECTION     S (180)
  HIGHEST GUST SPEED    58   HIGHEST GUST DIRECTION     S (200)
  AVERAGE WIND SPEED    27.7


SKY COVER
  AVERAGE SKY COVER 0.1


WEATHER CONDITIONS
 THE FOLLOWING WEATHER WAS RECORDED YESTERDAY.
  LIGHT RAIN


RELATIVE HUMIDITY (PERCENT)
 HIGHEST    72           900 AM
 LOWEST     32           500 PM
 AVERAGE    52

..........................................................


THE CONCORDIA KS CLIMATE NORMALS FOR TODAY
                         NORMAL    RECORD    YEAR
 MAXIMUM TEMPERATURE (F)   70        92      1959
 MINIMUM TEMPERATURE (F)   47        24      1909


SUNRISE AND SUNSET
MAY  1 2018...........SUNRISE   631 AM CDT   SUNSET   824 PM CDT
MAY  2 2018...........SUNRISE   630 AM CDT   SUNSET   825 PM CDT


-  INDICATES NEGATIVE NUMBERS.
R  INDICATES RECORD WAS SET OR TIED.
MM INDICATES DATA IS MISSING.
T  INDICATES TRACE AMOUNT.




$$
