000
CXUS54 KMAF 011110
CF6CNM
PRELIMINARY LOCAL CLIMATOLOGICAL DATA (WS FORM: F-6)
STATION: CARLSBAD
MONTH: MAY
YEAR: 2022
LATITUDE: 32 20 N
LONGITUDE: 104 15 W
TEMPERATURE IN F: :PCPN: SNOW: WIND :SUNSHINE: SKY :PK WND
================================================================================
1 2 3 4 5 6A 6B 7 8 9 10 11 12 13 14 15 16 17 18
12Z AVG MX 2MIN
DY MAX MIN AVG DEP HDD CDD WTR SNW DPTH SPD SPD DIR MIN PSBL S-S WX SPD DR
================================================================================
1 92 60 76 9 0 11 0.00 M M 12.2 25 130 M M 2 34 120
2 91 56 74 6 0 9 0.00 M M 14.4 32 250 M M 0 39 250
3 83 51 67 -1 0 2 0.00 M M 11.4 28 160 M M 0 34 160
4 90 57 74 6 0 9 0.00 M M 10.9 28 270 M M 0 35 260
5 83 53 68 -1 0 3 0.00 M M 9.6 21 340 M M 0 26 340
6 96 48 72 3 0 7 0.00 M M 9.4 22 250 M M 0 31 250
7 99 62 81 12 0 16 0.00 M M 14.2 33 250 M M 2 41 260
8 97 70 84 14 0 19 0.00 M M 16.6 30 260 M M 1 42 210
9 95 65 80 10 0 15 0.00 M M 14.9 32 250 M M 0 44 220
10 98 56 77 7 0 12 0.00 M M 8.6 23 140 M M 2 32 140
11 101 65 83 12 0 18 0.00 M M 13.1 28 130 M M 2 36 210
12 97 60 79 8 0 14 0.00 M M 14.9 30 260 M M 1 39 250
13 94 52 73 2 0 8 0.00 M M 7.9 18 360 M M 1 21 350
14 96 52 74 2 0 9 0.00 M M 7.2 14 250 M M 1 19 30
15 100 51 76 4 0 11 0.00 M M 6.6 17 80 M M 2 22 70
16 98 64 81 9 0 16 0.00 M M 7.8 23 160 M M 2 29 160
17 102 66 84 11 0 19 0.00 M M 12.7 28 250 M M 2 35 270
18 98 63 81 8 0 16 0.00 M M 9.7 25 330 M M 2 30 320
19 101 66 84 10 0 19 0.00 M M 12.7 28 250 M M 2 34 240
20 95 66 81 7 0 16 0.00 M M 13.8 28 240 M M 0 8 35 230
21 81 53 67 -7 0 2 0.00 M M 14.3 40 310 M M 2 8 50 310
22 71 52 62 -13 3 0 0.00 M M 9.5 17 50 M M 2 23 70
23 90 56 73 -2 0 8 T M M 11.3 24 160 M M 1 30 150
24 85 54 70 -6 0 5 0.00 M M 13.3 49 350 M M 1 8 66 360
25 77 45 61 -15 4 0 0.00 M M 5.2 10 340 M M 0 M M
26 93 51 72 -4 0 7 0.00 M M 6.1 12 200 M M 0 14 20
27 102 60 81 4 0 16 0.00 M M 11.2 22 150 M M 0 29 120
28 105 66 86 9 0 21 0.00 M M 15.5 31 210 M M 0 44 250
29 98 65 82 5 0 17 0.00 M M 15.5 28 250 M M 0 35 260
30 96 68 82 4 0 17 0.00 M M 14.3 28 270 M M 0 33 270
31 101 58 80 2 0 15 0.00 M M 9.0 21 150 M M 0 39 220
================================================================================
SM 2905 1811 7 357 T M 353.8 M 28
================================================================================
AV 93.7 58.4 11.4 FASTST M M 1 MAX(MPH)
MISC ----> 49 350 66 360
================================================================================
NOTES:
# LAST OF SEVERAL OCCURRENCES
COLUMN 17 PEAK WIND IN M.P.H.
PRELIMINARY LOCAL CLIMATOLOGICAL DATA (WS FORM: F-6) , PAGE 2
STATION: CARLSBAD
MONTH: MAY
YEAR: 2022
LATITUDE: 32 20 N
LONGITUDE: 104 15 W
[TEMPERATURE DATA] [PRECIPITATION DATA] SYMBOLS USED IN COLUMN 16
AVERAGE MONTHLY: 76.1 TOTAL FOR MONTH: T 1 = FOG OR MIST
DPTR FM NORMAL: 3.5 DPTR FM NORMAL: -1.15 2 = FOG REDUCING VISIBILITY
HIGHEST: 105 ON 28 GRTST 24HR T ON 23-23 TO 1/4 MILE OR LESS
LOWEST: 45 ON 25 3 = THUNDER
SNOW, ICE PELLETS, HAIL 4 = ICE PELLETS
TOTAL MONTH: M 5 = HAIL
GRTST 24HR M ON M 6 = FREEZING RAIN OR DRIZZLE
GRTST DEPTH: M ON M 7 = DUSTSTORM OR SANDSTORM:
VSBY 1/2 MILE OR LESS
8 = SMOKE OR HAZE
[NO. OF DAYS WITH] [WEATHER - DAYS WITH] 9 = BLOWING SNOW
X = TORNADO
MAX 32 OR BELOW: 0 0.01 INCH OR MORE: 0
MAX 90 OR ABOVE: 25 0.10 INCH OR MORE: 0
MIN 32 OR BELOW: 0 0.50 INCH OR MORE: 0
MIN 0 OR BELOW: 0 1.00 INCH OR MORE: 0
[HDD (BASE 65) ]
TOTAL THIS MO. 7 CLEAR (SCALE 0-3) 31
DPTR FM NORMAL -13 PTCLDY (SCALE 4-7) 0
TOTAL FM JUL 1 2513 CLOUDY (SCALE 8-10) 0
DPTR FM NORMAL -241
[CDD (BASE 65) ]
TOTAL THIS MO. 357
DPTR FM NORMAL 103 [PRESSURE DATA]
TOTAL FM JAN 1 475 HIGHEST SLP 30.28 ON 22
DPTR FM NORMAL 140 LOWEST SLP 29.30 ON 29
[REMARKS]
#FINAL-05-22#