000
CXUS55 KGJT 010910
CF6CNY
PRELIMINARY LOCAL CLIMATOLOGICAL DATA (WS FORM: F-6)
STATION: CANYONLANDS AIRPORT UT
MONTH: APRIL
YEAR: 2021
LATITUDE: 38 46 N
LONGITUDE: 109 45 W
TEMPERATURE IN F: :PCPN: SNOW: WIND :SUNSHINE: SKY :PK WND
================================================================================
1 2 3 4 5 6A 6B 7 8 9 10 11 12 13 14 15 16 17 18
12Z AVG MX 2MIN
DY MAX MIN AVG DEP HDD CDD WTR SNW DPTH SPD SPD DIR MIN PSBL S-S WX SPD DR
================================================================================
1 66 21 44 -4 21 0 0.00 M M 4.1 14 330 M M 0 8 17 360
2 77 37 57 8 8 0 0.00 M M 2.8 10 280 M M 0 8 16 280
3 81 36 59 10 6 0 0.00 M M 4.7 15 290 M M 0 19 280
4 81 43 62 13 3 0 0.00 M M 4.2 17 260 M M 0 8 25 250
5 83 45 64 14 1 0 0.00 M M 10.7 38 300 M M 0 8 48 300
6 58 40 49 -1 16 0 0.00 M M 17.8 37 300 M M 0 48 290
7 67 28 48 -2 17 0 0.00 M M 3.4 13 310 M M 0 20 240
8 74 34 54 4 11 0 0.00 M M 8.2 28 290 M M 0 36 280
9 67 39 53 3 12 0 0.00 M M 8.7 23 70 M M 0 8 28 60
10 74 28 51 0 14 0 0.00 M M 5.5 18 260 M M 0 27 260
11 72 33 53 2 12 0 0.00 M M 8.1 24 300 M M 0 8 32 260
12 69 32 51 0 14 0 0.00 M M 4.2 14 290 M M 0 8 19 270
13 67 43 55 3 10 0 0.00 M M 11.9 30 60 M M 3 39 60
14 74 40 57 5 8 0 0.00 M M 14.7 36 220 M M 2 52 190
15 54 38 46 -6 19 0 0.36 M M 8.8 25 270 M M 8 13 33 270
16 53 35 44 -8 21 0 0.00 M M 8.4 21 60 M M 7 29 50
17 58 28 43 -10 22 0 0.00 M M 6.9 21 40 M M 1 35 40
18 63 28 46 -7 19 0 0.00 M M 4.3 20 90 M M 0 31 90
19 75 33 54 1 11 0 0.00 M M 12.6 36 50 M M 0 46 60
20 57 31 44 -10 21 0 0.00 M M 9.7 35 50 M M 0 45 50
21 67 39 53 -1 12 0 0.00 M M 5.5 17 60 M M 0 24 70
22 68 39 54 0 11 0 0.00 M M 7.2 22 250 M M 2 30 280
23 70 35 53 -2 12 0 0.00 M M 7.0 24 300 M M 0 32 290
24 76 33 55 0 10 0 0.00 M M 10.7 31 220 M M 1 42 200
25 78 50 64 9 1 0 0.00 M M 14.9 33 210 M M 0 46 210
26 70 52 61 5 4 0 T M M 17.2 32 260 M M 3 45 260
27 53 42 48 -8 17 0 0.40 M M 5.9 26 270 M M 7 1 32 270
28 69 36 53 -3 12 0 0.00 M M 6.9 21 40 M M 3 28 30
29 77 42 60 3 5 0 0.00 M M 6.2 15 310 M M 0 20 290
30 84 46 65 8 0 0 0.00 M M 3.5 12 280 M M 0 8 16 350
================================================================================
SM 2082 1106 350 0 0.76 M 244.7 M 37
================================================================================
AV 69.4 36.9 8.2 FASTST M M 1 MAX(MPH)
MISC ----> 38 300 52 190
================================================================================
NOTES:
# LAST OF SEVERAL OCCURRENCES
COLUMN 17 PEAK WIND IN M.P.H.
PRELIMINARY LOCAL CLIMATOLOGICAL DATA (WS FORM: F-6) , PAGE 2
STATION: CANYONLANDS AIRPORT UT
MONTH: APRIL
YEAR: 2021
LATITUDE: 38 46 N
LONGITUDE: 109 45 W
[TEMPERATURE DATA] [PRECIPITATION DATA] SYMBOLS USED IN COLUMN 16
AVERAGE MONTHLY: 53.1 TOTAL FOR MONTH: 0.76 1 = FOG OR MIST
DPTR FM NORMAL: 0.6 DPTR FM NORMAL: 0.07 2 = FOG REDUCING VISIBILITY
HIGHEST: 84 ON 30 GRTST 24HR 0.40 ON 27-27 TO 1/4 MILE OR LESS
LOWEST: 21 ON 1 3 = THUNDER
SNOW, ICE PELLETS, HAIL 4 = ICE PELLETS
TOTAL MONTH: M 5 = HAIL
GRTST 24HR M ON M 6 = FREEZING RAIN OR DRIZZLE
GRTST DEPTH: M ON M 7 = DUSTSTORM OR SANDSTORM:
VSBY 1/2 MILE OR LESS
8 = SMOKE OR HAZE
[NO. OF DAYS WITH] [WEATHER - DAYS WITH] 9 = BLOWING SNOW
X = TORNADO
MAX 32 OR BELOW: 0 0.01 INCH OR MORE: 2
MAX 90 OR ABOVE: 0 0.10 INCH OR MORE: 2
MIN 32 OR BELOW: 7 0.50 INCH OR MORE: 0
MIN 0 OR BELOW: 0 1.00 INCH OR MORE: 0
[HDD (BASE 65) ]
TOTAL THIS MO. 350 CLEAR (SCALE 0-3) 26
DPTR FM NORMAL -27 PTCLDY (SCALE 4-7) 4
TOTAL FM JUL 1 5429 CLOUDY (SCALE 8-10) 0
DPTR FM NORMAL 5
[CDD (BASE 65) ]
TOTAL THIS MO. 0
DPTR FM NORMAL -3 [PRESSURE DATA]
TOTAL FM JAN 1 0 HIGHEST SLP M ON M
DPTR FM NORMAL -3 LOWEST SLP 29.35 ON 5
[REMARKS]
#FINAL-04-21#