000
CXUS55 KRIW 011010
CF6COD
PRELIMINARY LOCAL CLIMATOLOGICAL DATA (WS FORM: F-6)
STATION: CODY WY
MONTH: OCTOBER
YEAR: 2023
LATITUDE: 44 31 N
LONGITUDE: 109 1 W
TEMPERATURE IN F: :PCPN: SNOW: WIND :SUNSHINE: SKY :PK WND
================================================================================
1 2 3 4 5 6A 6B 7 8 9 10 11 12 13 14 15 16 17 18
12Z AVG MX 2MIN
DY MAX MIN AVG DEP HDD CDD WTR SNW DPTH SPD SPD DIR MIN PSBL S-S WX SPD DR
================================================================================
1 57 41 49 -4 16 0 T M M 8.0 15 30 M M 4 1 18 30
2 55 41 48 -4 17 0 0.02 M M 4.4 12 130 M M 6 1 M M
3 49 41 45 -7 20 0 0.11 M M 4.7 13 30 M M 9 17 30
4 63 37 50 -2 15 0 0.00 M M 7.4 14 260 M M 7 31 260
5 62 39 51 0 14 0 T M M 6.3 16 10 M M 8 21 40
6 58 36 47 -4 18 0 0.00 M M 5.1 14 10 M M 3 22 350
7 69 35 52 1 13 0 0.00 M M 3.8 8 80 M M 0 M M
8 74 39 57 7 8 0 0.00 M M 2.9 9 220 M M 0 8 M M
9 76 46 61 11 4 0 0.00 M M 5.8 14 110 M M 0 8 M M
10 71 43 57 8 8 0 0.00 M M 6.7 20 160 M M 2 38 260
11 57 39 48 -1 17 0 0.97 M M 7.0 13 320 M M 9 8 22 320
12 42 38 40 -9 25 0 0.70 M M 14.0 25 360 M M 10 40 350
13 45 38 42 -6 23 0 0.00 M M 3.8 12 20 M M 10 M M
14 60 37 49 1 16 0 0.00 M M 4.1 9 160 M M 6 M M
15 65 37 51 3 14 0 0.00 M M 5.8 15 210 M M 1 M M
16 73 42 58 11 7 0 0.00 M M 7.3 14 140 M M 0 M M
17 71 40 56 9 9 0 0.00 M M 9.9 20 250 M M 2 36 260
18 71 34 53 6 12 0 0.00 M M 4.3 14 250 M M 0 24 250
19 78 57 68 22 0 3 0.00 M M 10.9 17 270 M M 0 25 270
20 77 50 64 18 1 0 0.00 M M 6.2 13 120 M M 0 17 290
21 63 38 51 5 14 0 0.00 M M 4.2 10 50 M M 1 M M
22 66 39 53 8 12 0 T M M 4.2 13 60 M M 1 M M
23 48 39 44 -1 21 0 0.03 M M 6.0 13 40 M M 8 M M
24 50 33 42 -3 23 0 0.10 M M 5.8 12 50 M M 10 12 M M
25 33 13 23 -21 42 0 T M M 13.4 20 20 M M 10 12 24 20
26 17 7 12 -32 53 0 0.03 M M 9.8 20 10 M M 9 1 23 10
27 23 4 14 -30 51 0 T M M 6.7 17 30 M M 8 1 23 20
28 33 9 21 -22 44 0 T M M 1.4 8 30 M M 5 1 M M
29 34 12 23 -20 42 0 0.00 M M 5.8 13 110 M M 4 M M
30 43 10 27 -15 38 0 0.00 M M 3.8 10 40 M M 0 M M
31 47 17 32 -10 33 0 0.00 M M 3.3 12 30 M M 0 M M
================================================================================
SM 1730 1031 630 3 1.96 M 192.7 M 133
================================================================================
AV 55.8 33.3 6.2 FASTST M M 4 MAX(MPH)
MISC ----> 25 360 40 350
================================================================================
NOTES:
# LAST OF SEVERAL OCCURRENCES
COLUMN 17 PEAK WIND IN M.P.H.
PRELIMINARY LOCAL CLIMATOLOGICAL DATA (WS FORM: F-6) , PAGE 2
STATION: CODY WY
MONTH: OCTOBER
YEAR: 2023
LATITUDE: 44 31 N
LONGITUDE: 109 1 W
[TEMPERATURE DATA] [PRECIPITATION DATA] SYMBOLS USED IN COLUMN 16
AVERAGE MONTHLY: 44.5 TOTAL FOR MONTH: 1.96 1 = FOG OR MIST
DPTR FM NORMAL: -2.9 DPTR FM NORMAL: M 2 = FOG REDUCING VISIBILITY
HIGHEST: 78 ON 19 GRTST 24HR 0.97 ON 11-11 TO 1/4 MILE OR LESS
LOWEST: 4 ON 27 3 = THUNDER
SNOW, ICE PELLETS, HAIL 4 = ICE PELLETS
TOTAL MONTH: M 5 = HAIL
GRTST 24HR M ON M 6 = FREEZING RAIN OR DRIZZLE
GRTST DEPTH: M ON M 7 = DUSTSTORM OR SANDSTORM:
VSBY 1/2 MILE OR LESS
8 = SMOKE OR HAZE
[NO. OF DAYS WITH] [WEATHER - DAYS WITH] 9 = BLOWING SNOW
X = TORNADO
MAX 32 OR BELOW: 2 0.01 INCH OR MORE: 7
MAX 90 OR ABOVE: 0 0.10 INCH OR MORE: 4
MIN 32 OR BELOW: 7 0.50 INCH OR MORE: 2
MIN 0 OR BELOW: 0 1.00 INCH OR MORE: 0
[HDD (BASE 65) ]
TOTAL THIS MO. 630 CLEAR (SCALE 0-3) 15
DPTR FM NORMAL 86 PTCLDY (SCALE 4-7) 8
TOTAL FM JUL 1 819 CLOUDY (SCALE 8-10) 8
DPTR FM NORMAL 352
[CDD (BASE 65) ]
TOTAL THIS MO. 3
DPTR FM NORMAL 3 [PRESSURE DATA]
TOTAL FM JAN 1 368 HIGHEST SLP M ON M
DPTR FM NORMAL 368 LOWEST SLP M ON M
[REMARKS]
#FINAL-10-23#