000
CXUS51 KGYX 011435
CF6CON
PRELIMINARY LOCAL CLIMATOLOGICAL DATA (WS FORM: F-6)
STATION: CONCORD NH
MONTH: APRIL
YEAR: 2023
LATITUDE: 43 12 N
LONGITUDE: 71 30 W
TEMPERATURE IN F: :PCPN: SNOW: WIND :SUNSHINE: SKY :PK WND
================================================================================
1 2 3 4 5 6A 6B 7 8 9 10 11 12 13 14 15 16 17 18
12Z AVG MX 2MIN
DY MAX MIN AVG DEP HDD CDD WTR SNW DPTH SPD SPD DIR MIN PSBL S-S WX SPD DR
================================================================================
1 37 33 35 -4 30 0 0.32 0.0 4 3.3 6 360 M M 10 1 M M
2 45 25 35 -5 30 0 T T 3 14.4 31 320 M M 2 47 310
3 57 18 38 -2 27 0 0.00 0.0 3 7.8 21 190 M M 2 29 190
4 52 43 48 8 17 0 0.08 0.0 2 2.2 9 340 M M 9 1 13 320
5 45 33 39 -2 26 0 0.02 0.0 T 6.4 16 110 M M 10 1 23 60
6 59 33 46 5 19 0 0.11 0.0 T 3.0 17 290 M M 8 18 24 280
7 54 31 43 1 22 0 T 0.0 0 12.6 28 290 M M 1 44 310
8 48 22 35 -7 30 0 0.00 0.0 0 7.1 21 340 M M 0 28 280
9 55 20 38 -5 27 0 0.00 0.0 0 4.3 16 290 M M 0 23 340
10 66 23 45 2 20 0 0.00 0.0 0 2.5 13 300 M M 0 18 290
11 74 34 54 10 11 0 0.00 0.0 0 8.1 25 280 M M 1 40 310
12 69 44 57 13 8 0 0.00 0.0 0 12.1 32 310 M M 0 48 320
13 89 40 65 21 0 0 0.00 0.0 0 4.3 15 280 M M 0 22 240
14 90 48 69 24 0 4 0.00 0.0 0 4.2 17 110 M M 0 24 120
15 74 47 61 16 4 0 0.00 0.0 0 4.5 12 140 M M 1 19 170
16 69 51 60 14 5 0 0.00 0.0 0 4.2 13 110 M M 10 1 17 120
17 52 46 49 3 16 0 0.08 0.0 0 3.6 12 100 M M 10 12 19 90
18 54 42 48 2 17 0 0.00 0.0 0 7.3 22 240 M M 8 12 32 230
19 53 39 46 -1 19 0 0.00 0.0 0 10.0 21 310 M M 9 30 290
20 62 38 50 3 15 0 0.00 0.0 0 8.4 22 330 M M 3 29 280
21 62 37 50 2 15 0 T 0.0 0 5.3 15 110 M M 2 23 150
22 54 39 47 -1 18 0 0.02 0.0 0 6.6 14 90 M M 10 1 22 90
23 46 42 44 -5 21 0 2.46 0.0 0 M 17 80 M M 10 1 28 80
24 59 43 51 2 14 0 0.06 0.0 0 4.2 12 20 M M 9 1 16 170
25 59 43 51 1 14 0 0.04 0.0 0 3.8 14 310 M M 7 1 18 320
26 58 38 48 -2 17 0 0.00 0.0 0 4.0 14 110 M M 8 12 21 110
27 61 38 50 0 15 0 T 0.0 0 3.4 13 340 M M 6 17 340
28 66 32 49 -2 16 0 0.00 0.0 0 4.6 15 140 M M 1 12 23 80
29 56 41 49 -2 16 0 0.13 0.0 0 5.7 16 90 M M 5 1 24 90
30 53 45 49 -3 16 0 0.80 0.0 0 9.6 15 60 M M 10 1 27 60
================================================================================
SM 1778 1108 505 4 4.12 T 177.5 M 152
================================================================================
AV 59.3 36.9 6.1 FASTST M M 5 MAX(MPH)
MISC ----> 32 310 48 320
================================================================================
NOTES:
# LAST OF SEVERAL OCCURRENCES
COLUMN 17 PEAK WIND IN M.P.H.
PRELIMINARY LOCAL CLIMATOLOGICAL DATA (WS FORM: F-6) , PAGE 2
STATION: CONCORD NH
MONTH: APRIL
YEAR: 2023
LATITUDE: 43 12 N
LONGITUDE: 71 30 W
[TEMPERATURE DATA] [PRECIPITATION DATA] SYMBOLS USED IN COLUMN 16
AVERAGE MONTHLY: 48.1 TOTAL FOR MONTH: 4.12 1 = FOG OR MIST
DPTR FM NORMAL: 2.7 DPTR FM NORMAL: 0.69 2 = FOG REDUCING VISIBILITY
HIGHEST: 90 ON 14 GRTST 24HR 2.46 ON 23-23 TO 1/4 MILE OR LESS
LOWEST: 18 ON 3 3 = THUNDER
SNOW, ICE PELLETS, HAIL 4 = ICE PELLETS
TOTAL MONTH: 0.3 INCH 5 = HAIL
GRTST 24HR T ON 2- 2 6 = FREEZING RAIN OR DRIZZLE
GRTST DEPTH: 6 ON M 7 = DUSTSTORM OR SANDSTORM:
VSBY 1/2 MILE OR LESS
8 = SMOKE OR HAZE
[NO. OF DAYS WITH] [WEATHER - DAYS WITH] 9 = BLOWING SNOW
X = TORNADO
MAX 32 OR BELOW: 0 0.01 INCH OR MORE: 11
MAX 90 OR ABOVE: 1 0.10 INCH OR MORE: 5
MIN 32 OR BELOW: 7 0.50 INCH OR MORE: 2
MIN 0 OR BELOW: 0 1.00 INCH OR MORE: 1
[HDD (BASE 65) ]
TOTAL THIS MO. 505 CLEAR (SCALE 0-3) 13
DPTR FM NORMAL -85 PTCLDY (SCALE 4-7) 6
TOTAL FM JUL 1 5888 CLOUDY (SCALE 8-10) 11
DPTR FM NORMAL -742
[CDD (BASE 65) ]
TOTAL THIS MO. 4
DPTR FM NORMAL 2 [PRESSURE DATA]
TOTAL FM JAN 1 4 HIGHEST SLP M ON M
DPTR FM NORMAL 2 LOWEST SLP 29.30 ON 2
[REMARKS]
#FINAL-04-23#