000
CXUS51 KGYX 030216
CF6CON
PRELIMINARY LOCAL CLIMATOLOGICAL DATA (WS FORM: F-6)
STATION: CONCORD NH
MONTH: FEBRUARY
YEAR: 2022
LATITUDE: 43 12 N
LONGITUDE: 71 30 W
TEMPERATURE IN F: :PCPN: SNOW: WIND :SUNSHINE: SKY :PK WND
================================================================================
1 2 3 4 5 6A 6B 7 8 9 10 11 12 13 14 15 16 17 18
12Z AVG MX 2MIN
DY MAX MIN AVG DEP HDD CDD WTR SNW DPTH SPD SPD DIR MIN PSBL S-S WX SPD DR
================================================================================
1 31 -4 14 -8 51 0 0.00 0.0 12 2.4 14 150 M M 5 19 140
2 41 25 33 11 32 0 0.00 0.0 12 4.1 13 150 M M 8 18 160
3 45 34 40 18 25 0 0.66 0.0 11 3.3 12 20 M M 8 12 16 20
4 37 20 29 7 36 0 1.54 2.7 10 8.0 18 40 M M 10 16 29 40
5 22 7 15 -8 50 0 0.00 0.0 11 12.3 25 320 M M 4 34 320
6 24 1 13 -10 52 0 0.00 0.0 11 4.7 15 170 M M 0 19 180
7 31 10 21 -2 44 0 0.26 1.0 11 2.3 10 310 M M 9 168 12 310
8 40 31 36 13 29 0 0.25 0.0 12 8.1 18 290 M M 10 16 25 270
9 42 27 35 12 30 0 0.00 0.0 11 6.1 17 270 M M 1 26 260
10 47 28 38 14 27 0 T 0.0 11 5.4 23 260 M M 5 31 250
11 50 24 37 13 28 0 0.00 0.0 11 6.4 21 220 M M 0 27 200
12 53 33 43 19 22 0 0.00 0.0 10 10.6 26 270 M M 3 36 270
13 33 21 27 3 38 0 T T 10 6.4 14 330 M M 9 20 290
14 22 8 15 -9 50 0 T T 10 13.0 25 290 M M 5 33 310
15 25 6 16 -9 49 0 0.00 0.0 10 7.8 23 280 M M 1 32 290
16 39 5 22 -3 43 0 0.00 0.0 10 7.3 23 170 M M 2 28 170
17 59 36 48 23 17 0 0.09 0.0 10 10.6 28 200 M M 7 43 200
18 58 17 38 13 27 0 0.11 0.0 8 16.9 32 320 M M 5 45 320
19 32 11 22 -4 43 0 T T 7 10.1 28 310 M M 4 39 320
20 31 10 21 -5 44 0 0.00 0.0 7 10.8 28 310 M M 0 38 320
21 55 24 40 14 25 0 0.00 0.0 6 2.7 10 250 M M 2 16 260
22 52 23 38 12 27 0 0.75 0.0 6 4.4 10 170 M M 7 1 14 190
23 64 22 43 16 22 0 T 0.0 5 15.7 32 270 M M 4 43 260
24 31 14 23 -4 42 0 0.00 0.0 4 9.0 28 310 M M 0 36 320
25 23 14 19 -8 46 0 0.67 7.4 4 6.6 14 20 M M 10 12 19 30
26 30 7 19 -9 46 0 T 0.2 10 5.7 14 310 M M 1 1 17 270
27 37 8 23 -5 42 0 0.02 0.5 9 10.5 29 320 M M 4 18 39 310
28 23 7 15 -13 50 0 0.00 0.0 8 11.2 23 310 M M 0 30 310
================================================================================
SM 1077 469 1037 0 4.35 11.8 222.4 M 124
================================================================================
AV 38.5 16.8 7.9 FASTST M M 4 MAX(MPH)
MISC ----> # 32 320 45 320
================================================================================
NOTES:
# LAST OF SEVERAL OCCURRENCES
COLUMN 17 PEAK WIND IN M.P.H.
PRELIMINARY LOCAL CLIMATOLOGICAL DATA (WS FORM: F-6) , PAGE 2
STATION: CONCORD NH
MONTH: FEBRUARY
YEAR: 2022
LATITUDE: 43 12 N
LONGITUDE: 71 30 W
[TEMPERATURE DATA] [PRECIPITATION DATA] SYMBOLS USED IN COLUMN 16
AVERAGE MONTHLY: 27.6 TOTAL FOR MONTH: 4.35 1 = FOG OR MIST
DPTR FM NORMAL: 2.9 DPTR FM NORMAL: 1.60 2 = FOG REDUCING VISIBILITY
HIGHEST: 64 ON 23 GRTST 24HR 2.06 ON 3- 4 TO 1/4 MILE OR LESS
LOWEST: -4 ON 1 3 = THUNDER
SNOW, ICE PELLETS, HAIL 4 = ICE PELLETS
TOTAL MONTH: 11.8 INCHES 5 = HAIL
GRTST 24HR 7.4 ON 25-25 6 = FREEZING RAIN OR DRIZZLE
GRTST DEPTH: 12 ON 8, 2 7 = DUSTSTORM OR SANDSTORM:
VSBY 1/2 MILE OR LESS
8 = SMOKE OR HAZE
[NO. OF DAYS WITH] [WEATHER - DAYS WITH] 9 = BLOWING SNOW
X = TORNADO
MAX 32 OR BELOW: 12 0.01 INCH OR MORE: 9
MAX 90 OR ABOVE: 0 0.10 INCH OR MORE: 7
MIN 32 OR BELOW: 25 0.50 INCH OR MORE: 4
MIN 0 OR BELOW: 1 1.00 INCH OR MORE: 1
[HDD (BASE 65) ]
TOTAL THIS MO. 1037 CLEAR (SCALE 0-3) 11
DPTR FM NORMAL -90 PTCLDY (SCALE 4-7) 12
TOTAL FM JUL 1 4715 CLOUDY (SCALE 8-10) 5
DPTR FM NORMAL -349
[CDD (BASE 65) ]
TOTAL THIS MO. 0
DPTR FM NORMAL 0 [PRESSURE DATA]
TOTAL FM JAN 1 0 HIGHEST SLP 30.77 ON 16
DPTR FM NORMAL 0 LOWEST SLP 29.13 ON 18
[REMARKS]
#FINAL-02-22#