000
CXUS55 KPUB 011729
CF6COS
PRELIMINARY LOCAL CLIMATOLOGICAL DATA (WS FORM: F-6)
STATION: COLORADO SPRINGS CO
MONTH: FEBRUARY
YEAR: 2024
LATITUDE: 38 49 N
LONGITUDE: 104 43 W
TEMPERATURE IN F: :PCPN: SNOW: WIND :SUNSHINE: SKY :PK WND
================================================================================
1 2 3 4 5 6A 6B 7 8 9 10 11 12 13 14 15 16 17 18
12Z AVG MX 2MIN
DY MAX MIN AVG DEP HDD CDD WTR SNW DPTH SPD SPD DIR MIN PSBL S-S WX SPD DR
================================================================================
1 60 35 48 16 17 0 0.00 0.0 0 6.0 16 340 M M 3 20 330
2 50 31 41 9 24 0 0.08 0.0 0 9.0 20 120 M M 8 1 25 120
3 39 33 36 4 29 0 0.55 3.1 0 9.6 17 340 M M 10 124 22 340
4 44 25 35 3 30 0 0.00 0.0 2 9.5 17 350 M M 2 23 350
5 47 23 35 3 30 0 0.00 0.0 T 4.8 10 360 M M 5 13 160
6 65 30 48 16 17 0 0.00 0.0 0 8.8 22 210 M M 7 30 210
7 54 33 44 12 21 0 0.03 T 0 11.6 31 230 M M 5 40 210
8 53 28 41 9 24 0 0.00 0.0 0 10.2 30 300 M M 5 42 300
9 40 28 34 2 31 0 0.06 0.6 0 6.9 15 150 M M 8 1 18 160
10 32 24 28 -4 37 0 0.28 3.3 T 10.0 22 340 M M 10 12 29 330
11 36 13 25 -7 40 0 0.00 0.0 3 5.9 18 320 M M 3 26 320
12 45 19 32 -1 33 0 0.00 0.0 1 6.4 15 160 M M 3 22 150
13 47 26 37 4 28 0 0.00 0.0 T 9.5 18 150 M M 2 27 130
14 55 24 40 7 25 0 0.00 0.0 0 8.5 26 310 M M 3 36 320
15 57 23 40 7 25 0 0.00 0.0 0 9.1 32 260 M M 4 39 240
16 35 20 28 -5 37 0 0.17 1.5 0 11.2 25 360 M M 8 126 31 360
17 32 15 24 -9 41 0 0.03 0.3 2 4.8 9 360 M M 6 1 14 40
18 48 15 32 -2 33 0 0.00 0.0 1 7.2 21 290 M M 5 27 290
19 59 30 45 11 20 0 0.00 0.0 T 10.2 28 360 M M 2 39 10
20 67 30 49 15 16 0 0.00 0.0 0 7.8 23 300 M M 5 39 290
21 64 37 51 17 14 0 0.00 0.0 0 11.2 30 250 M M 5 37 310
22 48 30 39 5 26 0 0.01 T 0 6.6 17 360 M M 4 3 23 350
23 53 25 39 4 26 0 0.00 0.0 0 5.8 16 360 M M 1 19 320
24 65 21 43 8 22 0 0.00 0.0 0 8.7 25 290 M M 3 35 290
25 66 36 51 16 14 0 0.00 0.0 0 12.8 35 300 M M 3 45 290
26 63 45 54 18 11 0 0.00 0.0 0 19.1 44 250 M M 5 66 260
27 51 20 36 0 29 0 0.16 3.0 0 14.7 40 30 M M 7 18 48 20
28 44 17 31 -5 34 0 T T 3 6.5 15 160 M M 4 12 19 140
29 63 26 45 9 20 0 0.00 0.0 0 6.8 14 340 M M 1 22 340
================================================================================
SM 1482 762 754 0 1.37 11.8 259.2 M 137
================================================================================
AV 51.1 26.3 8.9 FASTST M M 5 MAX(MPH)
MISC ----> 44 250 66 260
================================================================================
NOTES:
# LAST OF SEVERAL OCCURRENCES
COLUMN 17 PEAK WIND IN M.P.H.
PRELIMINARY LOCAL CLIMATOLOGICAL DATA (WS FORM: F-6) , PAGE 2
STATION: COLORADO SPRINGS CO
MONTH: FEBRUARY
YEAR: 2024
LATITUDE: 38 49 N
LONGITUDE: 104 43 W
[TEMPERATURE DATA] [PRECIPITATION DATA] SYMBOLS USED IN COLUMN 16
AVERAGE MONTHLY: 38.7 TOTAL FOR MONTH: 1.37 1 = FOG OR MIST
DPTR FM NORMAL: 5.3 DPTR FM NORMAL: 1.05 2 = FOG REDUCING VISIBILITY
HIGHEST: 67 ON 20 GRTST 24HR 0.63 ON 2-3 TO 1/4 MILE OR LESS
LOWEST: 13 ON 11 3 = THUNDER
SNOW, ICE PELLETS, HAIL 4 = ICE PELLETS
TOTAL MONTH: 11.8 INCHES 5 = HAIL
GRTST 24HR 3.3 ON 10 6 = FREEZING RAIN OR DRIZZLE
GRTST DEPTH: 3 ON 3,27# 7 = DUSTSTORM OR SANDSTORM:
VSBY 1/2 MILE OR LESS
8 = SMOKE OR HAZE
[NO. OF DAYS WITH] [WEATHER - DAYS WITH] 9 = BLOWING SNOW
X = TORNADO
MAX 32 OR BELOW: 2 0.01 INCH OR MORE: 9
MAX 90 OR ABOVE: 0 0.10 INCH OR MORE: 4
MIN 32 OR BELOW: 23 0.50 INCH OR MORE: 1
MIN 0 OR BELOW: 0 1.00 INCH OR MORE: 0
[HDD (BASE 65) ]
TOTAL THIS MO. 754 CLEAR (SCALE 0-3) 10
DPTR FM NORMAL -132 PTCLDY (SCALE 4-7) 14
TOTAL FM JUL 1 3791 CLOUDY (SCALE 8-10) 5
DPTR FM NORMAL -575
[CDD (BASE 65) ]
TOTAL THIS MO. 0
DPTR FM NORMAL 0 [PRESSURE DATA]
TOTAL FM JAN 1 0 HIGHEST SLP 30.48 ON 17
DPTR FM NORMAL 0 LOWEST SLP 29.31 ON 7
[REMARKS]
#FINAL-02-24#