000
CXUS54 KCRP 011602
CF6COT
PRELIMINARY LOCAL CLIMATOLOGICAL DATA (WS FORM: F-6)
STATION: COTULLA
MONTH: MARCH
YEAR: 2023
LATITUDE: 28 27 N
LONGITUDE: 99 13 W
TEMPERATURE IN F: :PCPN: SNOW: WIND :SUNSHINE: SKY :PK WND
================================================================================
1 2 3 4 5 6A 6B 7 8 9 10 11 12 13 14 15 16 17 18
12Z AVG MX 2MIN
DY MAX MIN AVG DEP HDD CDD WTR SNW DPTH SPD SPD DIR MIN PSBL S-S WX SPD DR
================================================================================
1 99 71 85 21 0 20 0.00 0.0 0 8.5 16 140 M M 2 138 23 130
2 99 64 82 18 0 17 0.00 0.0 0 13.4 37 330 M M 3 18 52 340
3 84 58 71 6 0 6 0.00 0.0 0 12.4 29 320 M M 0 41 310
4 90 49 70 5 0 5 0.00 0.0 0 8.3 22 140 M M 0 32 130
5 91 54 73 8 0 8 0.00 0.0 0 9.5 23 130 M M 0 1 31 120
6 94 68 81 16 0 16 0.00 0.0 0 8.2 22 130 M M 4 32 130
7 97 69 83 18 0 18 0.00 0.0 0 10.8 22 130 M M 4 18 28 120
8 95 70 83 17 0 18 0.00 0.0 0 12.9 25 130 M M 3 33 130
9 92 70 81 15 0 16 0.00 0.0 0 10.0 18 130 M M 2 8 25 190
10 87 68 78 12 0 13 0.00 0.0 0 8.3 14 140 M M 3 20 60
11 99 68 84 18 0 19 0.00 0.0 0 5.6 14 190 M M 2 18 23 190
12 98 66 82 16 0 17 0.00 0.0 0 10.9 25 340 M M 0 18 36 350
13 70 56 63 -4 2 0 0.00 0.0 0 10.0 20 70 M M 3 27 70
14 70 56 63 -4 2 0 T 0.0 0 9.6 20 100 M M 9 26 110
15 76 60 68 1 0 3 T 0.0 0 12.2 23 140 M M 10 31 150
16 93 69 81 14 0 16 0.02 0.0 0 6.3 21 130 M M 5 1 30 140
17 76 50 63 -5 2 0 0.63 0.0 0 12.4 51 350 M M 9 13 71 350
18 55 44 50 -18 15 0 0.19 0.0 0 6.2 21 30 M M 10 1 27 40
19 57 45 51 -17 14 0 0.01 0.0 0 4.6 10 150 M M 7 14 200
20 61 49 55 -13 10 0 0.00 0.0 0 6.8 16 130 M M 10 21 160
21 85 60 73 5 0 8 0.06 0.0 0 7.8 14 120 M M 6 1 22 160
22 91 66 79 11 0 14 0.00 0.0 0 12.2 22 120 M M 4 1 29 120
23 98 71 85 16 0 20 0.00 0.0 0 11.8 23 150 M M 5 34 140
24 96 68 82 13 0 17 0.00 0.0 0 8.6 20 330 M M 3 8 29 310
25 89 60 75 6 0 10 0.00 0.0 0 9.6 22 340 M M 2 30 340
26 96 60 78 9 0 13 0.00 0.0 0 5.4 12 100 M M 3 8 18 150
27 87 70 79 9 0 14 0.00 0.0 0 10.8 16 130 M M 5 18 23 130
28 75 60 68 -2 0 3 0.03 0.0 0 9.7 26 40 M M 9 3 39 50
29 70 61 66 -4 0 1 0.02 0.0 0 6.4 13 60 M M 10 1 17 60
30 78 64 71 1 0 6 0.07 0.0 0 6.4 23 110 M M 8 13 31 110
31 94 70 82 12 0 17 T 0.0 0 6.5 13 180 M M 3 21 190
================================================================================
SM 2642 1914 45 315 1.03 0.0 282.1 M 144
================================================================================
AV 85.2 61.7 9.1 FASTST M M 5 MAX(MPH)
MISC ----> 51 350 71 350
================================================================================
NOTES:
# LAST OF SEVERAL OCCURRENCES
COLUMN 17 PEAK WIND IN M.P.H.
PRELIMINARY LOCAL CLIMATOLOGICAL DATA (WS FORM: F-6) , PAGE 2
STATION: COTULLA
MONTH: MARCH
YEAR: 2023
LATITUDE: 28 27 N
LONGITUDE: 99 13 W
[TEMPERATURE DATA] [PRECIPITATION DATA] SYMBOLS USED IN COLUMN 16
AVERAGE MONTHLY: 73.5 TOTAL FOR MONTH: 1.03 1 = FOG OR MIST
DPTR FM NORMAL: 6.3 DPTR FM NORMAL: -0.54 2 = FOG REDUCING VISIBILITY
HIGHEST: 99 ON 11, 2 GRTST 24HR 0.64 ON 16-17 TO 1/4 MILE OR LESS
LOWEST: 44 ON 18 3 = THUNDER
SNOW, ICE PELLETS, HAIL 4 = ICE PELLETS
TOTAL MONTH: 0.0 INCH 5 = HAIL
GRTST 24HR 0.0 6 = FREEZING RAIN OR DRIZZLE
GRTST DEPTH: 0 7 = DUSTSTORM OR SANDSTORM:
VSBY 1/2 MILE OR LESS
8 = SMOKE OR HAZE
[NO. OF DAYS WITH] [WEATHER - DAYS WITH] 9 = BLOWING SNOW
X = TORNADO
MAX 32 OR BELOW: 0 0.01 INCH OR MORE: 8
MAX 90 OR ABOVE: 16 0.10 INCH OR MORE: 2
MIN 32 OR BELOW: 0 0.50 INCH OR MORE: 1
MIN 0 OR BELOW: 0 1.00 INCH OR MORE: 0
[HDD (BASE 65) ]
TOTAL THIS MO. 45 CLEAR (SCALE 0-3) 11
DPTR FM NORMAL -31 PTCLDY (SCALE 4-7) 12
TOTAL FM JUL 1 749 CLOUDY (SCALE 8-10) 8
DPTR FM NORMAL -236
[CDD (BASE 65) ]
TOTAL THIS MO. 315
DPTR FM NORMAL 169 [PRESSURE DATA]
TOTAL FM JAN 1 518 HIGHEST SLP 30.60 ON 19
DPTR FM NORMAL 288 LOWEST SLP 29.24 ON 2
[REMARKS]
#FINAL-03-23#