000
CXUS53 KLSX 011500
CF6COU
PRELIMINARY LOCAL CLIMATOLOGICAL DATA (WS FORM: F-6)
STATION: COLUMBIA ASOS
MONTH: FEBRUARY
YEAR: 2023
LATITUDE: 38 49 N
LONGITUDE: 92 13 W
TEMPERATURE IN F: :PCPN: SNOW: WIND :SUNSHINE: SKY :PK WND
================================================================================
1 2 3 4 5 6A 6B 7 8 9 10 11 12 13 14 15 16 17 18
12Z AVG MX 2MIN
DY MAX MIN AVG DEP HDD CDD WTR SNW DPTH SPD SPD DIR MIN PSBL S-S WX SPD DR
================================================================================
1 36 11 24 -8 41 0 0.00 0.0 0 5.1 10 210 M M 0 16 210
2 51 18 35 3 30 0 0.00 0.0 0 10.9 23 350 M M 0 30 350
3 32 11 22 -10 43 0 0.00 0.0 0 7.8 17 350 M M 0 23 330
4 56 24 40 7 25 0 0.00 0.0 0 14.7 28 210 M M 0 37 210
5 62 35 49 16 16 0 0.00 0.0 0 9.7 18 220 M M 0 26 190
6 65 36 51 18 14 0 0.00 0.0 0 16.4 35 170 M M 2 45 150
7 60 38 49 15 16 0 0.00 0.0 0 8.8 22 300 M M 1 28 300
8 46 36 41 7 24 0 0.22 0.0 0 9.1 24 80 M M 7 1 33 80
9 47 35 41 7 24 0 0.78 0.0 0 15.2 28 310 M M 9 1 38 280
10 44 28 36 2 29 0 0.00 0.0 0 8.6 17 330 M M 5 22 330
11 53 22 38 4 27 0 0.00 0.0 0 3.7 8 130 M M 0 12 110
12 62 26 44 9 21 0 0.00 0.0 0 7.4 15 210 M M 0 22 180
13 62 35 49 14 16 0 0.00 0.0 0 6.2 12 140 M M 0 16 140
14 54 46 50 15 15 0 0.51 0.0 0 14.3 30 250 M M 6 1 41 250
15 52 36 44 8 21 0 0.00 0.0 0 12.8 30 260 M M 3 43 250
16 37 27 32 -4 33 0 0.07 T 0 13.1 25 70 M M 10 1 31 70
17 41 17 29 -7 36 0 0.00 0.0 0 9.5 20 300 M M 0 24 300
18 58 29 44 7 21 0 0.00 0.0 0 12.8 23 210 M M 2 30 210
19 61 36 49 12 16 0 0.00 0.0 0 9.7 20 210 M M 1 25 210
20 63 34 49 12 16 0 T 0.0 0 8.6 23 290 M M 2 33 300
21 60 35 48 10 17 0 0.00 0.0 0 10.8 20 160 M M 1 28 140
22 65 50 58 20 7 0 0.94 0.0 0 11.4 22 200 M M 4 13 29 190
23 50 24 37 -1 28 0 0.00 0.0 0 13.7 28 290 M M 2 36 290
24 42 20 31 -8 34 0 0.00 0.0 0 8.3 17 20 M M 3 22 30
25 50 32 41 2 24 0 0.00 0.0 0 4.6 13 220 M M 7 17 200
26 58 36 47 8 18 0 0.00 0.0 0 9.6 21 160 M M 9 18 30 170
27 66 44 55 15 10 0 0.31 0.0 0 20.8 45 160 M M 6 1 65 180
28 64 33 49 9 16 0 0.00 0.0 0 7.9 17 90 M M 0 1 26 120
================================================================================
SM 1497 854 638 0 2.83 T 291.5 M 80
================================================================================
AV 53.5 30.5 10.4 FASTST M M 3 MAX(MPH)
MISC ----> 45 160 65 180
================================================================================
NOTES:
# LAST OF SEVERAL OCCURRENCES
COLUMN 17 PEAK WIND IN M.P.H.
PRELIMINARY LOCAL CLIMATOLOGICAL DATA (WS FORM: F-6) , PAGE 2
STATION: COLUMBIA ASOS
MONTH: FEBRUARY
YEAR: 2023
LATITUDE: 38 49 N
LONGITUDE: 92 13 W
[TEMPERATURE DATA] [PRECIPITATION DATA] SYMBOLS USED IN COLUMN 16
AVERAGE MONTHLY: 42.0 TOTAL FOR MONTH: 2.83 1 = FOG OR MIST
DPTR FM NORMAL: 6.3 DPTR FM NORMAL: 0.71 2 = FOG REDUCING VISIBILITY
HIGHEST: 66 ON 27 GRTST 24HR 1.00 ON 8- 9 TO 1/4 MILE OR LESS
LOWEST: 11 ON 3, 1 3 = THUNDER
SNOW, ICE PELLETS, HAIL 4 = ICE PELLETS
TOTAL MONTH: T 5 = HAIL
GRTST 24HR T ON 16-16 6 = FREEZING RAIN OR DRIZZLE
GRTST DEPTH: 0 7 = DUSTSTORM OR SANDSTORM:
VSBY 1/2 MILE OR LESS
8 = SMOKE OR HAZE
[NO. OF DAYS WITH] [WEATHER - DAYS WITH] 9 = BLOWING SNOW
X = TORNADO
MAX 32 OR BELOW: 1 0.01 INCH OR MORE: 6
MAX 90 OR ABOVE: 0 0.10 INCH OR MORE: 5
MIN 32 OR BELOW: 13 0.50 INCH OR MORE: 3
MIN 0 OR BELOW: 0 1.00 INCH OR MORE: 0
[HDD (BASE 65) ]
TOTAL THIS MO. 638 CLEAR (SCALE 0-3) 18
DPTR FM NORMAL -181 PTCLDY (SCALE 4-7) 7
TOTAL FM JUL 1 3271 CLOUDY (SCALE 8-10) 3
DPTR FM NORMAL -434
[CDD (BASE 65) ]
TOTAL THIS MO. 0
DPTR FM NORMAL 0 [PRESSURE DATA]
TOTAL FM JAN 1 0 HIGHEST SLP 30.70 ON 3
DPTR FM NORMAL 0 LOWEST SLP 29.14 ON 27
[REMARKS]
#FINAL-02-23#