000
CXUS53 KLSX 032232
CF6COU
PRELIMINARY LOCAL CLIMATOLOGICAL DATA (WS FORM: F-6)
STATION: COLUMBIA ASOS
MONTH: JUNE
YEAR: 2021
LATITUDE: 38 49 N
LONGITUDE: 92 13 W
TEMPERATURE IN F: :PCPN: SNOW: WIND :SUNSHINE: SKY :PK WND
================================================================================
1 2 3 4 5 6A 6B 7 8 9 10 11 12 13 14 15 16 17 18
12Z AVG MX 2MIN
DY MAX MIN AVG DEP HDD CDD WTR SNW DPTH SPD SPD DIR MIN PSBL S-S WX SPD DR
================================================================================
1 73 59 66 -5 0 1 T 0.0 0 5.6 15 150 M M 8 20 140
2 74 60 67 -4 0 2 0.00 0.0 0 5.4 15 60 M M 10 21 60
3 83 60 72 1 0 7 0.00 0.0 0 5.1 10 270 M M 3 14 260
4 84 59 72 0 0 7 0.00 0.0 0 6.8 14 200 M M 1 19 200
5 86 64 75 3 0 10 0.00 0.0 0 7.8 14 180 M M 2 19 170
6 83 66 75 3 0 10 T 0.0 0 8.6 21 140 M M 4 28 130
7 83 68 76 3 0 11 0.10 0.0 0 7.0 24 190 M M 4 13 36 190
8 84 66 75 2 0 10 0.00 0.0 0 6.3 14 100 M M 3 12 19 90
9 89 67 78 5 0 13 0.00 0.0 0 3.8 12 50 M M 1 1 15 30
10 92 71 82 8 0 17 0.00 0.0 0 3.6 10 30 M M 0 14 80
11 95 70 83 9 0 18 0.00 0.0 0 5.5 23 240 M M 0 30 230
12 93 71 82 8 0 17 0.00 0.0 0 9.5 16 320 M M 2 22 320
13 91 66 79 5 0 14 0.00 0.0 0 7.7 15 20 M M 0 21 50
14 96 65 81 7 0 16 0.00 0.0 0 7.6 16 340 M M 0 22 320
15 92 66 79 4 0 14 0.00 0.0 0 4.0 10 320 M M 0 15 30
16 91 64 78 3 0 13 0.00 0.0 0 4.2 9 170 M M 0 13 50
17 97 70 84 9 0 19 0.00 0.0 0 8.4 16 220 M M 0 21 230
18 97 78 88 13 0 23 0.00 0.0 0 11.6 20 200 M M 0 30 220
19 93 70 82 6 0 17 0.00 0.0 0 12.3 33 60 M M 2 3 45 60
20 91 66 79 3 0 14 1.56 0.0 0 13.1 41 320 M M 2 13 58 320
21 76 60 68 -8 0 3 0.20 0.0 0 12.8 25 330 M M 3 13 34 340
22 82 55 69 -7 0 4 0.00 0.0 0 5.8 15 180 M M 1 23 190
23 85 63 74 -2 0 9 0.00 0.0 0 12.7 18 150 M M 1 27 160
24 82 70 76 -1 0 11 0.07 0.0 0 10.0 22 190 M M 3 13 31 200
25 87 69 78 1 0 13 5.26 0.0 0 9.2 30 330 M M 7 13 44 320
26 83 69 76 -1 0 11 0.83 0.0 0 10.7 20 210 M M 6 1 27 210
27 85 72 79 2 0 14 0.26 0.0 0 5.1 21 220 M M 8 123 28 210
28 86 71 79 2 0 14 1.25 0.0 0 6.9 29 170 M M 7 13 37 170
29 88 71 80 3 0 15 0.27 0.0 0 4.2 18 320 M M 4 123 24 310
30 80 71 76 -2 0 11 1.05 0.0 0 4.6 18 210 M M 6 13 27 200
================================================================================
SM 2601 1997 0 358 10.85 0.0 225.9 M 88
================================================================================
AV 86.7 66.6 7.5 FASTST M M 3 MAX(MPH)
MISC ----> 41 320 58 320
================================================================================
NOTES:
# LAST OF SEVERAL OCCURRENCES
COLUMN 17 PEAK WIND IN M.P.H.
PRELIMINARY LOCAL CLIMATOLOGICAL DATA (WS FORM: F-6) , PAGE 2
STATION: COLUMBIA ASOS
MONTH: JUNE
YEAR: 2021
LATITUDE: 38 49 N
LONGITUDE: 92 13 W
[TEMPERATURE DATA] [PRECIPITATION DATA] SYMBOLS USED IN COLUMN 16
AVERAGE MONTHLY: 76.6 TOTAL FOR MONTH: 10.85 1 = FOG OR MIST
DPTR FM NORMAL: 2.0 DPTR FM NORMAL: 6.62 2 = FOG REDUCING VISIBILITY
HIGHEST: 97 ON 18,17 GRTST 24HR 5.26 ON 25-25 TO 1/4 MILE OR LESS
LOWEST: 55 ON 22 3 = THUNDER
SNOW, ICE PELLETS, HAIL 4 = ICE PELLETS
TOTAL MONTH: 0.0 INCH 5 = HAIL
GRTST 24HR 0.0 6 = FREEZING RAIN OR DRIZZLE
GRTST DEPTH: 0 7 = DUSTSTORM OR SANDSTORM:
VSBY 1/2 MILE OR LESS
8 = SMOKE OR HAZE
[NO. OF DAYS WITH] [WEATHER - DAYS WITH] 9 = BLOWING SNOW
X = TORNADO
MAX 32 OR BELOW: 0 0.01 INCH OR MORE: 10
MAX 90 OR ABOVE: 11 0.10 INCH OR MORE: 9
MIN 32 OR BELOW: 0 0.50 INCH OR MORE: 5
MIN 0 OR BELOW: 0 1.00 INCH OR MORE: 4
[HDD (BASE 65) ]
TOTAL THIS MO. 0 CLEAR (SCALE 0-3) 18
DPTR FM NORMAL -6 PTCLDY (SCALE 4-7) 10
TOTAL FM JUL 1 4654 CLOUDY (SCALE 8-10) 2
DPTR FM NORMAL -25
[CDD (BASE 65) ]
TOTAL THIS MO. 358
DPTR FM NORMAL 64 [PRESSURE DATA]
TOTAL FM JAN 1 484 HIGHEST SLP 30.19 ON 1
DPTR FM NORMAL 44 LOWEST SLP 29.53 ON 20
[REMARKS]
#FINAL-06-21#