000
CXUS55 KRIW 020007
CF6CPR
PRELIMINARY LOCAL CLIMATOLOGICAL DATA (WS FORM: F-6)
STATION: CASPER WY
MONTH: APRIL
YEAR: 2023
LATITUDE: 42 55 N
LONGITUDE: 106 28 W
TEMPERATURE IN F: :PCPN: SNOW: WIND :SUNSHINE: SKY :PK WND
================================================================================
1 2 3 4 5 6A 6B 7 8 9 10 11 12 13 14 15 16 17 18
12Z AVG MX 2MIN
DY MAX MIN AVG DEP HDD CDD WTR SNW DPTH SPD SPD DIR MIN PSBL S-S WX SPD DR
================================================================================
1 50 27 39 -1 26 0 0.00 0.0 0 25.3 44 210 M M 0 60 250
2 46 26 36 -4 29 0 0.02 T 0 17.3 31 250 M M 7 1 42 260
3 26 23 25 -15 40 0 0.90 26.7 2 17.7 32 70 M M 10 12 42 60
4 23 14 19 -21 46 0 0.37 9.3 13 16.5 35 70 M M 8 128 42 70
5 24 3 14 -26 51 0 0.02 1.4 15 11.3 21 210 M M 2 1 25 210
6 32 14 23 -18 42 0 T 0.0 9 19.8 31 220 M M 1 38 220
7 44 20 32 -9 33 0 0.00 0.0 5 14.9 24 220 M M 0 30 210
8 44 28 36 -5 29 0 0.00 0.0 2 12.6 22 230 M M 0 27 240
9 49 32 41 0 24 0 0.00 0.0 T 14.3 22 210 M M 0 27 220
10 61 38 50 9 15 0 0.00 0.0 0 17.3 28 210 M M 0 35 220
11 70 42 56 15 9 0 0.00 0.0 0 22.3 40 210 M M 0 52 210
12 72 39 56 15 9 0 0.00 0.0 0 11.9 36 220 M M 0 45 220
13 68 31 50 8 15 0 0.02 T 0 13.9 38 230 M M 3 1 48 230
14 40 28 34 -8 31 0 0.01 0.2 0 9.9 20 40 M M 10 18 23 40
15 46 24 35 -7 30 0 0.06 1.3 T 8.6 25 280 M M 6 1 35 280
16 59 23 41 -1 24 0 0.00 0.0 0 14.0 25 220 M M 0 32 230
17 67 38 53 11 12 0 0.00 0.0 0 15.2 29 240 M M 0 37 240
18 63 35 49 7 16 0 0.03 T 0 13.7 47 260 M M 2 13 63 240
19 47 27 37 -6 28 0 T T 0 19.4 33 230 M M 3 44 250
20 45 26 36 -7 29 0 T T 0 15.1 36 340 M M 8 45 290
21 42 21 32 -11 33 0 T T 0 9.6 22 40 M M 7 27 20
22 44 22 33 -10 32 0 0.00 0.0 0 6.8 17 310 M M 8 24 20
23 54 15 35 -9 30 0 0.00 0.0 0 5.8 18 220 M M 1 25 220
24 63 28 46 2 19 0 0.00 0.0 0 11.0 24 210 M M 1 31 220
25 48 31 40 -4 25 0 0.06 0.0 0 10.3 21 80 M M 10 1 27 80
26 65 28 47 3 18 0 0.00 0.0 0 8.1 18 210 M M 3 1 24 260
27 61 35 48 3 17 0 T 0.0 0 16.3 54 350 M M 7 70 350
28 59 26 43 -2 22 0 0.00 0.0 0 7.6 17 300 M M 3 23 280
29 70 33 52 7 13 0 0.00 0.0 0 8.4 18 350 M M 3 24 340
30 70 30 50 4 15 0 0.00 0.0 0 6.3 15 80 M M 1 20 100
================================================================================
SM 1552 807 762 0 1.49 38.9 401.2 M 104
================================================================================
AV 51.7 26.9 13.4 FASTST M M 3 MAX(MPH)
MISC ----> 54 350 70 350
================================================================================
NOTES:
# LAST OF SEVERAL OCCURRENCES
COLUMN 17 PEAK WIND IN M.P.H.
PRELIMINARY LOCAL CLIMATOLOGICAL DATA (WS FORM: F-6) , PAGE 2
STATION: CASPER WY
MONTH: APRIL
YEAR: 2023
LATITUDE: 42 55 N
LONGITUDE: 106 28 W
[TEMPERATURE DATA] [PRECIPITATION DATA] SYMBOLS USED IN COLUMN 16
AVERAGE MONTHLY: 39.3 TOTAL FOR MONTH: 1.49 1 = FOG OR MIST
DPTR FM NORMAL: -3.0 DPTR FM NORMAL: 0.08 2 = FOG REDUCING VISIBILITY
HIGHEST: 72 ON 12 GRTST 24HR 0.90 ON 3- 3 TO 1/4 MILE OR LESS
LOWEST: 3 ON 5 3 = THUNDER
SNOW, ICE PELLETS, HAIL 4 = ICE PELLETS
TOTAL MONTH: 39.3 INCHES 5 = HAIL
GRTST 24HR 26.7 ON 3- 3 6 = FREEZING RAIN OR DRIZZLE
GRTST DEPTH: 15 ON 5 7 = DUSTSTORM OR SANDSTORM:
VSBY 1/2 MILE OR LESS
8 = SMOKE OR HAZE
[NO. OF DAYS WITH] [WEATHER - DAYS WITH] 9 = BLOWING SNOW
X = TORNADO
MAX 32 OR BELOW: 4 0.01 INCH OR MORE: 9
MAX 90 OR ABOVE: 0 0.10 INCH OR MORE: 2
MIN 32 OR BELOW: 23 0.50 INCH OR MORE: 1
MIN 0 OR BELOW: 0 1.00 INCH OR MORE: 0
[HDD (BASE 65) ]
TOTAL THIS MO. 762 CLEAR (SCALE 0-3) 20
DPTR FM NORMAL 80 PTCLDY (SCALE 4-7) 7
TOTAL FM JUL 1 7643 CLOUDY (SCALE 8-10) 3
DPTR FM NORMAL 690
[CDD (BASE 65) ]
TOTAL THIS MO. 0
DPTR FM NORMAL 0 [PRESSURE DATA]
TOTAL FM JAN 1 0 HIGHEST SLP 30.35 ON 6
DPTR FM NORMAL 0 LOWEST SLP 29.31 ON 13
[REMARKS]
#FINAL-04-23#