000
CXUS55 KRIW 011110
CF6CPR
PRELIMINARY LOCAL CLIMATOLOGICAL DATA (WS FORM: F-6)
STATION: CASPER WY
MONTH: DECEMBER
YEAR: 2021
LATITUDE: 42 55 N
LONGITUDE: 106 28 W
TEMPERATURE IN F: :PCPN: SNOW: WIND :SUNSHINE: SKY :PK WND
================================================================================
1 2 3 4 5 6A 6B 7 8 9 10 11 12 13 14 15 16 17 18
12Z AVG MX 2MIN
DY MAX MIN AVG DEP HDD CDD WTR SNW DPTH SPD SPD DIR MIN PSBL S-S WX SPD DR
================================================================================
1 63 41 52 24 13 0 0.00 0.0 0 22.7 32 220 M M 0 43 220
2 66 34 50 23 15 0 0.00 0.0 0 17.9 35 190 M M 0 45 210
3 58 20 39 12 26 0 0.00 0.0 0 7.5 20 210 M M 0 1 24 200
4 58 25 42 15 23 0 0.00 0.0 0 19.7 40 220 M M 1 12 53 220
5 46 15 31 5 34 0 0.02 0.4 0 14.3 31 30 M M 6 8 40 30
6 39 1 20 -6 45 0 0.00 0.0 T 12.3 32 220 M M 4 45 220
7 47 17 32 6 33 0 0.00 0.0 0 10.2 25 240 M M 3 33 250
8 49 33 41 15 24 0 0.00 0.0 0 26.9 46 230 M M 0 63 230
9 38 18 28 3 37 0 0.23 1.4 0 8.7 16 10 M M 7 18 23 240
10 24 6 15 -10 50 0 0.10 1.6 2 10.5 22 220 M M 7 18 27 220
11 30 10 20 -5 45 0 0.00 0.0 T 28.8 49 220 M M 0 8 64 230
12 39 27 33 8 32 0 0.00 0.0 0 28.8 47 210 M M 0 62 220
13 47 35 41 17 24 0 0.00 0.0 0 26.9 45 210 M M 0 58 200
14 53 36 45 21 20 0 0.00 0.0 0 25.5 47 210 M M 0 66 210
15 50 17 34 10 31 0 0.16 3.6 0 13.0 36 10 M M 6 12 47 210
16 32 13 23 -1 42 0 0.00 0.0 3 17.0 35 230 M M 1 45 230
17 29 -9 10 -14 55 0 0.03 0.8 T 10.6 24 20 M M 3 18 33 250
18 31 5 18 -6 47 0 0.00 0.0 T 22.6 39 210 M M 0 51 210
19 40 28 34 10 31 0 0.00 0.0 T 23.8 36 220 M M 0 46 220
20 47 17 32 8 33 0 0.00 0.0 T 17.1 33 220 M M 3 1 43 220
21 50 30 40 16 25 0 0.00 0.0 0 20.0 35 220 M M 0 44 210
22 49 26 38 14 27 0 0.00 0.0 0 21.1 35 210 M M 0 43 210
23 49 31 40 16 25 0 T 0.0 0 26.6 43 210 M M 1 56 220
24 45 32 39 15 26 0 T T 0 20.4 36 220 M M 3 1 46 210
25 40 25 33 9 32 0 0.00 0.0 0 17.0 37 250 M M 2 49 240
26 43 18 31 7 34 0 T 0.0 0 22.2 40 260 M M 1 54 230
27 35 7 21 -3 44 0 0.02 0.3 0 22.2 43 210 M M 1 1 56 210
28 21 -9 6 -18 59 0 0.03 0.9 1 14.0 30 240 M M 4 18 39 240
29 24 9 17 -7 48 0 0.00 0.0 T 18.1 33 230 M M 3 44 240
30 35 16 26 2 39 0 T T 0 27.4 46 240 M M 4 61 230
31 16 -1 8 -16 57 0 0.04 0.6 T 8.7 21 340 M M 10 18 27 340
================================================================================
SM 1293 573 1076 0 0.63 9.6 582.5 M 70
================================================================================
AV 41.7 18.5 18.8 FASTST M M 2 MAX(MPH)
MISC ----> 49 220 66 210
================================================================================
NOTES:
# LAST OF SEVERAL OCCURRENCES
COLUMN 17 PEAK WIND IN M.P.H.
PRELIMINARY LOCAL CLIMATOLOGICAL DATA (WS FORM: F-6) , PAGE 2
STATION: CASPER WY
MONTH: DECEMBER
YEAR: 2021
LATITUDE: 42 55 N
LONGITUDE: 106 28 W
[TEMPERATURE DATA] [PRECIPITATION DATA] SYMBOLS USED IN COLUMN 16
AVERAGE MONTHLY: 30.1 TOTAL FOR MONTH: 0.63 1 = FOG OR MIST
DPTR FM NORMAL: 5.3 DPTR FM NORMAL: 0.02 2 = FOG REDUCING VISIBILITY
HIGHEST: 66 ON 2 GRTST 24HR 0.33 ON 9-10 TO 1/4 MILE OR LESS
LOWEST: -9 ON 28,17 3 = THUNDER
SNOW, ICE PELLETS, HAIL 4 = ICE PELLETS
TOTAL MONTH: 9.6 INCHES 5 = HAIL
GRTST 24HR 3.6 ON 15-15 6 = FREEZING RAIN OR DRIZZLE
GRTST DEPTH: 3 ON 16 7 = DUSTSTORM OR SANDSTORM:
VSBY 1/2 MILE OR LESS
8 = SMOKE OR HAZE
[NO. OF DAYS WITH] [WEATHER - DAYS WITH] 9 = BLOWING SNOW
X = TORNADO
MAX 32 OR BELOW: 8 0.01 INCH OR MORE: 8
MAX 90 OR ABOVE: 0 0.10 INCH OR MORE: 3
MIN 32 OR BELOW: 26 0.50 INCH OR MORE: 0
MIN 0 OR BELOW: 3 1.00 INCH OR MORE: 0
[HDD (BASE 65) ]
TOTAL THIS MO. 1076 CLEAR (SCALE 0-3) 21
DPTR FM NORMAL -172 PTCLDY (SCALE 4-7) 9
TOTAL FM JUL 1 2499 CLOUDY (SCALE 8-10) 1
DPTR FM NORMAL -549
[CDD (BASE 65) ]
TOTAL THIS MO. 0
DPTR FM NORMAL 0 [PRESSURE DATA]
TOTAL FM JAN 1 554 HIGHEST SLP 30.47 ON 17
DPTR FM NORMAL 111 LOWEST SLP 29.11 ON 15
[REMARKS]
#FINAL-12-21#